-- Table structure for table `cities`
--

CREATE TABLE `cities` (
  `city_id` varchar(6) NOT NULL,
  `state_id` int DEFAULT NULL,
  `name` varchar(100) DEFAULT NULL,
  PRIMARY KEY (`city_id`) USING BTREE,
  KEY `state_id` (`state_id`) USING BTREE,
  CONSTRAINT `city_ibfk_1` FOREIGN KEY (`state_id`) REFERENCES `states` (`state_id`)
) ENGINE=InnoDB DEFAULT CHARSET=utf8mb3;

--
-- Dumping data for table `cities`
--

INSERT INTO `cities` VALUES ('001122',25,'Cundi'),('05615',5,'RIONEGRO'),('1000',8,'testing222'),('10012',8,'Barranquilla'),('101001',101,'HIGÜEY'),('101002',101,'SAN RAFAEL DEL YUMA'),('101003',101,'PUNTA CANA'),('101004',101,'BAYAHÍBE'),('101005',101,'BOCA DE YUMA'),('101006',101,'LAGUNAS DE NISIBÓN'),('101010',104,'Ciudad Vega 2'),('10154',76,'DARIEN'),('102001',102,'LOS ALCARRIZOS'),('102002',102,'BOCA CHICA'),('102003',102,'PEDRO BRAND'),('102004',102,'SAN LUIS'),('102005',102,'SAN ANTONIO DE GUERRA'),('102006',102,'SANTO DOMINGO ESTE'),('102007',102,'SANTO DOMINGO NORTE'),('102008',102,'SANTO DOMINGO OESTE'),('1029',103,'Vibra'),('103001',103,'LA ROMANA'),('103002',103,'GUAYMATE'),('103003',103,'VILLA HERMOSA'),('103004',103,'CALETA'),('104001',104,'LA VEGA'),('104002',104,'CONSTANZA'),('104003',104,'JARABACOA'),('104004',104,'JIMA ABAJO'),('10990',103,'Rivera'),('11001',11,'BOGOTÁ D.C.'),('111222',104,'La vega 2'),('112211',11,'N/A'),('112233',23,'Cordoba Nueva'),('121211',11,'N / A'),('12345',63,'FILANDIA'),('1690',41,'Pitalito'),('54321',25,'MOSQUERA'),('63001',63,'ARMENIA'),('631001',63,'Circasia'),('633020',63,'LA TEBAIDA'),('76001',76,'CALI'),('76122',76,'CAICEDONIA'),('76147',76,'CARTAGO'),('76275',76,'FLORIDA'),('763041',76,'BUGA'),('76318',76,'GUACARÍ'),('7635',76,'PALMIRA'),('76736',76,'SEVILLA'),('76834',76,'TULUÁ'),('76895',76,'ZARZAL'),('8609',76,'CALI (CT)'),('8628',76,'ALCALA'),('8634',76,'ANDALUCIA'),('8645',76,'ANSERMANUEVO'),('8665',76,'ARGELIA'),('8674',76,'BOLIVAR'),('8692',76,'BUENAVENTURA'),('8763',76,'BUGALAGRANDE'),('8764',76,'CEILAN'),('8765',15,'Tunja'),('8789',76,'CALIMA (DARIEN)'),('8807',76,'CANDELARIA'),('8832',76,'DAGUA'),('8834',76,'BORRERO AYERBE'),('8841',76,'EL PALMAR'),('8865',76,'EL AGUILA'),('8885',76,'EL CAIRO'),('8898',76,'EL CERRITO'),('8906',76,'SANTA ELENA'),('8914',76,'EL DOVIO'),('8957',76,'GINEBRA'),('8976',76,'JAMUNDI'),('8993',76,'LA CUMBRE'),('8994',76,'BITACO'),('9001',76,'LA UNION'),('9009',76,'LA VICTORIA'),('9018',76,'OBANDO'),('9058',76,'TIENDA NUEVA'),('9068',76,'PRADERA'),('9091',76,'RESTREPO'),('9105',76,'RIOFRIO'),('9107',76,'FENICIA'),('9115',76,'ROLDANILLO'),('9141',76,'SAN PEDRO'),('9183',76,'TORO'),('9195',76,'TRUJILLO'),('9241',76,'ULLOA'),('9248',76,'VERSALLES'),('9264',76,'VIJES'),('9272',76,'YOTOCO'),('9285',76,'YUMBO'),('9800',76,'EL GUAMAL'),('999999',8,'TETS');

--
-- Table structure for table `client_auth_items`
--

CREATE TABLE `client_auth_items` (
  `client_item_id` int NOT NULL AUTO_INCREMENT,
  `client_id` int DEFAULT NULL,
  `item_name` varchar(64) CHARACTER SET utf8mb3 COLLATE utf8mb3_unicode_ci NOT NULL,
  `user_id` int DEFAULT NULL,
  `created` datetime DEFAULT NULL,
  `date` datetime DEFAULT NULL,
  PRIMARY KEY (`client_item_id`) USING BTREE,
  KEY `client_item_ibfk_1_idx` (`client_id`) USING BTREE,
  KEY `client_item_ibfk_2_idx` (`user_id`) USING BTREE,
  KEY `client_item_ibfk_3_idx` (`item_name`) USING BTREE,
  CONSTRAINT `client_item_ibfk_1_idx` FOREIGN KEY (`client_id`) REFERENCES `clients` (`client_id`),
  CONSTRAINT `client_item_ibfk_3_idx` FOREIGN KEY (`item_name`) REFERENCES `auth_items` (`name`) ON DELETE CASCADE ON UPDATE CASCADE
) ENGINE=InnoDB AUTO_INCREMENT=130 DEFAULT CHARSET=utf8mb3 COLLATE=utf8mb3_unicode_ci;

--
-- Dumping data for table `client_auth_items`
--

INSERT INTO `client_auth_items` VALUES (13,6,'video',30,'2021-05-14 15:07:46','2021-05-14 15:07:46'),(14,7,'video',31,'2021-05-14 15:17:16','2021-05-14 15:17:16'),(27,11,'video',45,'2021-08-26 06:36:14','2021-08-26 06:36:14'),(34,12,'visual',46,'2021-09-03 08:57:44','2021-09-03 08:57:44'),(35,12,'video',46,'2021-09-03 08:57:44','2021-09-03 08:57:44'),(41,8,'video',33,'2021-12-03 07:45:05','2021-12-03 07:45:05'),(44,9,'video',32,'2022-02-01 12:00:42','2022-02-01 12:00:42'),(45,4,'video',25,'2022-02-01 12:01:01','2022-02-01 12:01:01'),(47,15,'video',61,'2022-02-01 16:08:52','2022-02-01 16:08:52'),(48,16,'video',65,'2022-02-05 10:36:10','2022-02-05 10:36:10'),(60,19,'video',73,'2022-05-13 15:13:33','2022-05-13 15:13:33'),(61,20,'video',74,'2022-05-18 10:54:14','2022-05-18 10:54:14'),(63,10,'video',34,'2022-05-25 16:05:24','2022-05-25 16:05:24'),(64,21,'video',75,'2022-06-08 08:54:59','2022-06-08 08:54:59'),(66,22,'video',81,'2022-06-13 23:25:34','2022-06-13 23:25:34'),(68,23,'video',24,'2022-06-14 09:10:42','2022-06-14 09:10:42'),(69,24,'video',24,'2022-06-14 09:18:50','2022-06-14 09:18:50'),(70,25,'video',83,'2022-06-14 09:22:57','2022-06-14 09:22:57'),(71,26,'video',24,'2022-06-14 10:06:01','2022-06-14 10:06:01'),(72,27,'video',24,'2022-06-14 10:11:55','2022-06-14 10:11:55'),(74,28,'video',85,'2022-06-14 10:13:57','2022-06-14 10:13:57'),(75,29,'video',87,'2022-06-17 08:52:01','2022-06-17 08:52:01'),(76,14,'video',60,'2022-07-01 12:48:45','2022-07-01 12:48:45'),(77,1,'visual',52,'2022-07-01 12:49:22','2022-07-01 12:49:22'),(78,1,'video',52,'2022-07-01 12:49:22','2022-07-01 12:49:22'),(81,18,'visual',72,'2022-07-01 12:50:10','2022-07-01 12:50:10'),(82,18,'video',72,'2022-07-01 12:50:10','2022-07-01 12:50:10'),(83,31,'visual',95,'2022-08-05 10:57:09','2022-08-05 10:57:09'),(84,31,'video',95,'2022-08-05 10:57:09','2022-08-05 10:57:09'),(85,32,'visual',6,'2022-08-08 12:09:43','2022-08-08 12:09:43'),(86,32,'video',6,'2022-08-08 12:09:43','2022-08-08 12:09:43'),(87,33,'visual',96,'2022-08-08 12:28:02','2022-08-08 12:28:02'),(88,33,'video',96,'2022-08-08 12:28:02','2022-08-08 12:28:02'),(89,34,'visual',6,'2022-08-25 10:51:45','2022-08-25 10:51:45'),(90,34,'video',6,'2022-08-25 10:51:45','2022-08-25 10:51:45'),(91,35,'visual',98,'2022-08-25 10:53:23','2022-08-25 10:53:23'),(92,35,'video',98,'2022-08-25 10:53:23','2022-08-25 10:53:23'),(93,36,'video',111,'2022-11-10 14:33:36','2022-11-10 14:33:36'),(94,37,'visual',116,'2022-12-16 11:47:33','2022-12-16 11:47:33'),(95,37,'video',116,'2022-12-16 11:47:33','2022-12-16 11:47:33'),(96,13,'visual',NULL,NULL,NULL),(97,13,'video',NULL,NULL,NULL),(98,38,'setup',NULL,NULL,NULL),(99,38,'video',NULL,NULL,NULL),(100,39,'setup',NULL,NULL,NULL),(101,39,'video',NULL,NULL,NULL),(110,41,'setup',NULL,NULL,NULL),(111,41,'video',NULL,NULL,NULL),(112,41,'visual',NULL,NULL,NULL),(113,40,'setup',NULL,NULL,NULL),(114,40,'video',NULL,NULL,NULL),(115,42,'setup',NULL,NULL,NULL),(116,42,'video',NULL,NULL,NULL),(117,42,'visual',NULL,NULL,NULL),(118,42,'plate',NULL,NULL,NULL),(119,43,'setup',NULL,NULL,NULL),(120,44,'video',NULL,NULL,NULL),(121,44,'setup',NULL,NULL,NULL),(124,45,'setup',NULL,NULL,NULL),(125,45,'video',NULL,NULL,NULL),(126,46,'setup',NULL,NULL,NULL),(127,46,'video',NULL,NULL,NULL),(128,47,'setup',NULL,NULL,NULL),(129,47,'video',NULL,NULL,NULL);

--
-- Table structure for table `clients`
--

CREATE TABLE `clients` (
  `client_id` int NOT NULL AUTO_INCREMENT COMMENT 'ID',
  `integrator_id` int NOT NULL COMMENT 'Integrador',
  `name` varchar(100) NOT NULL COMMENT 'Nombre',
  `address` varchar(100) DEFAULT NULL COMMENT 'Dirección',
  `contact_name` varchar(150) DEFAULT NULL COMMENT 'Responsable',
  `phone` varchar(20) DEFAULT NULL COMMENT 'Teléfono',
  `phone2` varchar(20) DEFAULT NULL COMMENT 'Celular',
  `user_id` int DEFAULT NULL COMMENT 'Usuario',
  `modified_user_id` int DEFAULT NULL,
  `active` int NOT NULL DEFAULT '1' COMMENT 'Activo',
  `date` datetime DEFAULT NULL COMMENT 'Fecha',
  `created` datetime DEFAULT NULL,
  PRIMARY KEY (`client_id`) USING BTREE,
  KEY `integrator_id` (`integrator_id`) USING BTREE,
  KEY `user_id` (`user_id`) USING BTREE,
  CONSTRAINT `client_ibfk_1` FOREIGN KEY (`integrator_id`) REFERENCES `integrators` (`integrator_id`)
) ENGINE=InnoDB AUTO_INCREMENT=48 DEFAULT CHARSET=utf8mb3;

--
-- Dumping data for table `clients`
--

INSERT INTO `clients` VALUES (1,1,'Alarmas Comunitarias','Carrera 22 81-95','Jorge Arroyave','3187034855','',52,6,1,'2022-07-01 12:49:22',NULL),(2,2,'Cliente XYZ','','','','',10,NULL,1,'2020-11-03 11:35:55',NULL),(3,1,'Cliente Prueba','123','123','1234567890','1234567890',6,6,0,'2020-11-20 13:41:31','2020-11-20 13:40:01'),(4,4,'Fendipetroleo','CL 17 # 18 96','Miguel Mendez','','318 243276',25,24,0,'2022-08-08 12:22:41','2021-01-25 14:00:37'),(5,1,'Cliente prueba 1','Carrera 32 20-21','Jorge Arroyave','9103369144','1234567890',26,6,0,'2021-02-09 09:17:21','2021-02-08 09:46:58'),(6,4,'Jorge Iván Arroyave','','','','',30,24,0,'2021-08-30 10:19:04','2021-05-14 15:07:43'),(7,4,'SBQ','','','','',31,24,0,'2021-05-14 15:18:01','2021-05-14 15:17:14'),(8,4,'Super Broaster Americano','Cra 71D# 3- 23sur','Felipe Henao ','2601034','3155087165',33,24,0,'2022-06-14 09:16:38','2021-05-14 15:17:18'),(9,4,'AVICOLA MILU','Cl. 16d #78 G–95','Miguel Mendez','4244068','',32,24,0,'2022-08-08 12:21:04','2021-05-19 11:28:05'),(10,4,'Comercializadora Moracas','calle 94 b # 56 - 25','Miguel Mendez','3167598324','3167598324',34,56,0,'2022-05-25 16:05:24','2021-05-25 16:20:17'),(11,1,'Granada','Barrio Granada ','Manuel Pineda','','3043882035',45,6,0,'2021-11-02 06:08:58','2021-08-26 06:34:09'),(12,1,'Felipe Henao ','Calle 38bsur # 2M-14','Felipe Henao ','3505216747','3505216747',46,6,0,'2021-09-03 09:04:32','2021-09-03 08:55:57'),(13,1,'UTCGES - VALLE DEL CAUCA',NULL,'Felipe Mosquera',NULL,NULL,49,6,1,'2022-03-08 17:46:58','2021-10-16 06:20:14'),(14,1,'Demo Republica Dominicana','Juan Ponce de León  J P de León 11','Idalberto MIlander','8099892154','',60,6,1,'2022-07-01 12:48:45','2021-11-16 09:23:05'),(15,1,'Constructora Bolivar','CHIA','Felipe Henao ','3505216747','',61,6,0,'2022-02-01 16:08:52','2022-02-01 16:01:02'),(16,4,'EDS TERPEL LA 17','Barranquilla','Kelly Rolon','3182432796','3182432796',65,24,0,'2022-08-08 12:14:24','2022-02-05 10:36:08'),(17,1,'Greco','','','','',71,6,0,'2022-07-01 12:35:10','2022-04-19 15:36:22'),(18,1,'Oficina Viotec SAS','Carrera 22 81-95','Jorge Ivan Arroyave','3155087165','3155087167',72,6,0,'2022-08-08 12:09:13','2022-05-13 10:15:10'),(19,4,'CANDELARIA','','Alejandro Muñoz','','',73,24,0,'2022-05-18 10:52:57','2022-05-13 15:13:31'),(20,4,'DEMO Candelaria','Valle Del cauca','Alejandro Muñoz','','',74,24,0,'2022-05-18 10:54:14','2022-05-18 10:54:11'),(21,1,'TOSTAO','Trv. 94 No. 80A - 58','Felipe Henao','3155087165','3155087165',75,6,0,'2022-07-01 12:35:28','2022-05-19 15:44:11'),(22,4,'ATLAS',' Calle 20B # 44 – 52','Juan Sebastian Quiñones','3157006815','3157006815',81,24,0,'2022-06-14 10:05:33','2022-06-13 23:16:03'),(23,4,'DEMO_ATLAS','carrera 32 #14-31','Jorge Ivan Arroyave',' 318 7034855',' 318 7034855',24,24,0,'2022-06-14 09:18:28','2022-06-14 08:14:03'),(24,4,'DEMO_ATLAS','Crr 22#81-95','Jorge Ivan Arroyave','3155087165','3155087167',24,24,0,'2022-06-14 09:19:50','2022-06-14 09:18:47'),(25,4,'ALTAS DEMO','Crr 22#81-95','Jorge Ivan Arroyave','3155087165','3155087167',83,24,0,'2022-06-14 09:22:57','2022-06-14 09:22:55'),(26,4,'ATLAS',' Calle 20B # 44 – 52','Juan Sebastian Quiñones','3157006815','3157006815',24,24,0,'2022-06-14 10:11:13','2022-06-14 10:05:58'),(27,4,'DEMO.ATLAS',' Calle 20B # 44 – 52','Juan Sebastian Quiñones','3157006815','3157006815',24,24,0,'2022-06-14 10:12:12','2022-06-14 10:11:53'),(28,4,'Atlas.demo','Bogotá','Juan Sebastian Quiñones','3155087165','3157006815',85,24,1,'2022-06-14 10:13:57','2022-06-14 10:12:52'),(29,4,'JUAN SEBASTIAN QUIÑONES','CARRERA 19 # 84 - 17','JUAN SEBASTIAN QUIÑONES','','3157006815',87,56,1,'2022-06-17 08:52:01','2022-06-17 08:51:58'),(30,1,'Inactivas',NULL,NULL,NULL,NULL,5,6,0,'2022-07-16 14:15:08',NULL),(31,4,'OFICINA VIOTEC','Crr 22#81-95','Juan Sebastian Quiñones','315 7006815','315 7006815',95,24,0,'2022-08-05 11:33:19','2022-08-05 10:57:06'),(32,1,'OFICINA VIOTEC','Crr 22#81-95','Jorge Ivan Arroyave',' 318 7034855',' 318 7034855',6,6,0,'2022-08-08 12:13:33','2022-08-08 12:09:40'),(33,1,'Oficina-Vio','Crr 22#81-95','Felipe Henao','','3155087167',96,6,0,'2022-08-25 11:02:48','2022-08-08 12:27:59'),(34,1,'OFICINA VIOTEC','Crr 22#81-95','Jorge Ivan Arroyave',' 318 7034855',' 318 7034855',6,6,0,'2022-08-25 10:52:35','2022-08-25 10:51:43'),(35,1,'VIOTEC - Oficina','Crr 22#81-95','Jorge Ivan Arroyave',' 318 7034855',' 3187034855',98,6,1,'2022-08-25 10:53:23','2022-08-25 10:53:20'),(36,1,'Clilente Prueba','Carrera 15 91-30','Cleitne Prueba','3187034855','3187034855',111,6,0,'2022-11-25 08:21:33','2022-11-10 14:33:34'),(37,1,'cliente_prueba','Bogotá','Rodolfo Torres','24243242','45645456',116,6,0,'2022-12-16 11:47:33','2022-12-16 11:47:11'),(38,5,'Cliente Nuevo Viotec','cra 78 #12-007','Jorge Arroyave','3157006815','3504552900',NULL,NULL,1,NULL,NULL),(39,5,'Cliente Nuevo Viotec','Carrera 32 20-21','Jorge Arroyave','3504552900','3504552900',NULL,NULL,1,NULL,NULL),(40,1,'Municipio Chaparral','Plaza Principal','Patricia Triana','3208404328','3208404328',NULL,NULL,1,NULL,NULL),(41,8,'Seguridad Alfa','Calle 20 carrera 12','Harold Alvarez',NULL,NULL,NULL,NULL,0,NULL,NULL),(42,1,'Demos Seguridad Colaborativa','Carrera 22 81-95','John Cuervo','3154000017',NULL,NULL,NULL,0,NULL,NULL),(43,1,'Cliente 10/05','Carrera 32 20-21','Jorge Arroyave','3187034851','3219781021',129,NULL,1,NULL,NULL),(44,1,'Casa Villa Luz',NULL,'Geovanny Rodriguez',NULL,NULL,NULL,NULL,1,NULL,NULL),(45,1,'Demos Seguridad Colaborativa Barranquilla','Carrera 22 81-95','Jorge Arroyave','3152264693','3152264693',132,NULL,1,NULL,NULL),(46,1,'Demo Seguridad Tebaida','Vereda Portachuelo','Jorge Hernán Rodríguez',NULL,'311 2049568',NULL,NULL,0,NULL,NULL),(47,1,'Demo Portachuelo','Vereda Portachuelo','Jorge Hernán Rodríguez',NULL,'311 2049568',141,NULL,1,NULL,NULL);

--
-- Table structure for table `districts`
--

CREATE TABLE `districts` (
  `district_id` int NOT NULL AUTO_INCREMENT,
  `city_id` varchar(6) DEFAULT NULL,
  `id` int DEFAULT NULL,
  `name` varchar(100) DEFAULT NULL,
  PRIMARY KEY (`district_id`) USING BTREE,
  KEY `city_id` (`city_id`) USING BTREE,
  CONSTRAINT `district_ibfk_1` FOREIGN KEY (`city_id`) REFERENCES `cities` (`city_id`)
) ENGINE=InnoDB AUTO_INCREMENT=301 DEFAULT CHARSET=utf8mb3;

--
-- Dumping data for table `districts`
--

INSERT INTO `districts` VALUES (1,'11001',1,'USAQUÉN'),(2,'11001',2,'CHAPINERO'),(3,'11001',3,'SANTA FE'),(4,'11001',4,'SAN CRISTÓBAL'),(5,'11001',5,'USME'),(6,'11001',6,'TUNJUELITO'),(7,'11001',7,'BOSA'),(8,'11001',8,'KENNEDY'),(9,'11001',9,'FONTIBÓN'),(10,'11001',10,'ENGATIVÁ'),(11,'11001',11,'SUBA'),(12,'11001',12,'BARRIOS UNIDOS'),(13,'11001',13,'TEUSAQUILLO'),(14,'11001',14,'LOS MÁRTIRES'),(15,'11001',15,'ANTONIO NARIÑO'),(16,'11001',16,'PUENTE ARANDA'),(17,'11001',17,'LA CANDELARIA'),(18,'11001',18,'RAFAEL URIBE URIBE'),(19,'11001',19,'CIUDAD BOLÍVAR'),(20,'11001',20,'SUMAPAZ'),(37,'76001',1,'COMUNA 1'),(38,'76001',2,'COMUNA 2'),(39,'76001',3,'COMUNA 3'),(40,'76001',4,'COMUNA 4'),(41,'76001',5,'COMUNA 5'),(42,'76001',6,'COMUNA 6'),(43,'76001',7,'COMUNA 7'),(44,'76001',8,'COMUNA 8'),(45,'76001',9,'COMUNA 9'),(46,'76001',10,'COMUNA 10'),(47,'76001',11,'COMUNA 11'),(48,'76001',12,'COMUNA 12'),(49,'76001',13,'COMUNA 13'),(50,'76001',14,'COMUNA 14'),(51,'76001',15,'COMUNA 15'),(52,'76001',16,'COMUNA 16'),(53,'76001',17,'COMUNA 17'),(54,'76001',18,'COMUNA 18'),(55,'76001',19,'COMUNA 19'),(56,'76001',20,'COMUNA 20'),(57,'76001',21,'COMUNA 21'),(58,'76001',22,'COMUNA 22'),(59,'7635',763532,'COMUNA 7'),(80,'10154',1,'COMUNA 1'),(82,'8994',27,'COMUNA 27'),(83,'8906',1,'COMUNA 1'),(84,'8834',1,'COMUNA 1'),(85,'8841',1,'COMUNA 1'),(86,'9107',2,'COMUNA 2'),(87,'9105',1,'COMUNA 1'),(88,'9105',3,'COMUNA 3'),(89,'9115',1,'COMUNA 1'),(90,'9115',2,'COMUNA 2'),(167,'8692',16,'COMUNA 16'),(168,'8692',1,'COMUNA 1'),(169,'8692',15,'COMUNA 15'),(170,'8674',1,'COMUNA 1'),(171,'8674',2,'COMUNA 2'),(172,'8674',4,'COMUNA 4'),(173,'8674',3,'COMUNA 3'),(174,'8692',18,'COMUNA 18'),(175,'8692',8,'COMUNA 8'),(176,'8692',17,'COMUNA 17'),(177,'8692',19,'COMUNA 19'),(178,'8692',6,'COMUNA 6'),(179,'8692',2,'COMUNA 2'),(180,'8692',9,'COMUNA 9'),(181,'8692',13,'COMUNA 13'),(182,'8692',14,'COMUNA 14'),(183,'8692',4,'COMUNA 4'),(184,'8692',12,'COMUNA 12'),(185,'8763',1,'COMUNA 1'),(186,'8763',3,'COMUNA 3'),(187,'8763',2,'COMUNA 2'),(188,'8789',2,'COMUNA 2'),(189,'8789',1,'COMUNA 1'),(190,'8807',1,'COMUNA 1'),(191,'8807',23,'COMUNA 23'),(192,'8832',1,'COMUNA 1'),(193,'8832',2,'COMUNA 2'),(194,'8865',1,'COMUNA 1'),(195,'8865',3,'COMUNA 3'),(196,'8865',2,'COMUNA 2'),(197,'8885',1,'COMUNA 1'),(198,'8885',2,'COMUNA 2'),(199,'8898',1,'COMUNA 1'),(200,'8898',4,'COMUNA 4'),(201,'8898',3,'COMUNA 3'),(202,'8898',2,'COMUNA 2'),(203,'8914',1,'COMUNA 1'),(204,'8957',1,'COMUNA 1'),(205,'8957',3,'COMUNA 3'),(206,'8957',2,'COMUNA 2'),(207,'8976',1,'COMUNA 1'),(208,'8976',24,'COMUNA 24'),(209,'8993',1,'COMUNA 1'),(210,'8993',27,'COMUNA 27'),(211,'9001',1,'COMUNA 1'),(212,'9001',2,'COMUNA 2'),(213,'9009',1,'COMUNA 1'),(214,'9009',2,'COMUNA 2'),(215,'9018',3,'COMUNA 3'),(216,'9018',1,'COMUNA 1'),(217,'9068',1,'COMUNA 1'),(218,'9091',2,'COMUNA 2'),(219,'9091',1,'COMUNA 1'),(220,'9183',1,'COMUNA 1'),(221,'9183',3,'COMUNA 3'),(222,'9183',2,'COMUNA 2'),(223,'9195',1,'COMUNA 1'),(224,'9241',1,'COMUNA 1'),(225,'9248',1,'COMUNA 1'),(226,'9248',2,'COMUNA 2'),(227,'9264',1,'COMUNA 1'),(228,'9264',26,'COMUNA 26'),(229,'9272',1,'COMUNA 1'),(230,'9285',1,'COMUNA 1'),(231,'9285',25,'COMUNA 25'),(232,'8609',2,'COMUNA 2'),(233,'8609',13,'COMUNA 13'),(234,'8609',25,'COMUNA 25'),(235,'8609',1,'COMUNA 1'),(236,'8609',5,'COMUNA 5'),(237,'8609',19,'COMUNA 19'),(238,'8609',17,'COMUNA 17'),(239,'8609',7,'COMUNA 7'),(240,'8609',14,'COMUNA 14'),(241,'8609',22,'COMUNA 22'),(242,'8609',26,'COMUNA 26'),(243,'8609',6,'COMUNA 6'),(244,'8609',15,'COMUNA 15'),(245,'8609',8,'COMUNA 8'),(246,'8609',21,'COMUNA 21'),(247,'8609',20,'COMUNA 20'),(248,'8609',18,'COMUNA 18'),(249,'8609',23,'COMUNA 23'),(250,'8609',24,'COMUNA 24'),(251,'8609',4,'COMUNA 4'),(252,'8609',12,'COMUNA 12'),(253,'8609',11,'COMUNA 11'),(254,'8609',16,'COMUNA 16'),(255,'8609',10,'COMUNA 10'),(256,'8609',3,'COMUNA 3'),(257,'8609',9,'COMUNA 9'),(258,'8628',1,'COMUNA 1'),(259,'8634',1,'COMUNA 1'),(260,'8634',2,'COMUNA 2'),(261,'8645',3,'COMUNA 3'),(262,'8645',2,'COMUNA 2'),(263,'8645',1,'COMUNA 1'),(264,'9800',1,'COMUNA 1'),(265,'9058',1,'COMUNA 1'),(266,'8764',1,'COMUNA 1'),(267,'7635',763501,'COMUNA 1'),(268,'7635',763502,'COMUNA 2'),(269,'7635',763503,'COMUNA 3'),(270,'7635',763504,'COMUNA 4'),(271,'7635',763505,'COMUNA 5'),(272,'7635',763506,'COMUNA 6'),(273,'763041',76304101,'COMUNA 1'),(274,'763041',76304102,'COMUNA 2'),(275,'763041',76304103,'COMUNA 3'),(276,'763041',76304104,'COMUNA 4'),(277,'76122',7612201,'COMUNA 1'),(278,'76122',7612202,'COMUNA 2'),(279,'76122',7612202,'COMUNA 2'),(280,'76122',7612203,'COMUNA 3'),(281,'76147',7614701,'COMUNA 1'),(282,'76147',7614702,'COMUNA 2'),(283,'76147',7614703,'COMUNA 3'),(284,'76275',7627501,'COMUNA 1'),(285,'76275',7627502,'COMUNA 2'),(286,'76318',7631801,'COMUNA 1'),(287,'76318',7631802,'COMUNA 2'),(288,'76736',7673601,'COMUNA 1'),(289,'76736',7673602,'COMUNA 2'),(290,'76834',7683401,'COMUNA 1'),(291,'76834',7683402,'COMUNA 2'),(292,'76834',7683403,'COMUNA 3'),(293,'76834',7683404,'COMUNA 4'),(294,'76834',7683405,'COMUNA 5'),(295,'76895',7689501,'COMUNA 1'),(296,'76895',7689502,'COMUNA 2'),(297,'101010',1,'Comuna 2'),(298,'63001',1,'Centenario'),(299,'63001',2,'Rufino José Cuervo'),(300,'63001',3,'Alfonso López');

--
-- Table structure for table `download_videos`
--

CREATE TABLE `download_videos` (
  `id` int unsigned NOT NULL AUTO_INCREMENT,
  `user_id` int NOT NULL,
  `camera` varchar(30) NOT NULL,
  `description` varchar(255) DEFAULT NULL,
  `name` varchar(255) DEFAULT NULL,
  `rango` varchar(255) DEFAULT NULL,
  `recording` varchar(50) DEFAULT NULL,
  `token` varchar(255) DEFAULT NULL,
  `job` varchar(255) DEFAULT NULL,
  `estado` varchar(255) DEFAULT 'INICIANDO',
  `fecha_registro` timestamp NOT NULL DEFAULT CURRENT_TIMESTAMP ON UPDATE CURRENT_TIMESTAMP,
  `fecha_generacion_video` timestamp NOT NULL DEFAULT CURRENT_TIMESTAMP ON UPDATE CURRENT_TIMESTAMP,
  `url_video` text,
  PRIMARY KEY (`id`) USING BTREE,
  KEY `fk_download_videos_users` (`user_id`),
  CONSTRAINT `fk_download_videos_users` FOREIGN KEY (`user_id`) REFERENCES `users` (`user_id`)
) ENGINE=InnoDB AUTO_INCREMENT=326 DEFAULT CHARSET=latin1;

--
-- Dumping data for table `download_videos`
--

INSERT INTO `download_videos` VALUES (32,49,'1877164',NULL,'FC LA CABAÑA','Desde. 2022/03/02 05:01 Hasta 2022/03/02 05:06','56996165','a10d351f-ecef-43ef-b2fc-1d5797f464e3:10004','VS-1877164-31de9ec4','as','2023-07-11 01:54:27','2023-07-11 01:54:27',NULL),(33,52,'1200455',NULL,'Restaurante DToluca','Desde. 2022/03/01 05:15 Hasta 2022/03/01 05:20','58129027','d9483bc1-8ca5-4881-a0de-8e00f26dbb6a:10004','VS-1200455-565ab0aa','FINALIZADO','2023-07-11 01:56:17','2023-07-11 01:56:17','/var/www/html/viotec_cam/web/videos/Restaurante DToluca_exported_on_2022-03-02T22:16:04.577720Z.mov'),(34,52,'1200455',NULL,'Restaurante DToluca','Desde. 2022/03/01 05:19 Hasta 2022/03/01 05:24','58129027','d9483bc1-8ca5-4881-a0de-8e00f26dbb6a:10004','VS-1200455-0ab5edbf','FINALIZADO','2023-07-11 01:56:17','2023-07-11 01:56:17','/var/www/html/viotec_cam/web/videos/Restaurante DToluca_exported_on_2022-03-02T22:20:08.785802Z.mov'),(35,52,'1200455',NULL,'Restaurante DToluca','Desde. 2022/03/01 05:23 Hasta 2022/03/01 05:28','58129027','d9483bc1-8ca5-4881-a0de-8e00f26dbb6a:10004','VS-1200455-e7bcd57a','FINALIZADO','2023-07-11 01:56:17','2023-07-11 01:56:17','/var/www/web/videos/Restaurante DToluca_exported_on_2022-03-02T22:24:08.902391Z.mov'),(36,49,'1877173',NULL,'FC LIMONAR','Desde. 2022/03/03 02:14 Hasta 2022/03/03 02:15','57110092','0d37cbbd-60a1-44c9-b44b-407bb50b4fd9:10004','VS-1877173-ee088dd4','INICIANDO','2023-07-11 01:54:27','2023-07-11 01:54:27',NULL),(37,49,'1875305',NULL,'FC MIRANDA','Desde. 2022/03/04 02:10 Hasta 2022/03/04 02:11','57110101','f61ac532-6921-422c-adef-ff98b0c4165d:10004','VS-1875305-9ed7ec61','FINALIZADO','2023-07-11 01:54:27','2023-07-11 01:54:27','/var/www/web/videos/FC MIRANDA_exported_on_2022-03-04T19:30:02.957964Z.mov'),(38,49,'1875305',NULL,'FC MIRANDA','Desde. 2022/03/04 02:10 Hasta 2022/03/04 02:11','57110101','f61ac532-6921-422c-adef-ff98b0c4165d:10004','VS-1875305-331d3b4e','FINALIZADO','2023-07-11 01:54:27','2023-07-11 01:54:27','/var/www/web/videos/FC MIRANDA_exported_on_2022-03-04T19:28:03.343203Z.mov'),(39,49,'1877173',NULL,'FC LIMONAR','Desde. 2022/03/04 02:35 Hasta 2022/03/04 02:40','57173295','f61ac532-6921-422c-adef-ff98b0c4165d:10004','VS-1877173-66f286b7','FINALIZADO','2022-03-05 00:36:08','2022-03-04 07:36:08','/var/www/web/videos/FC LIMONAR_exported_on_2022-03-04T19:36:06.156035Z.mov'),(40,49,'1877176',NULL,'FC WATERLO','Desde. 2022/03/03 02:48 Hasta 2022/03/03 02:53','57081889','f61ac532-6921-422c-adef-ff98b0c4165d:10004','VS-1877176-0def4c9e','FINALIZADO','2023-07-11 01:54:27','2023-07-11 01:54:27','/var/www/web/videos/FC WATERLO_exported_on_2022-03-04T19:52:02.651941Z.mov'),(41,49,'1877176',NULL,'FC WATERLO','Desde. 2022/03/03 02:48 Hasta 2022/03/03 02:53','57081889','f61ac532-6921-422c-adef-ff98b0c4165d:10004','VS-1877176-e5dadd3e','FINALIZADO','2023-07-11 01:54:27','2023-07-11 01:54:27','/var/www/web/videos/FC WATERLO_exported_on_2022-03-04T19:50:03.360964Z.mov'),(42,49,'1877176',NULL,'FC WATERLO','Desde. 2022/03/03 03:08 Hasta 2022/03/03 03:09','57081889','f61ac532-6921-422c-adef-ff98b0c4165d:10004','VS-1877176-ca3c208a','FINALIZADO','2023-07-11 01:54:27','2023-07-11 01:54:27','/var/www/web/videos/FC WATERLO_exported_on_2022-03-04T20:12:02.283852Z.mov'),(43,49,'1877176',NULL,'FC WATERLO','Desde. 2022/03/03 05:00 Hasta 2022/03/03 05:05','57081889','f61ac532-6921-422c-adef-ff98b0c4165d:10004','VS-1877176-c5153cab','FINALIZADO','2023-07-11 01:54:27','2023-07-11 01:54:27','/var/www/web/videos/FC WATERLO_exported_on_2022-03-04T22:02:02.696372Z.mov'),(44,49,'1877176',NULL,'FC WATERLO','Desde. 2022/03/02 23:55 Hasta 2022/03/02 23:58','57081889','f61ac532-6921-422c-adef-ff98b0c4165d:10004','VS-1877176-d61f21f5','FINALIZADO','2023-07-11 01:54:27','2023-07-11 01:54:27','/var/www/web/videos/FC WATERLO_exported_on_2022-03-04T22:20:03.322024Z.mov'),(45,49,'1877176',NULL,'FC WATERLO','Desde. 2022/03/02 23:55 Hasta 2022/03/02 23:58','57081889','f61ac532-6921-422c-adef-ff98b0c4165d:10004','VS-1877176-5de0ec01','FINALIZADO','2023-07-11 01:54:27','2023-07-11 01:54:27','/var/www/web/videos/FC WATERLO_exported_on_2022-03-04T22:18:02.940752Z.mov'),(46,49,'1877176',NULL,'FC WATERLO','Desde. 2022/03/03 05:11 Hasta 2022/03/03 05:16','57081889','f61ac532-6921-422c-adef-ff98b0c4165d:10004','VS-1877176-0f914dfb','FINALIZADO','2023-07-11 01:54:27','2023-07-11 01:54:27','/var/www/web/videos/FC WATERLO_exported_on_2022-03-04T22:16:04.051804Z.mov'),(47,49,'1877176',NULL,'FC WATERLO','Desde. 2022/03/03 06:00 Hasta 2022/03/03 06:10','57081889','f61ac532-6921-422c-adef-ff98b0c4165d:10004','VS-1877176-427929eb','FINALIZADO','2023-07-11 01:54:27','2023-07-11 01:54:27','/var/www/web/videos/FC WATERLO_exported_on_2022-03-04T22:14:06.445746Z.mov'),(48,52,'1200455',NULL,'Restaurante DToluca','Desde. 2022/03/06 17:00 Hasta 2022/03/06 17:05','58547521','1780e879-39ea-4c57-a9fc-50b185c5539e:10004','VS-1200455-64172c54','FINALIZADO','2023-07-11 01:56:17','2023-07-11 01:56:17','/var/www/web/videos/Restaurante DToluca_exported_on_2022-03-06T22:32:04.822679Z.mov'),(49,52,'1200455',NULL,'Restaurante DToluca','Desde. 2022/03/05 04:20 Hasta 2022/03/05 04:25','58547521','1780e879-39ea-4c57-a9fc-50b185c5539e:10004','VS-1200455-ea6d6b9a','FINALIZADO','2023-07-11 01:56:17','2023-07-11 01:56:17','/var/www/web/videos/Restaurante DToluca_exported_on_2022-03-06T22:30:07.350945Z.mov'),(50,52,'1200455',NULL,'Restaurante DToluca','Desde. 2022/03/06 05:34 Hasta 2022/03/06 05:39','58547521','1780e879-39ea-4c57-a9fc-50b185c5539e:10004','VS-1200455-5fa7008d','FINALIZADO','2023-07-11 01:56:17','2023-07-11 01:56:17','/var/www/web/videos/Restaurante DToluca_exported_on_2022-03-06T22:38:11.244827Z.mov'),(51,52,'1200455',NULL,'Restaurante DToluca','Desde. 2022/03/06 00:05 Hasta 2022/03/06 00:10','58547521','1780e879-39ea-4c57-a9fc-50b185c5539e:10004','VS-1200455-67a11832','FINALIZADO','2023-07-11 01:56:17','2023-07-11 01:56:17','/var/www/web/videos/Restaurante DToluca_exported_on_2022-03-06T22:36:06.073416Z.mov'),(52,49,'1877156',NULL,'FC MI PUEBLITO','Desde. 2022/03/08 10:00 Hasta 2022/03/08 10:07','57448029','a635ea4f-a485-4984-a43b-e178d20427f7:10004','VS-1877156-3e4ecc89','FINALIZADO','2023-07-11 01:54:27','2023-07-11 01:54:27','/var/www/web/videos/FC MI PUEBLITO_exported_on_2022-03-08T15:30:06.068267Z.mov'),(53,49,'1877156',NULL,'FC MI PUEBLITO','Desde. 2022/03/08 10:00 Hasta 2022/03/08 10:07','57448029','a635ea4f-a485-4984-a43b-e178d20427f7:10004','VS-1877156-888e4b0d','FINALIZADO','2023-07-11 01:54:27','2023-07-11 01:54:27','/var/www/web/videos/FC MI PUEBLITO_exported_on_2022-03-08T15:28:05.322446Z.mov'),(54,49,'1877156',NULL,'FC MI PUEBLITO','Desde. 2022/03/08 10:00 Hasta 2022/03/08 10:07','57448029','a635ea4f-a485-4984-a43b-e178d20427f7:10004','VS-1877156-b03d7b9f','FINALIZADO','2023-07-11 01:54:27','2023-07-11 01:54:27','/var/www/web/videos/FC MI PUEBLITO_exported_on_2022-03-08T15:26:06.567954Z.mov'),(55,49,'1877156',NULL,'FC MI PUEBLITO','Desde. 2022/03/08 10:00 Hasta 2022/03/08 10:07','57448029','a635ea4f-a485-4984-a43b-e178d20427f7:10004','VS-1877156-d783c1f9','FINALIZADO','2023-07-11 01:54:27','2023-07-11 01:54:27','/var/www/web/videos/FC MI PUEBLITO_exported_on_2022-03-08T15:24:08.581299Z.mov'),(56,52,'1200455',NULL,'Restaurante DToluca','Desde. 2022/03/09 10:54 Hasta 2022/03/09 10:59','58742391','ab1b12d4-8ebc-49ee-b363-64cddc9127d7:10004','VS-1200455-acf04923','FINALIZADO','2023-07-11 01:56:17','2023-07-11 01:56:17','/var/www/web/videos/Restaurante DToluca_exported_on_2022-03-09T15:58:07.077299Z.mov'),(57,52,'1200455',NULL,'Restaurante DToluca','Desde. 2022/03/09 10:54 Hasta 2022/03/09 10:59','58742391','ab1b12d4-8ebc-49ee-b363-64cddc9127d7:10004','VS-1200455-cc6f79e5','FINALIZADO','2023-07-11 01:56:17','2023-07-11 01:56:17','/var/www/web/videos/Restaurante DToluca_exported_on_2022-03-09T15:56:06.826133Z.mov'),(58,49,'228','A petición de la fiscalia.','FC LA MERCE - P.A 3','Desde 2023-07-10T06:00:02.000-0500 Hasta 2023-07-10T06:10:02.000-0500',NULL,NULL,NULL,'INICIANDO','2023-07-11 02:29:49','2023-07-11 02:29:49',NULL),(59,49,'228','Por robo en la zona.','FC LA MERCE - P.A 3','Desde 2023-07-10T06:10:02.000-0500 Hasta 2023-07-10T06:20:02.000-0500',NULL,NULL,NULL,'INICIANDO','2023-07-11 13:18:16','2023-07-11 13:18:16',NULL),(60,49,'423','N/A','FC LA PRADERA - P.A 26','Desde 2023-07-10 06:20:02 Hasta 2023-07-10 06:30:02',NULL,NULL,NULL,'INICIANDO','2023-07-11 13:23:22','2023-07-11 13:23:22',NULL),(61,49,'502','N/A','Oficina Piso 1','Desde 2023-07-10 06:20:02 Hasta 2023-07-10 06:30:02',NULL,NULL,NULL,'INICIANDO','2023-07-11 13:27:43','2023-07-11 13:27:43',NULL),(62,49,'502','N/A','Oficina Piso 1','Desde 2023-07-10 06:20:02 Hasta 2023-07-10 06:22:02',NULL,NULL,NULL,'INICIANDO','2023-07-11 13:31:40','2023-07-11 13:31:40',NULL),(63,49,'543','N/A','Perimetral Sur','Desde 2023-07-10 06:20:02 Hasta 2023-07-10 06:22:02',NULL,NULL,NULL,'INICIANDO','2023-07-11 14:40:55','2023-07-11 14:40:55',NULL),(64,49,'423','N/A','FC LA PRADERA - P.A 26','Desde 2023-07-10 06:20:02 Hasta 2023-07-10 06:22:02',NULL,NULL,NULL,'INICIANDO','2023-07-11 14:43:19','2023-07-11 14:43:19',NULL),(65,49,'497','N/A','Siera .120','Desde 2023-07-10 06:20:02 Hasta 2023-07-10 06:22:02',NULL,NULL,NULL,'INICIANDO','2023-07-11 14:44:15','2023-07-11 14:44:15',NULL),(66,49,'497','N/A','Siera .120','Desde 2023-07-10 06:20:02 Hasta 2023-07-10 06:22:02',NULL,NULL,NULL,'INICIANDO','2023-07-11 14:45:50','2023-07-11 14:45:50',NULL),(67,49,'502','N/A','Oficina Piso 1','Desde 2023-07-10 06:20:02 Hasta 2023-07-10 06:22:02',NULL,NULL,NULL,'INICIANDO','2023-07-11 14:59:59','2023-07-11 14:59:59',NULL),(68,49,'502','N/A','Oficina Piso 1','Desde 2023-07-10 06:20:02 Hasta 2023-07-10 06:22:02',NULL,NULL,NULL,'INICIANDO','2023-07-11 15:00:22','2023-07-11 15:00:22',NULL),(69,49,'502','N/A','Oficina Piso 1','Desde 2023-07-10 06:20:02 Hasta 2023-07-10 06:22:02',NULL,NULL,NULL,'INICIANDO','2023-07-11 15:00:51','2023-07-11 15:00:51',NULL),(70,49,'502','N/A','Oficina Piso 1','Desde 2023-07-10 06:20:02 Hasta 2023-07-10 06:30:02',NULL,NULL,NULL,'INICIANDO','2023-07-11 15:07:27','2023-07-11 15:07:27',NULL),(71,49,'502','N/A','Oficina Piso 1','Desde 2023-07-10 06:28:02 Hasta 2023-07-10 06:30:02',NULL,NULL,NULL,'INICIANDO','2023-07-11 15:08:22','2023-07-11 15:08:22',NULL),(72,49,'502','N/A','Oficina Piso 1','Desde 2023-07-10 06:00:10 Hasta 2023-07-10 06:02:10',NULL,NULL,NULL,'INICIANDO','2023-07-11 15:18:16','2023-07-11 15:18:16',NULL),(73,49,'502','N/A','Oficina Piso 1','Desde 2023-07-10 06:00:10 Hasta 2023-07-10 06:10:10',NULL,NULL,NULL,'INICIANDO','2023-07-11 15:19:20','2023-07-11 15:19:20',NULL),(74,49,'502','N/A','Oficina Piso 1','Desde 2023-07-10 06:00:10 Hasta 2023-07-10 06:10:10',NULL,NULL,NULL,'INICIANDO','2023-07-11 15:20:35','2023-07-11 15:20:35',NULL),(75,49,'502','N/A','Oficina Piso 1','Desde 2023-07-10 06:00:10 Hasta 2023-07-10 06:10:10',NULL,NULL,NULL,'INICIANDO','2023-07-11 15:21:06','2023-07-11 15:21:06',NULL),(76,49,'502','N/A','Oficina Piso 1','Desde 2023-07-10 06:00:10 Hasta 2023-07-10 06:10:10',NULL,NULL,NULL,'INICIANDO','2023-07-11 15:21:19','2023-07-11 15:21:19',NULL),(77,49,'502','N/A','Oficina Piso 1','Desde 2023-07-10 06:28:02 Hasta 2023-07-10 06:30:02',NULL,NULL,NULL,'INICIANDO','2023-07-11 15:26:05','2023-07-11 15:26:05',NULL),(78,49,'502','N/A','Oficina Piso 1','Desde 2023-07-10 06:00:10 Hasta 2023-07-10 06:10:10',NULL,NULL,NULL,'INICIANDO','2023-07-11 15:27:18','2023-07-11 15:27:18',NULL),(79,49,'564','N/A','Perimetral Oriente','Desde 2023-07-10 06:00:10 Hasta 2023-07-10 06:02:10',NULL,NULL,NULL,'INICIANDO','2023-07-11 15:34:27','2023-07-11 15:34:27',NULL),(80,49,'564','N/A','Perimetral Oriente','Desde 2023-07-10 06:00:10 Hasta 2023-07-10 06:05:10',NULL,NULL,NULL,'INICIANDO','2023-07-11 15:35:14','2023-07-11 15:35:14',NULL),(81,49,'499','N/A','Siera .121','Desde 2023-07-10 06:00:10 Hasta 2023-07-10 06:05:10',NULL,NULL,NULL,'INICIANDO','2023-07-11 15:41:52','2023-07-11 15:41:52',NULL),(82,49,'228','N/A','FC LA MERCE - P.A 3','Desde 2023-07-10 06:00:02 Hasta 2023-07-10 06:10:02',NULL,NULL,NULL,'INICIANDO','2023-07-11 15:46:06','2023-07-11 15:46:06',NULL),(83,49,'228','N/A','FC LA MERCE - P.A 3','Desde 2023-07-10 06:00:10 Hasta 2023-07-10 06:10:10',NULL,NULL,NULL,'INICIANDO','2023-07-11 15:46:42','2023-07-11 15:46:42',NULL),(84,49,'423','N/A','FC LA PRADERA - P.A 26','Desde 2023-07-10 06:00:10 Hasta 2023-07-10 06:10:10',NULL,NULL,NULL,'INICIANDO','2023-07-11 15:47:26','2023-07-11 15:47:26',NULL),(85,49,'424','N/A','FC  SANTA MONICA - P.A 41','Desde 2023-07-10 06:00:10 Hasta 2023-07-10 06:10:10',NULL,NULL,NULL,'INICIANDO','2023-07-11 15:47:57','2023-07-11 15:47:57',NULL),(86,49,'424','N/A','FC  SANTA MONICA - P.A 41','Desde 2023-07-10 06:00:10 Hasta 2023-07-10 06:10:10',NULL,NULL,NULL,'INICIANDO','2023-07-11 18:22:47','2023-07-11 18:22:47',NULL),(87,49,'547','N/A','FC SAN CARLOS ','Desde 2023-07-10 06:00:10 Hasta 2023-07-10 06:10:10',NULL,NULL,NULL,'INICIANDO','2023-07-11 18:23:59','2023-07-11 18:23:59',NULL),(88,49,'228','N/A','FC LA MERCE - P.A 3','Desde 2023-07-10 06:00:02 Hasta 2023-07-10 06:10:02',NULL,NULL,NULL,'INICIANDO','2023-07-11 18:55:22','2023-07-11 18:55:22',NULL),(89,49,'423','N/A','FC LA PRADERA - P.A 26','Desde 2023-07-10 06:00:02 Hasta 2023-07-10 06:10:02',NULL,NULL,NULL,'INICIANDO','2023-07-11 19:01:21','2023-07-11 19:01:21',NULL),(90,49,'502','N/A','Oficina Piso 1','Desde 2023-07-10 06:00:02 Hasta 2023-07-10 06:10:02',NULL,NULL,NULL,'INICIANDO','2023-07-11 19:14:25','2023-07-11 19:14:25',NULL),(91,49,'502','N/A','Oficina Piso 1','Desde 2023-07-10 06:00:02 Hasta 2023-07-10 06:10:02',NULL,NULL,NULL,'INICIANDO','2023-07-12 15:03:17','2023-07-12 15:03:17',NULL),(92,49,'502','N/A','Oficina Piso 1','Desde 2023-07-10 06:00:02 Hasta 2023-07-10 06:10:02',NULL,NULL,NULL,'INICIANDO','2023-07-12 16:04:56','2023-07-12 16:04:56',NULL),(93,49,'502','N/A','Oficina Piso 1','Desde 2023-07-10 06:00:02 Hasta 2023-07-10 06:10:02',NULL,NULL,NULL,'INICIANDO','2023-07-12 16:05:41','2023-07-12 16:05:41',NULL),(94,49,'502','N/A','Oficina Piso 1','Desde 2023-07-10 06:00:02 Hasta 2023-07-10 06:10:02',NULL,NULL,NULL,'INICIANDO','2023-07-12 17:32:20','2023-07-12 17:32:20',NULL),(95,49,'502','N/A','Oficina Piso 1','Desde 2023-07-10 06:00:02 Hasta 2023-07-10 06:10:02',NULL,NULL,NULL,'INICIANDO','2023-07-12 17:33:01','2023-07-12 17:33:01',NULL),(96,49,'502','N/A','Oficina Piso 1','Desde 2023-07-10 06:00:02 Hasta 2023-07-10 06:10:02',NULL,NULL,NULL,'INICIANDO','2023-07-12 17:34:45','2023-07-12 17:34:45',NULL),(97,49,'500','N/A','ENTRADA ACCESO ','Desde 2023-07-10 06:00:02 Hasta 2023-07-10 06:10:02',NULL,NULL,NULL,'INICIANDO','2023-07-12 17:35:47','2023-07-12 17:35:47',NULL),(98,49,'499','N/A','Siera .121','Desde 2023-07-10 06:00:02 Hasta 2023-07-10 06:10:02',NULL,NULL,NULL,'INICIANDO','2023-07-12 17:36:29','2023-07-12 17:36:29',NULL),(99,49,'543','N/A','Perimetral Sur','Desde 2023-07-10 06:00:02 Hasta 2023-07-10 06:10:02',NULL,NULL,NULL,'INICIANDO','2023-07-12 17:43:48','2023-07-12 17:43:48',NULL),(100,49,'502','N/A','Oficina Piso 1','Desde 2023-07-10 06:00:02 Hasta 2023-07-10 06:10:02',NULL,NULL,NULL,'INICIANDO','2023-07-12 17:45:09','2023-07-12 17:45:09',NULL),(101,49,'502','N/A','Oficina Piso 1','Desde 2023-07-10 06:00:02 Hasta 2023-07-10 06:10:02',NULL,NULL,NULL,'INICIANDO','2023-07-12 19:51:11','2023-07-12 19:51:11',NULL),(102,49,'502','N/A','Oficina Piso 1','Desde 2023-07-10 06:00:02 Hasta 2023-07-10 06:10:02',NULL,NULL,NULL,'INICIANDO','2023-07-12 19:51:21','2023-07-12 19:51:21',NULL),(103,49,'502','N/A','Oficina Piso 1','Desde 2023-07-10 06:00:02 Hasta 2023-07-10 06:10:02',NULL,NULL,NULL,'INICIANDO','2023-07-12 19:52:11','2023-07-12 19:52:11',NULL),(104,49,'502','N/A','Oficina Piso 1','Desde 2023-07-10 06:00:02 Hasta 2023-07-10 06:10:02',NULL,NULL,NULL,'INICIANDO','2023-07-12 20:07:33','2023-07-12 20:07:33',NULL),(105,49,'502','N/A','Oficina Piso 1','Desde 2023-07-10 06:00:02 Hasta 2023-07-10 06:10:02',NULL,NULL,NULL,'INICIANDO','2023-07-12 20:08:43','2023-07-12 20:08:43',NULL),(106,49,'502','N/A','Oficina Piso 1','Desde 2023-07-10 06:00:02 Hasta 2023-07-10 06:10:02',NULL,NULL,NULL,'INICIANDO','2023-07-12 20:23:19','2023-07-12 20:23:19',NULL),(107,49,'502','N/A','Oficina Piso 1','Desde 2023-07-10 06:00:02 Hasta 2023-07-10 06:10:02',NULL,NULL,NULL,'INICIANDO','2023-07-12 20:23:52','2023-07-12 20:23:52',NULL),(108,49,'502','N/A','Oficina Piso 1','Desde 2023-07-10 06:00:02 Hasta 2023-07-10 06:10:02',NULL,NULL,NULL,'INICIANDO','2023-07-12 20:24:25','2023-07-12 20:24:25',NULL),(109,49,'502','N/A','Oficina Piso 1','Desde 2023-07-10 06:00:02 Hasta 2023-07-10 06:10:02',NULL,NULL,NULL,'INICIANDO','2023-07-12 20:24:56','2023-07-12 20:24:56',NULL),(110,49,'502','N/A','Oficina Piso 1','Desde 2023-07-10 06:00:02 Hasta 2023-07-10 06:10:02',NULL,NULL,NULL,'INICIANDO','2023-07-12 20:25:13','2023-07-12 20:25:13',NULL),(111,49,'502','N/A','Oficina Piso 1','Desde 2023-07-10 06:00:02 Hasta 2023-07-10 06:10:02',NULL,NULL,NULL,'INICIANDO','2023-07-12 20:25:32','2023-07-12 20:25:32',NULL),(112,49,'502','N/A','Oficina Piso 1','Desde 2023-07-10 06:00:02 Hasta 2023-07-10 06:10:02',NULL,NULL,NULL,'INICIANDO','2023-07-12 20:30:59','2023-07-12 20:30:59',NULL),(113,49,'502','N/A','Oficina Piso 1','Desde 2023-07-10 06:00:02 Hasta 2023-07-10 06:10:02',NULL,NULL,NULL,'INICIANDO','2023-07-12 20:31:15','2023-07-12 20:31:15',NULL),(114,49,'502','N/A','Oficina Piso 1','Desde 2023-07-10 06:00:02 Hasta 2023-07-10 06:10:02',NULL,NULL,NULL,'INICIANDO','2023-07-12 20:31:22','2023-07-12 20:31:22',NULL),(115,49,'228','N/A','FC LA MERCE - P.A 3','Desde 2023-07-10 06:00:02 Hasta 2023-07-10 06:10:02',NULL,NULL,NULL,'INICIANDO','2023-07-12 20:35:33','2023-07-12 20:35:33',NULL),(116,49,'228','N/A','FC LA MERCE - P.A 3','Desde 2023-07-10 06:00:02 Hasta 2023-07-10 06:10:02',NULL,NULL,NULL,'INICIANDO','2023-07-12 20:35:48','2023-07-12 20:35:48',NULL),(117,49,'228','N/A','FC LA MERCE - P.A 3','Desde 2023-07-10 06:00:02 Hasta 2023-07-10 06:10:02',NULL,NULL,NULL,'INICIANDO','2023-07-12 20:35:54','2023-07-12 20:35:54',NULL),(118,49,'228','N/A','FC LA MERCE - P.A 3','Desde 2023-07-12 15:54:02 Hasta 2023-07-12 16:10:02',NULL,NULL,NULL,'INICIANDO','2023-07-12 21:05:01','2023-07-12 21:05:01',NULL),(119,49,'228','N/A','FC LA MERCE - P.A 3','Desde 2023-07-12 16:00:02 Hasta 2023-07-12 16:10:02',NULL,NULL,NULL,'INICIANDO','2023-07-12 21:06:44','2023-07-12 21:06:44',NULL),(120,49,'228','N/A','FC LA MERCE - P.A 3','Desde 2023-07-12 16:00:02 Hasta 2023-07-12 16:10:02',NULL,NULL,NULL,'INICIANDO','2023-07-12 21:15:57','2023-07-12 21:15:57',NULL),(121,49,'228','N/A','FC LA MERCE - P.A 3','Desde 2023-07-12 16:00:02 Hasta 2023-07-12 16:10:02',NULL,NULL,NULL,'INICIANDO','2023-07-12 21:16:14','2023-07-12 21:16:14',NULL),(122,49,'228','N/A','FC LA MERCE - P.A 3','Desde 2023-07-12 16:00:02 Hasta 2023-07-12 16:20:02',NULL,NULL,NULL,'INICIANDO','2023-07-12 21:16:30','2023-07-12 21:16:30',NULL),(123,49,'228','N/A','FC LA MERCE - P.A 3','Desde 2023-07-12 16:19:02 Hasta 2023-07-12 16:20:02',NULL,NULL,NULL,'INICIANDO','2023-07-12 21:25:55','2023-07-12 21:25:55',NULL),(124,49,'502','N/A','Oficina Piso 1','Desde 2023-07-12 16:19:02 Hasta 2023-07-12 16:32:02',NULL,NULL,NULL,'INICIANDO','2023-07-12 21:31:15','2023-07-12 21:31:15',NULL),(125,49,'502','N/A','Oficina Piso 1','Desde 2023-07-12 16:19:02 Hasta 2023-07-12 16:32:02',NULL,NULL,NULL,'INICIANDO','2023-07-12 21:39:15','2023-07-12 21:39:15',NULL),(126,49,'502','N/A','Oficina Piso 1','Desde 2023-07-12 16:40:02 Hasta 2023-07-12 16:40:50',NULL,NULL,NULL,'INICIANDO','2023-07-12 21:40:34','2023-07-12 21:40:34',NULL),(127,49,'502','N/A','Oficina Piso 1','Desde 2023-07-20 15:46:02 Hasta 2023-07-20 16:20:50',NULL,NULL,NULL,'INICIANDO','2023-07-26 15:53:32','2023-07-26 15:53:32',NULL),(128,49,'502','N/A','Oficina Piso 1','Desde 2023-07-20 15:20:02 Hasta 2023-07-20 15:25:50',NULL,NULL,NULL,'INICIANDO','2023-07-26 15:54:30','2023-07-26 15:54:30',NULL),(129,76,'228','Playback 5 minutos','FC LA MERCE - P.A 3','Desde 2023-09-18 17:53:34 Hasta 2023-09-18 17:58:34',NULL,NULL,NULL,'INICIANDO','2023-09-19 22:53:37','2023-09-19 17:53:37',NULL),(130,76,'229','Playback 5 minutos','FC BARRIO LA VENTURA - P.A 15','Desde 2023-09-20 14:55:37 Hasta 2023-09-20 15:00:37',NULL,NULL,NULL,'INICIANDO','2023-09-21 19:55:31','2023-09-21 14:55:30',NULL),(131,76,'230','Playback 5 minutos','FC ALTO BONITO - P.A 19','Desde 2023-10-09 12:00:34 Hasta 2023-10-09 12:05:34',NULL,NULL,NULL,'INICIANDO','2023-10-10 20:56:54','2023-10-10 20:56:54',NULL),(132,76,'230','Playback 5 minutos','FC ALTO BONITO - P.A 19','Desde 2023-10-09 12:00:34 Hasta 2023-10-09 12:05:34',NULL,NULL,NULL,'INICIANDO','2023-10-10 20:57:19','2023-10-10 20:57:19',NULL),(133,76,'228','Playback 5 minutos','FC LA MERCE - P.A 3','Desde 2023-10-09 16:07:11 Hasta 2023-10-09 16:12:11',NULL,NULL,NULL,'INICIANDO','2023-10-10 21:11:47','2023-10-10 21:11:47',NULL),(134,76,'228','Playback 5 minutos','FC LA MERCE - P.A 3','Desde 2023-10-09 16:14:47 Hasta 2023-10-09 16:19:47',NULL,NULL,NULL,'INICIANDO','2023-10-10 21:20:23','2023-10-10 21:20:23',NULL),(135,49,'228','na','FC LA MERCE - P.A 3','Desde 2023-10-10 16:20:32 Hasta 2023-10-10 16:25:32',NULL,NULL,NULL,'INICIANDO','2023-10-10 21:26:59','2023-10-10 21:26:59',NULL),(136,49,'231','na','FC BALBOA - P.A 16','Desde 2023-09-10 17:25:28 Hasta 2023-09-10 17:26:29',NULL,NULL,NULL,'INICIANDO','2023-10-10 22:00:48','2023-10-10 22:00:48',NULL),(137,49,'231','na','FC BALBOA - P.A 16','Desde 2023-09-10 17:25:28 Hasta 2023-09-10 17:26:29',NULL,NULL,NULL,'INICIANDO','2023-10-10 22:02:19','2023-10-10 22:02:19',NULL),(138,49,'231','na','FC BALBOA - P.A 16','Desde 2023-09-10 17:25:28 Hasta 2023-09-10 17:26:29',NULL,NULL,NULL,'INICIANDO','2023-10-10 22:02:36','2023-10-10 22:02:36',NULL),(139,49,'229','na','FC BARRIO LA VENTURA - P.A 15','Desde 2023-10-10 07:15:37 Hasta 2023-10-10 07:20:37',NULL,NULL,NULL,'INICIANDO','2023-10-11 12:16:00','2023-10-11 12:16:00',NULL),(140,49,'229','na','FC BARRIO LA VENTURA - P.A 15','Desde 2023-10-10 06:30:20 Hasta 2023-10-10 06:31:20',NULL,NULL,NULL,'INICIANDO','2023-10-11 12:23:45','2023-10-11 12:23:45',NULL),(141,49,'229','na','FC BARRIO LA VENTURA - P.A 15','Desde 2023-10-10 07:40:36 Hasta 2023-10-10 07:42:36',NULL,NULL,NULL,'INICIANDO','2023-10-11 12:41:37','2023-10-11 12:41:37',NULL),(142,49,'229','na','FC BARRIO LA VENTURA - P.A 15','Desde 2023-10-10 07:40:36 Hasta 2023-10-10 07:42:36',NULL,NULL,NULL,'INICIANDO','2023-10-11 12:42:36','2023-10-11 12:42:36',NULL),(143,49,'229','na','FC BARRIO LA VENTURA - P.A 15','Desde 2023-10-10 05:30:55 Hasta 2023-10-10 05:31:55',NULL,NULL,NULL,'INICIANDO','2023-10-11 13:14:40','2023-10-11 13:14:40',NULL),(144,76,'230','Playback 5 minutos','FC ALTO BONITO - P.A 19','Desde 2023-10-10 07:15:55 Hasta 2023-10-10 07:20:55',NULL,NULL,NULL,'INICIANDO','2023-10-11 13:17:37','2023-10-11 13:17:37',NULL),(145,49,'230','na','FC ALTO BONITO - P.A 19','Desde 2023-10-10 06:30:52 Hasta 2023-10-10 06:32:52',NULL,NULL,NULL,'INICIANDO','2023-10-11 13:18:23','2023-10-11 13:18:23',NULL),(146,76,'230','Playback 5 minutos','FC ALTO BONITO - P.A 19','Desde 2023-10-09 08:17:52 Hasta 2023-10-09 08:22:52',NULL,NULL,NULL,'INICIANDO','2023-10-11 13:18:52','2023-10-11 13:18:52',NULL),(147,49,'254','na','FC PORTALES DEL SEMBRADOR - P.A 62','Desde 2023-10-10 08:41:52 Hasta 2023-10-10 08:42:52',NULL,NULL,NULL,'INICIANDO','2023-10-11 13:49:00','2023-10-11 13:49:00',NULL),(148,49,'229','na','FC BARRIO LA VENTURA - P.A 15','Desde 2023-10-10 09:00:15 Hasta 2023-10-10 09:05:15',NULL,NULL,NULL,'INICIANDO','2023-10-11 14:21:41','2023-10-11 14:21:41',NULL),(149,49,'233','na','PABLO BLANCO - PA 2','Desde 2023-10-10 09:20:42 Hasta 2023-10-10 09:25:42',NULL,NULL,NULL,'INICIANDO','2023-10-11 14:27:44','2023-10-11 14:27:44',NULL),(150,49,'233','na','PABLO BLANCO - PA 2','Desde 2023-10-10 09:20:42 Hasta 2023-10-10 09:27:42',NULL,NULL,NULL,'INICIANDO','2023-10-11 14:50:13','2023-10-11 14:50:13',NULL),(151,49,'233','na','PABLO BLANCO - PA 2','Desde 2023-10-11 09:20:42 Hasta 2023-10-11 09:27:42',NULL,NULL,NULL,'INICIANDO','2023-10-11 15:00:34','2023-10-11 15:00:34',NULL),(152,49,'233','na','PABLO BLANCO - PA 2','Desde 2023-10-11 10:00:42 Hasta 2023-10-11 10:02:42',NULL,NULL,NULL,'INICIANDO','2023-10-11 15:03:41','2023-10-11 15:03:41',NULL),(153,49,'233','na','PABLO BLANCO - PA 2','Desde 2023-10-11 10:05:42 Hasta 2023-10-11 10:06:42',NULL,NULL,NULL,'INICIANDO','2023-10-11 15:06:54','2023-10-11 15:06:54',NULL),(154,49,'233','na','PABLO BLANCO - PA 2','Desde 2023-10-11 09:50:42 Hasta 2023-10-11 10:00:42',NULL,NULL,NULL,'INICIANDO','2023-10-11 15:08:22','2023-10-11 15:08:22',NULL),(155,49,'233','na','PABLO BLANCO - PA 2','Desde 2023-10-11 10:00:42 Hasta 2023-10-11 10:08:42',NULL,NULL,NULL,'INICIANDO','2023-10-11 15:09:52','2023-10-11 15:09:52',NULL),(156,49,'233','na','PABLO BLANCO - PA 2','Desde 2023-10-10 10:10:34 Hasta 2023-10-10 10:11:34',NULL,NULL,NULL,'INICIANDO','2023-10-11 15:14:32','2023-10-11 15:14:32',NULL),(157,49,'233','na','PABLO BLANCO - PA 2','Desde 2023-10-11 10:14:45 Hasta 2023-10-11 10:15:45',NULL,NULL,NULL,'INICIANDO','2023-10-11 15:15:46','2023-10-11 15:15:46',NULL),(158,76,'229','Playback 5 minutos','FC BARRIO LA VENTURA - P.A 15','Desde 2023-10-11 09:00:18 Hasta 2023-10-11 09:05:18',NULL,NULL,NULL,'INICIANDO','2023-10-11 15:55:55','2023-10-11 15:55:55',NULL),(159,76,'325','Playback 5 minutos','FC SANTA ISABEL - P.A 100','Desde 2023-10-12 00:39:17 Hasta 2023-10-12 00:44:17',NULL,NULL,NULL,'INICIANDO','2023-10-12 14:01:28','2023-10-12 14:01:28',NULL),(160,76,'322','Playback 5 minutos','FC LA ESPERANZA - P.A 97','Desde 2023-10-11 18:50:02 Hasta 2023-10-11 18:55:02',NULL,NULL,NULL,'INICIANDO','2023-10-12 14:05:09','2023-10-12 14:05:09',NULL),(161,76,'322','Playback 5 minutos','FC LA ESPERANZA - P.A 97','Desde 2023-10-11 17:35:02 Hasta 2023-10-11 17:40:02',NULL,NULL,NULL,'INICIANDO','2023-10-12 14:05:44','2023-10-12 14:05:44',NULL),(162,76,'325','Playback 5 minutos','FC SANTA ISABEL - P.A 100','Desde 2023-09-27 08:10:57 Hasta 2023-09-27 08:15:57',NULL,NULL,NULL,'INICIANDO','2023-10-12 14:12:37','2023-10-12 14:12:37',NULL),(163,76,'325','Playback 5 minutos','FC SANTA ISABEL - P.A 100','Desde 2023-09-27 19:42:57 Hasta 2023-09-27 19:47:57',NULL,NULL,NULL,'INICIANDO','2023-10-12 14:15:08','2023-10-12 14:15:08',NULL),(164,76,'325','Playback 5 minutos','FC SANTA ISABEL - P.A 100','Desde 2023-09-27 19:42:57 Hasta 2023-09-27 19:47:57',NULL,NULL,NULL,'INICIANDO','2023-10-12 14:40:12','2023-10-12 14:40:12',NULL),(165,76,'229','Playback 5 minutos','FC BARRIO LA VENTURA - P.A 15','Desde 2023-10-12 06:09:21 Hasta 2023-10-12 06:14:21',NULL,NULL,NULL,'INICIANDO','2023-10-12 15:09:33','2023-10-12 15:09:33',NULL),(166,76,'228','Playback 5 minutos','FC LA MERCE - P.A 3','Desde 2023-10-12 08:35:33 Hasta 2023-10-12 08:40:33',NULL,NULL,NULL,'INICIANDO','2023-10-12 15:35:57','2023-10-12 15:35:57',NULL),(167,76,'228','Playback 5 minutos','FC LA MERCE - P.A 3','Desde 2023-10-12 09:50:27 Hasta 2023-10-12 09:55:27',NULL,NULL,NULL,'INICIANDO','2023-10-12 15:55:37','2023-10-12 15:55:37',NULL),(168,76,'228','Playback 5 minutos','FC LA MERCE - P.A 3','Desde 2023-09-27 07:42:35 Hasta 2023-09-27 07:47:35',NULL,NULL,NULL,'INICIANDO','2023-10-12 16:00:49','2023-10-12 16:00:49',NULL),(169,76,'325','Playback 5 minutos','FC SANTA ISABEL - P.A 100','Desde 2023-09-27 07:42:03 Hasta 2023-09-27 07:47:03',NULL,NULL,NULL,'INICIANDO','2023-10-12 16:01:16','2023-10-12 16:01:16',NULL),(170,76,'325','Playback 5 minutos','FC SANTA ISABEL - P.A 100','Desde 2023-09-27 19:42:03 Hasta 2023-09-27 19:47:03',NULL,NULL,NULL,'INICIANDO','2023-10-12 16:01:35','2023-10-12 16:01:35',NULL),(171,76,'325','Playback 5 minutos','FC SANTA ISABEL - P.A 100','Desde 2023-09-27 19:42:03 Hasta 2023-09-27 19:47:03',NULL,NULL,NULL,'INICIANDO','2023-10-12 16:02:26','2023-10-12 16:02:26',NULL),(172,76,'325','Playback 5 minutos','FC SANTA ISABEL - P.A 100','Desde 2023-09-27 19:42:22 Hasta 2023-09-27 19:47:22',NULL,NULL,NULL,'INICIANDO','2023-10-12 16:03:36','2023-10-12 16:03:36',NULL),(173,76,'325','Playback 5 minutos','FC SANTA ISABEL - P.A 100','Desde 2023-10-12 06:29:52 Hasta 2023-10-12 06:34:52',NULL,NULL,NULL,'INICIANDO','2023-10-12 16:20:02','2023-10-12 16:20:02',NULL),(174,76,'325','Playback 5 minutos','FC SANTA ISABEL - P.A 100','Desde 2023-09-27 19:42:52 Hasta 2023-09-27 19:47:52',NULL,NULL,NULL,'INICIANDO','2023-10-12 16:20:50','2023-10-12 16:20:50',NULL),(175,76,'325','Playback 5 minutos','FC SANTA ISABEL - P.A 100','Desde 2023-09-27 19:42:57 Hasta 2023-09-27 19:47:57',NULL,NULL,NULL,'INICIANDO','2023-10-12 16:22:20','2023-10-12 16:22:20',NULL),(176,49,'325','na','FC SANTA ISABEL - P.A 100','Desde 2023-10-12 05:25:57 Hasta 2023-10-12 05:26:57',NULL,NULL,NULL,'INICIANDO','2023-10-12 16:41:22','2023-10-12 16:41:22',NULL),(177,49,'325','na','FC SANTA ISABEL - P.A 100','Desde 2023-10-12 11:40:10 Hasta 2023-10-12 11:42:10',NULL,NULL,NULL,'INICIANDO','2023-10-12 16:43:40','2023-10-12 16:43:40',NULL),(178,49,'325','na','FC SANTA ISABEL - P.A 100','Desde 2023-10-12 11:40:13 Hasta 2023-10-12 11:43:13',NULL,NULL,NULL,'INICIANDO','2023-10-12 16:44:48','2023-10-12 16:44:48',NULL),(179,49,'325','na','FC SANTA ISABEL - P.A 100','Desde 2023-10-12 11:40:16 Hasta 2023-10-12 11:41:16',NULL,NULL,NULL,'INICIANDO','2023-10-12 16:46:05','2023-10-12 16:46:05',NULL),(180,49,'325','na','FC SANTA ISABEL - P.A 100','Desde 2023-10-12 11:40:16 Hasta 2023-10-12 11:41:16',NULL,NULL,NULL,'INICIANDO','2023-10-12 16:46:37','2023-10-12 16:46:37',NULL),(181,49,'325','na','FC SANTA ISABEL - P.A 100','Desde 2023-10-12 11:40:16 Hasta 2023-10-12 11:41:16',NULL,NULL,NULL,'INICIANDO','2023-10-12 16:47:10','2023-10-12 16:47:10',NULL),(182,49,'325','na','FC SANTA ISABEL - P.A 100','Desde 2023-10-12 11:40:16 Hasta 2023-10-12 11:41:16',NULL,NULL,NULL,'INICIANDO','2023-10-12 16:47:30','2023-10-12 16:47:30',NULL),(183,49,'325','na','FC SANTA ISABEL - P.A 100','Desde 2023-10-12 11:40:16 Hasta 2023-10-12 11:41:16',NULL,NULL,NULL,'INICIANDO','2023-10-12 16:47:46','2023-10-12 16:47:46',NULL),(184,49,'325','ns','FC SANTA ISABEL - P.A 100','Desde 2023-10-12 11:45:02 Hasta 2023-10-12 11:46:02',NULL,NULL,NULL,'INICIANDO','2023-10-12 16:50:19','2023-10-12 16:50:19',NULL),(185,49,'229','na','FC BARRIO LA VENTURA - P.A 15','Desde 2023-10-12 11:40:42 Hasta 2023-10-12 11:41:42',NULL,NULL,NULL,'INICIANDO','2023-10-12 16:51:01','2023-10-12 16:51:01',NULL),(186,49,'228','na','FC LA MERCE - P.A 3','Desde 2023-10-11 23:50:55 Hasta 2023-10-11 23:51:55',NULL,NULL,NULL,'INICIANDO','2023-10-12 16:52:24','2023-10-12 16:52:24',NULL),(187,49,'325','na','FC SANTA ISABEL - P.A 100','Desde 2023-10-12 11:50:20 Hasta 2023-10-12 11:52:20',NULL,NULL,NULL,'INICIANDO','2023-10-12 16:55:15','2023-10-12 16:55:15',NULL),(188,49,'228','na','FC LA MERCE - P.A 3','Desde 2023-10-12 11:50:31 Hasta 2023-10-12 11:57:31',NULL,NULL,NULL,'INICIANDO','2023-10-12 16:57:48','2023-10-12 16:57:48',NULL),(189,49,'228','na','FC LA MERCE - P.A 3','Desde 2023-10-12 11:50:31 Hasta 2023-10-12 11:57:31',NULL,NULL,NULL,'INICIANDO','2023-10-12 16:58:18','2023-10-12 16:58:18',NULL),(190,49,'228','na','FC LA MERCE - P.A 3','Desde 2023-10-12 11:50:31 Hasta 2023-10-12 11:57:31',NULL,NULL,NULL,'INICIANDO','2023-10-12 16:58:34','2023-10-12 16:58:34',NULL),(191,49,'228','na','FC LA MERCE - P.A 3','Desde 2023-10-12 11:50:31 Hasta 2023-10-12 11:57:31',NULL,NULL,NULL,'INICIANDO','2023-10-12 16:58:45','2023-10-12 16:58:45',NULL),(192,49,'228','na','FC LA MERCE - P.A 3','Desde 2023-10-12 11:50:52 Hasta 2023-10-12 11:58:52',NULL,NULL,NULL,'INICIANDO','2023-10-12 17:06:09','2023-10-12 17:06:09',NULL),(193,76,'228','Playback 5 minutos','FC LA MERCE - P.A 3','Desde 2023-10-13 07:00:50 Hasta 2023-10-13 07:05:50',NULL,NULL,NULL,'INICIANDO','2023-10-13 13:22:02','2023-10-13 13:22:02',NULL),(194,49,'228','Prueba d.','FC LA MERCE - P.A 3','Desde 2023-11-01 07:00:52 Hasta 2023-11-01 07:10:52',NULL,NULL,NULL,'INICIANDO','2023-11-01 13:00:28','2023-11-01 13:00:28',NULL),(195,49,'231','prueba','FC BALBOA - P.A 16','Desde 2023-11-01 07:00:22 Hasta 2023-11-01 07:10:22',NULL,NULL,NULL,'INICIANDO','2023-11-01 13:01:50','2023-11-01 13:01:50',NULL),(196,49,'231','prueba 2','FC BALBOA - P.A 16','Desde 2023-11-01 07:00:02 Hasta 2023-11-01 07:05:02',NULL,NULL,NULL,'INICIANDO','2023-11-01 13:06:58','2023-11-01 13:06:58',NULL),(197,49,'230','na','FC ALTO BONITO - P.A 19','Desde 2023-11-01 07:00:14 Hasta 2023-11-01 07:05:14',NULL,NULL,NULL,'INICIANDO','2023-11-01 13:09:46','2023-11-01 13:09:46',NULL),(198,49,'230','na','FC ALTO BONITO - P.A 19','Desde 2023-11-01 07:00:53 Hasta 2023-11-01 07:05:53',NULL,NULL,NULL,'INICIANDO','2023-11-01 13:10:14','2023-11-01 13:10:14',NULL),(199,49,'231','na','FC BALBOA - P.A 16','Desde 2023-11-01 07:00:24 Hasta 2023-11-01 07:05:24',NULL,NULL,NULL,'INICIANDO','2023-11-01 13:59:50','2023-11-01 13:59:50',NULL),(200,49,'231','na','FC BALBOA - P.A 16','Desde 2023-11-01 08:00:06 Hasta 2023-11-01 08:04:06',NULL,NULL,NULL,'INICIANDO','2023-11-01 14:03:14','2023-11-01 14:03:14',NULL),(201,49,'231','na','FC BALBOA - P.A 16','Desde 2023-11-01 08:03:32 Hasta 2023-11-01 08:06:32',NULL,NULL,NULL,'INICIANDO','2023-11-01 14:03:49','2023-11-01 14:03:49',NULL),(202,49,'231','na','FC BALBOA - P.A 16','Desde 2023-11-01 08:04:09 Hasta 2023-11-01 08:05:09',NULL,NULL,NULL,'INICIANDO','2023-11-01 14:04:23','2023-11-01 14:04:23',NULL),(203,49,'231','na','FC BALBOA - P.A 16','Desde 2023-11-01 08:04:51 Hasta 2023-11-01 08:07:51',NULL,NULL,NULL,'INICIANDO','2023-11-01 14:05:05','2023-11-01 14:05:05',NULL),(204,49,'231','na','FC BALBOA - P.A 16','Desde 2023-11-01 08:01:52 Hasta 2023-11-01 08:05:52',NULL,NULL,NULL,'INICIANDO','2023-11-01 14:07:13','2023-11-01 14:07:13',NULL),(205,49,'231','na','FC BALBOA - P.A 16','Desde 2023-11-01 08:12:08 Hasta 2023-11-01 08:14:08',NULL,NULL,NULL,'INICIANDO','2023-11-01 14:12:54','2023-11-01 14:12:54',NULL),(206,76,'231','Playback 5 minutos','FC BALBOA - P.A 16','Desde 2023-11-01 09:13:39 Hasta 2023-11-01 09:18:39',NULL,NULL,NULL,'INICIANDO','2023-11-01 14:20:00','2023-11-01 14:20:00',NULL),(207,49,'231','na','FC BALBOA - P.A 16','Desde 2023-11-01 08:00:29 Hasta 2023-11-01 08:05:29',NULL,NULL,NULL,'INICIANDO','2023-11-01 14:22:54','2023-11-01 14:22:54',NULL),(208,49,'231','na','FC BALBOA - P.A 16','Desde 2023-11-01 08:01:02 Hasta 2023-11-01 08:04:02',NULL,NULL,NULL,'INICIANDO','2023-11-01 14:24:34','2023-11-01 14:24:34',NULL),(209,49,'231','na','FC BALBOA - P.A 16','Desde 2023-11-01 08:25:23 Hasta 2023-11-01 08:29:23',NULL,NULL,NULL,'INICIANDO','2023-11-01 14:25:36','2023-11-01 14:25:36',NULL),(210,49,'231','na','FC BALBOA - P.A 16','Desde 2023-11-01 08:26:56 Hasta 2023-11-01 08:29:56',NULL,NULL,NULL,'INICIANDO','2023-11-01 14:27:51','2023-11-01 14:27:51',NULL),(211,49,'231','na','FC BALBOA - P.A 16','Desde 2023-11-01 08:31:16 Hasta 2023-11-01 08:35:16',NULL,NULL,NULL,'INICIANDO','2023-11-01 14:32:11','2023-11-01 14:32:11',NULL),(212,49,'231','na','FC BALBOA - P.A 16','Desde 2023-11-01 08:31:00 Hasta 2023-11-01 08:32:00',NULL,NULL,NULL,'INICIANDO','2023-11-01 14:34:14','2023-11-01 14:34:14',NULL),(213,49,'231','na','FC BALBOA - P.A 16','Desde 2023-11-01 08:30:19 Hasta 2023-11-01 08:35:19',NULL,NULL,NULL,'INICIANDO','2023-11-01 14:37:01','2023-11-01 14:37:01',NULL),(214,76,'248','Playback 5 minutos','FC COLOMBIA - P.A 57','Desde 2023-11-19 13:32:37 Hasta 2023-11-19 13:37:37',NULL,NULL,NULL,'INICIANDO','2023-11-20 18:32:52','2023-11-20 18:32:52',NULL),(215,76,'255','Playback 5 minutos','FC BOSQUES DE VERSALLES - P.A 63','Desde 2023-11-19 13:44:45 Hasta 2023-11-19 13:49:45',NULL,NULL,NULL,'INICIANDO','2023-11-20 18:45:41','2023-11-20 18:45:41',NULL),(216,76,'261','Playback 5 minutos','FC PARQUES DE LA ITALIA - P.A 69','Desde 2023-11-20 12:00:11 Hasta 2023-11-20 12:05:11',NULL,NULL,NULL,'INICIANDO','2023-11-20 18:55:26','2023-11-20 18:55:26',NULL),(217,76,'261','Playback 5 minutos','FC PARQUES DE LA ITALIA - P.A 69','Desde 2023-11-20 12:00:11 Hasta 2023-11-20 12:05:11',NULL,NULL,NULL,'INICIANDO','2023-11-20 18:56:43','2023-11-20 18:56:43',NULL),(218,76,'248','Playback 5 minutos','FC COLOMBIA - P.A 57','Desde 2023-11-20 13:00:11 Hasta 2023-11-20 13:05:11',NULL,NULL,NULL,'INICIANDO','2023-11-20 19:04:31','2023-11-20 19:04:31',NULL),(219,76,'248','Playback 5 minutos','FC COLOMBIA - P.A 57','Desde 2023-11-20 13:00:11 Hasta 2023-11-20 13:05:11',NULL,NULL,NULL,'INICIANDO','2023-11-20 19:05:48','2023-11-20 19:05:48',NULL),(220,76,'340','Playback 5 minutos','FC PUERTO NUEVO - P.A 43','Desde 2023-11-20 14:00:44 Hasta 2023-11-20 14:05:44',NULL,NULL,NULL,'INICIANDO','2023-11-20 19:24:17','2023-11-20 19:24:17',NULL),(221,76,'261','Playback 5 minutos','FC PARQUES DE LA ITALIA - P.A 69','Desde 2023-11-20 14:30:25 Hasta 2023-11-20 14:35:25',NULL,NULL,NULL,'INICIANDO','2023-11-20 19:37:53','2023-11-20 19:37:53',NULL),(222,49,'228','na','FC LA MERCE - P.A 3','Desde 2023-11-20 15:30:02 Hasta 2023-11-20 15:34:02',NULL,NULL,NULL,'INICIANDO','2023-11-20 21:04:22','2023-11-20 21:04:22',NULL),(223,49,'228','na','FC LA MERCE - P.A 3','Desde 2023-11-20 16:00:40 Hasta 2023-11-20 16:06:40',NULL,NULL,NULL,'INICIANDO','2023-11-20 21:59:02','2023-11-20 21:59:02',NULL),(224,49,'228','na','FC LA MERCE - P.A 3','Desde 2023-11-20 16:00:40 Hasta 2023-11-20 16:06:40',NULL,NULL,NULL,'INICIANDO','2023-11-20 21:59:59','2023-11-20 21:59:59',NULL),(225,49,'228','na','FC LA MERCE - P.A 3','Desde 2023-11-20 16:00:40 Hasta 2023-11-20 16:06:40',NULL,NULL,NULL,'INICIANDO','2023-11-20 22:02:55','2023-11-20 22:02:55',NULL),(226,49,'228','na','FC LA MERCE - P.A 3','Desde 2023-11-20 16:00:40 Hasta 2023-11-20 16:06:40',NULL,NULL,NULL,'INICIANDO','2023-11-20 22:05:08','2023-11-20 22:05:08',NULL),(227,49,'228','na','FC LA MERCE - P.A 3','Desde 2023-11-20 16:00:40 Hasta 2023-11-20 16:06:40',NULL,NULL,NULL,'INICIANDO','2023-11-20 22:05:46','2023-11-20 22:05:46',NULL),(228,49,'228','na','FC LA MERCE - P.A 3','Desde 2023-11-20 16:00:40 Hasta 2023-11-20 16:06:40',NULL,NULL,NULL,'INICIANDO','2023-11-20 22:07:59','2023-11-20 22:07:59',NULL),(229,49,'228','na','FC LA MERCE - P.A 3','Desde 2023-11-20 16:00:40 Hasta 2023-11-20 16:06:40',NULL,NULL,NULL,'INICIANDO','2023-11-20 22:08:18','2023-11-20 22:08:18',NULL),(230,49,'228','na','FC LA MERCE - P.A 3','Desde 2023-11-20 16:00:40 Hasta 2023-11-20 16:06:40',NULL,NULL,NULL,'INICIANDO','2023-11-20 22:13:32','2023-11-20 22:13:32',NULL),(231,49,'228','na','FC LA MERCE - P.A 3','Desde 2023-11-20 16:00:40 Hasta 2023-11-20 16:06:40',NULL,NULL,NULL,'INICIANDO','2023-11-20 22:15:27','2023-11-20 22:15:27',NULL),(232,49,'228','na','FC LA MERCE - P.A 3','Desde 2023-11-20 17:10:58 Hasta 2023-11-20 17:15:58',NULL,NULL,NULL,'INICIANDO','2023-11-20 22:16:58','2023-11-20 22:16:58',NULL),(233,49,'228','na','FC LA MERCE - P.A 3','Desde 2023-11-20 17:10:58 Hasta 2023-11-20 17:15:58',NULL,NULL,NULL,'INICIANDO','2023-11-20 22:17:51','2023-11-20 22:17:51',NULL),(234,49,'228','na','FC LA MERCE - P.A 3','Desde 2023-11-20 17:10:58 Hasta 2023-11-20 17:15:58',NULL,NULL,NULL,'INICIANDO','2023-11-20 22:21:14','2023-11-20 22:21:14',NULL),(235,49,'228','na','FC LA MERCE - P.A 3','Desde 2023-11-20 17:20:11 Hasta 2023-11-20 17:24:11',NULL,NULL,NULL,'INICIANDO','2023-11-20 22:27:26','2023-11-20 22:27:26',NULL),(236,49,'228','na','FC LA MERCE - P.A 3','Desde 2023-11-20 17:20:11 Hasta 2023-11-20 17:24:11',NULL,NULL,NULL,'INICIANDO','2023-11-20 22:28:17','2023-11-20 22:28:17',NULL),(237,49,'228','na','FC LA MERCE - P.A 3','Desde 2023-11-20 17:19:50 Hasta 2023-11-20 17:21:50',NULL,NULL,NULL,'INICIANDO','2023-11-20 22:29:02','2023-11-20 22:29:02',NULL),(238,49,'228','na','FC LA MERCE - P.A 3','Desde 2023-11-21 07:20:50 Hasta 2023-11-21 07:25:50',NULL,NULL,NULL,'INICIANDO','2023-11-22 12:23:27','2023-11-22 12:23:27',NULL),(239,76,'228','Playback 5 minutos','FC LA MERCE - P.A 3','Desde 2023-11-22 06:30:19 Hasta 2023-11-22 06:35:19',NULL,NULL,NULL,'INICIANDO','2023-11-22 12:30:31','2023-11-22 12:30:31',NULL),(240,76,'228','Playback 5 minutos','FC LA MERCE - P.A 3','Desde 2023-11-21 06:30:19 Hasta 2023-11-21 06:35:19',NULL,NULL,NULL,'INICIANDO','2023-11-22 12:36:00','2023-11-22 12:36:00',NULL),(241,76,'228','Playback 5 minutos','FC LA MERCE - P.A 3','Desde 2023-11-22 05:25:06 Hasta 2023-11-22 05:30:06',NULL,NULL,NULL,'INICIANDO','2023-11-22 12:36:28','2023-11-22 12:36:28',NULL),(242,76,'228','Playback 5 minutos','FC LA MERCE - P.A 3','Desde 2023-11-21 07:45:52 Hasta 2023-11-21 07:50:52',NULL,NULL,NULL,'INICIANDO','2023-11-22 12:46:09','2023-11-22 12:46:09',NULL),(243,49,'228','na','FC LA MERCE - P.A 3','Desde 2023-11-21 06:30:33 Hasta 2023-11-21 06:35:33',NULL,NULL,NULL,'INICIANDO','2023-11-22 12:47:44','2023-11-22 12:47:44',NULL),(244,76,'228','Playback 5 minutos','FC LA MERCE - P.A 3','Desde 2023-11-21 07:48:22 Hasta 2023-11-21 07:53:22',NULL,NULL,NULL,'INICIANDO','2023-11-22 12:50:14','2023-11-22 12:50:14',NULL),(245,76,'228','Playback 5 minutos','FC LA MERCE - P.A 3','Desde 2023-11-21 07:48:22 Hasta 2023-11-21 07:53:22',NULL,NULL,NULL,'INICIANDO','2023-11-22 12:50:59','2023-11-22 12:50:59',NULL),(246,49,'228','na','FC LA MERCE - P.A 3','Desde 2023-11-21 07:30:22 Hasta 2023-11-21 07:35:22',NULL,NULL,NULL,'INICIANDO','2023-11-22 12:51:17','2023-11-22 12:51:17',NULL),(247,49,'228','na','FC LA MERCE - P.A 3','Desde 2023-11-22 06:30:16 Hasta 2023-11-22 06:34:16',NULL,NULL,NULL,'INICIANDO','2023-11-22 12:54:33','2023-11-22 12:54:33',NULL),(248,49,'228','na','FC LA MERCE - P.A 3','Desde 2023-11-22 06:30:16 Hasta 2023-11-22 06:34:16',NULL,NULL,NULL,'INICIANDO','2023-11-22 12:54:54','2023-11-22 12:54:54',NULL),(249,49,'228','na','FC LA MERCE - P.A 3','Desde 2023-11-22 06:30:16 Hasta 2023-11-22 06:34:16',NULL,NULL,NULL,'INICIANDO','2023-11-22 12:55:40','2023-11-22 12:55:40',NULL),(250,49,'228','na','FC LA MERCE - P.A 3','Desde 2023-11-21 06:30:50 Hasta 2023-11-21 06:33:50',NULL,NULL,NULL,'INICIANDO','2023-11-22 12:57:21','2023-11-22 12:57:21',NULL),(251,49,'228','na','FC LA MERCE - P.A 3','Desde 2023-11-21 08:00:50 Hasta 2023-11-21 08:02:50',NULL,NULL,NULL,'INICIANDO','2023-11-22 13:05:09','2023-11-22 13:05:09',NULL),(252,49,'228','na','FC LA MERCE - P.A 3','Desde 2023-11-21 07:00:23 Hasta 2023-11-21 07:04:23',NULL,NULL,NULL,'INICIANDO','2023-11-22 13:07:06','2023-11-22 13:07:06',NULL),(253,49,'228','na','FC LA MERCE - P.A 3','Desde 2023-11-22 08:00:56 Hasta 2023-11-22 08:05:56',NULL,NULL,NULL,'INICIANDO','2023-11-22 13:08:18','2023-11-22 13:08:18',NULL),(254,49,'228','na','FC LA MERCE - P.A 3','Desde 2023-11-22 08:00:05 Hasta 2023-11-22 08:05:05',NULL,NULL,NULL,'INICIANDO','2023-11-22 13:11:36','2023-11-22 13:11:36',NULL),(255,49,'228','na','FC LA MERCE - P.A 3','Desde 2023-11-22 08:00:44 Hasta 2023-11-22 08:05:44',NULL,NULL,NULL,'INICIANDO','2023-11-22 13:14:02','2023-11-22 13:14:02',NULL),(256,49,'228','na','FC LA MERCE - P.A 3','Desde 2023-11-21 08:00:55 Hasta 2023-11-21 08:05:55',NULL,NULL,NULL,'INICIANDO','2023-11-22 13:19:25','2023-11-22 13:19:25',NULL),(257,49,'228','na','FC LA MERCE - P.A 3','Desde 2023-11-22 08:00:28 Hasta 2023-11-22 08:05:28',NULL,NULL,NULL,'INICIANDO','2023-11-22 13:21:51','2023-11-22 13:21:51',NULL),(258,49,'228','na','FC LA MERCE - P.A 3','Desde 2023-11-22 08:00:42 Hasta 2023-11-22 08:05:42',NULL,NULL,NULL,'INICIANDO','2023-11-22 13:23:56','2023-11-22 13:23:56',NULL),(259,49,'228','na','FC LA MERCE - P.A 3','Desde 2023-11-22 08:01:22 Hasta 2023-11-22 08:03:22',NULL,NULL,NULL,'INICIANDO','2023-11-22 13:25:35','2023-11-22 13:25:35',NULL),(260,76,'228','Playback 5 minutos','FC LA MERCE - P.A 3','Desde 2023-11-22 08:01:22 Hasta 2023-11-22 08:06:22',NULL,NULL,NULL,'INICIANDO','2023-11-22 13:27:06','2023-11-22 13:27:06',NULL),(261,76,'496','Playback 5 minutos','BODEGA_SOL','Desde 2024-02-06 09:00:38 Hasta 2024-02-06 09:05:38',NULL,NULL,NULL,'INICIANDO','2024-02-07 14:08:21','2024-02-07 09:08:21',NULL),(262,76,'405','Playback 5 minutos','Loteka Plaza Platium','Desde 2024-02-13 11:37:52 Hasta 2024-02-13 11:42:52',NULL,NULL,NULL,'INICIANDO','2024-02-14 16:48:49','2024-02-14 11:48:49',NULL),(263,76,'405','Playback 5 minutos','Loteka Plaza Platium','Desde 2024-02-13 10:00:52 Hasta 2024-02-13 10:05:52',NULL,NULL,NULL,'INICIANDO','2024-02-14 16:50:18','2024-02-14 11:50:18',NULL),(264,76,'405','Playback 5 minutos','Loteka Plaza Platium','Desde 2024-02-13 10:00:52 Hasta 2024-02-13 10:05:52',NULL,NULL,NULL,'INICIANDO','2024-02-14 16:50:35','2024-02-14 11:50:35',NULL),(265,76,'405','Playback 5 minutos','Loteka Plaza Platium','Desde 2024-02-12 11:58:10 Hasta 2024-02-12 12:03:10',NULL,NULL,NULL,'INICIANDO','2024-02-14 17:00:12','2024-02-14 12:00:12',NULL),(266,76,'405','Playback 5 minutos','Loteka Plaza Platium','Desde 2024-02-10 11:58:10 Hasta 2024-02-10 12:03:10',NULL,NULL,NULL,'INICIANDO','2024-02-14 17:03:34','2024-02-14 12:03:34',NULL),(267,76,'609','Playback 5 minutos','Torre Marval - Hall Piso 19','Desde 2024-02-27 07:40:29 Hasta 2024-02-27 07:45:29',NULL,NULL,NULL,'INICIANDO','2024-02-28 12:40:54','2024-02-28 07:40:54',NULL),(268,76,'399','Playback 5 minutos','Higüey Sport 5','Desde 2024-02-24 09:31:52 Hasta 2024-02-24 09:36:52',NULL,NULL,NULL,'INICIANDO','2024-02-28 14:32:34','2024-02-28 09:32:34',NULL),(269,76,'556','Playback 5 minutos','PAQUEADERO EXTERNO','Desde 2024-02-27 09:36:54 Hasta 2024-02-27 09:41:54',NULL,NULL,NULL,'INICIANDO','2024-02-28 14:37:35','2024-02-28 09:37:35',NULL),(270,76,'399','Playback 5 minutos','Higüey Sport 5','Desde 2024-02-22 10:09:28 Hasta 2024-02-22 10:14:28',NULL,NULL,NULL,'INICIANDO','2024-02-28 15:10:17','2024-02-28 10:10:17',NULL),(271,76,'399','Playback 5 minutos','Higüey Sport 5','Desde 2024-02-22 10:00:28 Hasta 2024-02-22 10:05:28',NULL,NULL,NULL,'INICIANDO','2024-02-28 15:10:54','2024-02-28 10:10:54',NULL),(272,76,'405','Playback 5 minutos','Loteka Plaza Platium','Desde 2024-02-27 11:00:30 Hasta 2024-02-27 11:05:30',NULL,NULL,NULL,'INICIANDO','2024-02-28 15:14:05','2024-02-28 10:14:05',NULL),(273,76,'405','Playback 5 minutos','Loteka Plaza Platium','Desde 2024-04-18 15:30:23 Hasta 2024-04-18 15:35:23',NULL,NULL,NULL,'INICIANDO','2024-04-19 13:08:57','2024-04-19 12:08:57',NULL),(274,76,'405','Playback 5 minutos','Loteka Plaza Platium','Desde 2024-04-17 15:30:23 Hasta 2024-04-17 15:35:23',NULL,NULL,NULL,'INICIANDO','2024-04-19 13:09:43','2024-04-19 12:09:43',NULL),(275,76,'405','Playback 5 minutos','Loteka Plaza Platium','Desde 2024-04-16 15:30:23 Hasta 2024-04-16 15:35:23',NULL,NULL,NULL,'INICIANDO','2024-04-19 13:09:58','2024-04-19 12:09:58',NULL),(276,76,'405','Playback 5 minutos','Loteka Plaza Platium','Desde 2024-04-14 15:30:23 Hasta 2024-04-14 15:35:23',NULL,NULL,NULL,'INICIANDO','2024-04-19 13:10:20','2024-04-19 12:10:20',NULL),(277,76,'405','Playback 5 minutos','Loteka Plaza Platium','Desde 2024-04-12 20:18:23 Hasta 2024-04-12 20:23:23',NULL,NULL,NULL,'INICIANDO','2024-04-19 13:11:56','2024-04-19 12:11:56',NULL),(278,76,'405','Playback 5 minutos','Loteka Plaza Platium','Desde 2024-04-12 19:18:23 Hasta 2024-04-12 19:23:23',NULL,NULL,NULL,'INICIANDO','2024-04-19 13:12:38','2024-04-19 12:12:38',NULL),(279,76,'405','Playback 5 minutos','Loteka Plaza Platium','Desde 2024-04-18 20:14:23 Hasta 2024-04-18 20:19:23',NULL,NULL,NULL,'INICIANDO','2024-04-19 13:15:29','2024-04-19 12:15:29',NULL),(280,76,'405','Playback 5 minutos','Loteka Plaza Platium','Desde 2024-04-12 20:14:23 Hasta 2024-04-12 20:19:23',NULL,NULL,NULL,'INICIANDO','2024-04-19 13:16:02','2024-04-19 12:16:02',NULL),(281,76,'405','Playback 5 minutos','Loteka Plaza Platium','Desde 2024-04-18 08:14:23 Hasta 2024-04-18 08:19:23',NULL,NULL,NULL,'INICIANDO','2024-04-19 13:16:43','2024-04-19 12:16:43',NULL),(282,76,'405','Playback 5 minutos','Loteka Plaza Platium','Desde 2024-04-15 08:14:23 Hasta 2024-04-15 08:19:23',NULL,NULL,NULL,'INICIANDO','2024-04-19 13:17:43','2024-04-19 12:17:43',NULL),(283,76,'405','Playback 5 minutos','Loteka Plaza Platium','Desde 2024-04-15 15:00:23 Hasta 2024-04-15 15:05:23',NULL,NULL,NULL,'INICIANDO','2024-04-19 13:18:04','2024-04-19 12:18:04',NULL),(284,76,'405','Playback 5 minutos','Loteka Plaza Platium','Desde 2024-04-15 15:00:23 Hasta 2024-04-15 15:05:23',NULL,NULL,NULL,'INICIANDO','2024-04-19 13:18:34','2024-04-19 12:18:34',NULL),(285,76,'405','Playback 5 minutos','Loteka Plaza Platium','Desde 2024-04-15 15:00:23 Hasta 2024-04-15 15:05:23',NULL,NULL,NULL,'INICIANDO','2024-04-19 13:19:06','2024-04-19 12:19:06',NULL),(286,76,'405','Playback 5 minutos','Loteka Plaza Platium','Desde 2024-04-15 16:30:23 Hasta 2024-04-15 16:35:23',NULL,NULL,NULL,'INICIANDO','2024-04-19 13:19:40','2024-04-19 12:19:40',NULL),(287,76,'405','Playback 5 minutos','Loteka Plaza Platium','Desde 2024-04-15 16:30:23 Hasta 2024-04-15 16:35:23',NULL,NULL,NULL,'INICIANDO','2024-04-19 13:21:25','2024-04-19 12:21:25',NULL),(288,76,'405','Playback 5 minutos','Loteka Plaza Platium','Desde 2024-04-15 15:40:23 Hasta 2024-04-15 15:45:23',NULL,NULL,NULL,'INICIANDO','2024-04-19 13:22:25','2024-04-19 12:22:25',NULL),(289,76,'399','Playback 5 minutos','Higüey Sport 5','Desde 2024-05-01 06:41:24 Hasta 2024-05-01 06:46:24',NULL,NULL,NULL,'INICIANDO','2024-05-02 11:42:02','2024-05-02 10:42:02',NULL),(290,76,'405','Playback 5 minutos','Loteka Plaza Platium','Desde 2024-04-30 10:00:59 Hasta 2024-04-30 10:05:59',NULL,NULL,NULL,'INICIANDO','2024-05-02 13:00:53','2024-05-02 12:00:53',NULL),(291,76,'405','Playback 5 minutos','Loteka Plaza Platium','Desde 2024-04-30 10:00:59 Hasta 2024-04-30 10:05:59',NULL,NULL,NULL,'INICIANDO','2024-05-02 13:02:23','2024-05-02 12:02:23',NULL),(292,76,'405','Playback 5 minutos','Loteka Plaza Platium','Desde 2024-04-30 11:30:59 Hasta 2024-04-30 11:35:59',NULL,NULL,NULL,'INICIANDO','2024-05-02 13:02:35','2024-05-02 12:02:35',NULL),(293,76,'587','Playback 5 minutos','Camara 2','Desde 2024-05-06 10:30:35 Hasta 2024-05-06 10:35:35',NULL,NULL,NULL,'INICIANDO','2024-05-06 16:29:52','2024-05-06 15:29:52',NULL),(294,76,'587','Playback 5 minutos','Camara 2','Desde 2024-05-06 10:30:35 Hasta 2024-05-06 10:35:35',NULL,NULL,NULL,'INICIANDO','2024-05-06 16:33:04','2024-05-06 15:33:04',NULL),(295,76,'587','Playback 5 minutos','Camara 2','Desde 2024-05-06 11:30:35 Hasta 2024-05-06 11:35:35',NULL,NULL,NULL,'INICIANDO','2024-05-06 16:37:20','2024-05-06 15:37:20',NULL),(296,76,'587','Playback 5 minutos','Camara 2','Desde 2024-05-06 09:30:35 Hasta 2024-05-06 09:35:35',NULL,NULL,NULL,'INICIANDO','2024-05-06 16:37:46','2024-05-06 15:37:46',NULL),(297,76,'587','Playback 5 minutos','Camara 2','Desde 2024-05-06 10:30:35 Hasta 2024-05-06 10:35:35',NULL,NULL,NULL,'INICIANDO','2024-05-06 16:38:24','2024-05-06 15:38:24',NULL),(298,76,'402','Playback 5 minutos','Loteka 697 La Sirena','Desde 2024-05-06 12:00:36 Hasta 2024-05-06 12:05:36',NULL,NULL,NULL,'INICIANDO','2024-05-06 21:55:35','2024-05-06 20:55:35',NULL),(299,76,'587','Playback 5 minutos','Camara 2','Desde 2024-05-06 10:29:34 Hasta 2024-05-06 10:34:34',NULL,NULL,NULL,'INICIANDO','2024-05-07 14:39:12','2024-05-07 13:39:12',NULL),(300,76,'587','Playback 5 minutos','Camara 2','Desde 2024-05-06 10:29:34 Hasta 2024-05-06 10:34:34',NULL,NULL,NULL,'INICIANDO','2024-05-07 14:40:51','2024-05-07 13:40:51',NULL),(301,76,'467','Playback 5 minutos','CAM_PT','Desde 2024-05-09 10:51:58 Hasta 2024-05-09 10:56:58',NULL,NULL,NULL,'INICIANDO','2024-05-09 16:55:43','2024-05-09 15:55:43',NULL),(302,76,'467','Playback 5 minutos','CAM_PT','Desde 2024-05-08 11:56:43 Hasta 2024-05-08 12:01:43',NULL,NULL,NULL,'INICIANDO','2024-05-09 16:56:58','2024-05-09 15:56:58',NULL),(303,76,'642','Playback 5 minutos','Laboratorio Solutron','Desde 2024-05-10 08:00:17 Hasta 2024-05-10 08:05:17',NULL,NULL,NULL,'INICIANDO','2024-05-10 15:32:45','2024-05-10 14:32:45',NULL),(304,76,'642','Playback 5 minutos','Laboratorio Solutron','Desde 2024-05-10 07:59:17 Hasta 2024-05-10 08:04:17',NULL,NULL,NULL,'INICIANDO','2024-05-10 15:34:24','2024-05-10 14:34:24',NULL),(305,76,'642','Playback 5 minutos','Laboratorio Solutron','Desde 2024-05-10 08:00:27 Hasta 2024-05-10 08:05:27',NULL,NULL,NULL,'INICIANDO','2024-05-10 15:43:44','2024-05-10 14:43:44',NULL),(306,76,'657','Playback 5 minutos','Oficina Segundo Piso','Desde 2024-05-10 11:35:38 Hasta 2024-05-10 11:40:38',NULL,NULL,NULL,'INICIANDO','2024-05-10 16:39:56','2024-05-10 15:39:56',NULL),(307,76,'651','Playback 5 minutos','LABORATORIO_SOL','Desde 2024-05-10 08:00:35 Hasta 2024-05-10 08:05:35',NULL,NULL,NULL,'INICIANDO','2024-05-10 16:41:56','2024-05-10 15:41:56',NULL),(308,76,'647','Playback 5 minutos','LABORATORIO_SOL','Desde 2024-05-10 13:00:55 Hasta 2024-05-10 13:05:55',NULL,NULL,NULL,'INICIANDO','2024-05-10 18:22:20','2024-05-10 17:22:20',NULL),(309,76,'647','Playback 5 minutos','LABORATORIO_SOL','Desde 2024-05-10 13:00:55 Hasta 2024-05-10 13:05:55',NULL,NULL,NULL,'INICIANDO','2024-05-10 18:24:06','2024-05-10 17:24:06',NULL),(310,76,'647','Playback 5 minutos','LABORATORIO_SOL','Desde 2024-05-10 13:03:55 Hasta 2024-05-10 13:08:55',NULL,NULL,NULL,'INICIANDO','2024-05-10 18:34:48','2024-05-10 17:34:48',NULL),(311,76,'647','Playback 5 minutos','LABORATORIO_SOL','Desde 2024-05-10 13:00:55 Hasta 2024-05-10 13:05:55',NULL,NULL,NULL,'INICIANDO','2024-05-10 18:38:40','2024-05-10 17:38:40',NULL),(312,76,'649','Playback 5 minutos','Villa Luz  Cam 1','Desde 2024-05-09 14:52:51 Hasta 2024-05-09 14:57:51',NULL,NULL,NULL,'INICIANDO','2024-05-10 18:43:56','2024-05-10 17:43:56',NULL),(313,76,'649','Playback 5 minutos','Villa Luz  Cam 1','Desde 2024-05-09 14:52:32 Hasta 2024-05-09 14:57:32',NULL,NULL,NULL,'INICIANDO','2024-05-10 18:49:17','2024-05-10 17:49:17',NULL),(314,98,'649','Playback 5 minutos','Villa Luz  Cam 1','Desde 2024-05-09 14:52:00 Hasta 2024-05-09 14:57:00',NULL,NULL,NULL,'INICIANDO','2024-05-10 19:30:28','2024-05-10 18:30:28',NULL),(315,98,'647','Playback 5 minutos','LABORATORIO_SOL','Desde 2024-05-09 14:52:00 Hasta 2024-05-09 14:57:00',NULL,NULL,NULL,'INICIANDO','2024-05-10 20:32:27','2024-05-10 19:32:27',NULL),(316,129,'653','Playback 5 minutos','Villa Luz  Cam 1','Desde 2024-05-09 14:52:00 Hasta 2024-05-09 14:57:00',NULL,NULL,NULL,'INICIANDO','2024-05-10 20:39:26','2024-05-10 19:39:26',NULL),(317,98,'649','Playback 5 minutos','Villa Luz  Cam 1','Desde 2024-05-09 14:52:00 Hasta 2024-05-09 14:57:00',NULL,NULL,NULL,'INICIANDO','2024-05-10 21:32:39','2024-05-10 20:32:39',NULL),(318,52,'467','Playback 5 minutos','CAM_PT','Desde 2024-05-21 15:57:00 Hasta 2024-05-21 16:02:00',NULL,NULL,NULL,'INICIANDO','2024-05-22 20:58:12','2024-05-22 19:58:12',NULL),(319,129,'658','Playback 5 minutos','Reja Puerta Principal','Desde 2024-07-01 16:41:00 Hasta 2024-07-01 16:46:00',NULL,NULL,NULL,'INICIANDO','2024-07-02 21:43:10','2024-07-02 21:43:10',NULL),(320,129,'658','Playback 5 minutos','Reja Puerta Principal','Desde 2024-07-01 16:41:00 Hasta 2024-07-01 16:46:00',NULL,NULL,NULL,'INICIANDO','2024-07-02 21:45:27','2024-07-02 21:45:27',NULL),(321,129,'657','Playback 5 minutos','Oficina Segundo Piso','Desde 2024-07-02 10:01:00 Hasta 2024-07-02 10:06:00',NULL,NULL,NULL,'INICIANDO','2024-07-04 16:16:31','2024-07-04 16:16:31',NULL),(322,129,'658','Playback 5 minutos','Reja Puerta Principal','Desde 2024-07-02 11:17:00 Hasta 2024-07-02 11:22:00',NULL,NULL,NULL,'INICIANDO','2024-07-04 16:17:21','2024-07-04 16:17:21',NULL),(323,129,'651','Playback 5 minutos','LABORATORIO_SOL','Desde 2024-07-16 00:22:00 Hasta 2024-07-16 00:27:00',NULL,NULL,NULL,'INICIANDO','2024-07-18 17:24:36','2024-07-18 17:24:36',NULL),(324,129,'652','Playback 5 minutos','BODEGA_SOL','Desde 2024-07-28 09:00:00 Hasta 2024-07-28 09:05:00',NULL,NULL,NULL,'INICIANDO','2024-07-29 14:12:21','2024-07-29 14:12:21',NULL),(325,129,'652','Playback 5 minutos','BODEGA_SOL','Desde 2024-07-28 15:56:00 Hasta 2024-07-28 16:01:00',NULL,NULL,NULL,'INICIANDO','2024-07-29 20:57:21','2024-07-29 20:57:21',NULL);

--
-- Table structure for table `events`
--

CREATE TABLE `events` (
  `event_id` varchar(100) NOT NULL,
  `site_id` varchar(100) DEFAULT NULL,
  `source_id` varchar(100) DEFAULT NULL,
  `date` bigint DEFAULT NULL,
  `start_time` bigint DEFAULT NULL,
  `end_time` bigint DEFAULT NULL,
  `type` varchar(20) DEFAULT NULL,
  `root_person_id` varchar(100) DEFAULT NULL,
  `root_person_add_date` bigint DEFAULT NULL,
  `person_id` varchar(100) DEFAULT NULL,
  `age` float DEFAULT NULL,
  `gender` varchar(10) DEFAULT NULL,
  `max_sentiment` float DEFAULT NULL,
  `min_sentiment` float DEFAULT NULL,
  `avg_sentiment` float DEFAULT NULL,
  `name` varchar(100) DEFAULT NULL,
  `auto_ended` tinyint(1) DEFAULT NULL,
  `home_location` varchar(100) DEFAULT NULL,
  `similarity_score` float DEFAULT NULL,
  `direct_gaze_duration` int DEFAULT NULL,
  `id_class` varchar(20) DEFAULT NULL,
  `new_id` bigint DEFAULT NULL,
  `top_at_start` float DEFAULT NULL,
  `left_at_start` float DEFAULT NULL,
  `height_at_start` float DEFAULT NULL,
  `width_at_start` float DEFAULT NULL,
  `top` float DEFAULT NULL,
  `left` float DEFAULT NULL,
  `height` float DEFAULT NULL,
  `width` float DEFAULT NULL,
  `image_time` bigint DEFAULT NULL,
  `occlusion` float DEFAULT NULL,
  `cpq` float DEFAULT NULL,
  `pitch` float DEFAULT NULL,
  `roll` float DEFAULT NULL,
  `yaw` float DEFAULT NULL,
  `mask` tinyint(1) DEFAULT NULL,
  `src_user_id` varchar(100) DEFAULT NULL,
  PRIMARY KEY (`event_id`) USING BTREE
) ENGINE=InnoDB DEFAULT CHARSET=utf8mb3;

--
-- Dumping data for table `events`
--

INSERT INTO `events` VALUES ('002283db-7bb3-4e47-853c-d4b3f84a4525','SM-A325M-2c8b940ad14d2e25','SM-A325M-2c8b940ad14d2e25',1718398468669,1718398464961,1718398471905,'person','dcd12068-6897-44ee-a84b-bcbbe9231e57',1652197247101,'c336c185-d096-4b1b-8df9-2908812735bf',47,'male',-0.0199717,-0.0199717,-0.0199717,'Arroyave',0,'Redmi Note 8-2c49ea4f56b14c23',0.943855,3472,'noconcern',NULL,0.377013,0,0.43125,0.351937,0.410567,0,0.384375,0.414904,1718398470135,0.00942923,0.645032,-0.164206,-0.0138179,-0.483454,0,'viotec'),('006c9fc2-a88b-4665-bf78-253f8a57f9a2','SM-A325M-2c8b940ad14d2e25','SM-A325M-2c8b940ad14d2e25',1715100884678,1715100881433,1715100888089,'person',NULL,NULL,NULL,NULL,NULL,NULL,NULL,NULL,NULL,0,NULL,NULL,1664,'stranger',NULL,0.691816,0.0421864,0.202344,0.297222,0.909907,0.42988,0.0900925,0.236111,1715100881433,0.0135455,0,0.235194,0.156024,-0.984664,0,'viotec'),('00dfff4b-0212-41d9-9fab-e3f92382c781','moto g72-2d8212ec4994f06a','moto g72-2d8212ec4994f06a',1716555914102,1716555911526,1716555914336,'person','dcd12068-6897-44ee-a84b-bcbbe9231e57',1652197247101,'c336c185-d096-4b1b-8df9-2908812735bf',47,NULL,NULL,NULL,NULL,'Arroyave',0,'Redmi Note 8-2c49ea4f56b14c23',1.14607,2341,'noconcern',NULL,0.374906,0,0.328906,0.277137,0.315906,0,0.317187,0.275216,1716555912657,0.00562454,0.487434,0.117005,0.0167108,-0.655521,0,'viotec'),('014950c7-e926-4ec0-8c66-be64a5b80661','moto g72-2d8212ec4994f06a','moto g72-2d8212ec4994f06a',1716556168018,1716556163924,NULL,'person',NULL,NULL,NULL,NULL,NULL,NULL,NULL,NULL,NULL,0,NULL,NULL,480,'stranger',NULL,0.583606,0.28546,0.385938,0.590278,0.537844,0.176476,0.410937,0.569444,NULL,0.00168823,0.786893,0.186422,-0.057445,-0.0297077,0,'viotec'),('01ae6477-c3af-4d48-8159-955a25ca101f','SM-A325M-2c8b940ad14d2e25','SM-A325M-2c8b940ad14d2e25',1718113495789,1718113492645,1718113502613,'person','dcd12068-6897-44ee-a84b-bcbbe9231e57',1652197247101,'c336c185-d096-4b1b-8df9-2908812735bf',47,'male',-0.0733465,-0.196429,-0.15171,'Arroyave',0,'Redmi Note 8-2c49ea4f56b14c23',1.19279,8583,'noconcern',NULL,0.337489,0,0.509375,0.399861,0.304017,0,0.492188,0.380838,1718113493479,0.00386977,0.381666,0.161367,0.064618,-0.72,0,'viotec'),('0254eaab-f704-4288-b514-c35bb91b96d8','SM-A325M-2c8b940ad14d2e25','SM-A325M-2c8b940ad14d2e25',1716408568638,1716408567091,1716408573875,'person','dcd12068-6897-44ee-a84b-bcbbe9231e57',1652197247101,'c336c185-d096-4b1b-8df9-2908812735bf',47,NULL,NULL,NULL,NULL,'Arroyave',0,'Redmi Note 8-2c49ea4f56b14c23',1.05817,1938,'noconcern',NULL,0.475231,0.74354,0.171875,0.240278,0.502577,0.760266,0.240625,0.239734,1716408567465,0.0958989,0,-0.474945,0.136225,1,0,'viotec'),('02d5bf31-d73f-47ec-8842-03ceac45a0ce','SM-A325M-2c8b940ad14d2e25','SM-A325M-2c8b940ad14d2e25',1715100874605,1715100871929,1715100874299,'person','51ccaedc-fa70-4f88-a8a9-7b4db99bbdf2',1715100556185,'51ccaedc-fa70-4f88-a8a9-7b4db99bbdf2',NULL,NULL,NULL,NULL,NULL,'Javier Ruiz',0,'SM-A325M-2c8b940ad14d2e25',1.15874,263,'noconcern',NULL,0.516142,0.891344,0.141406,0.108656,0.534737,0.560245,0.138281,0.1625,1715100872228,0.00383955,0.375496,-0.0555864,0.139998,0.669577,0,'viotec'),('02fb1b05-fc9a-4bd2-baf6-2fe1d63270cc','SM-A325M-2c8b940ad14d2e25','SM-A325M-2c8b940ad14d2e25',1722895403550,1722895402869,1722895404009,'person','dcd12068-6897-44ee-a84b-bcbbe9231e57',1652197247101,'c336c185-d096-4b1b-8df9-2908812735bf',47,'male',0.0905489,0.0905489,0.0905489,'Arroyave',0,'Redmi Note 8-2c49ea4f56b14c23',1.17478,NULL,'noconcern',NULL,0.690547,0.665805,0.309453,0.334195,0.565144,0.850523,0.339844,0.149477,1722895403001,0.0166792,0.343279,-0.0504332,-0.011011,-0.784147,0,'viotec'),('0361b547-0dcf-4103-8253-05d1f68418bf','SM-A325M-2c8b940ad14d2e25','SM-A325M-2c8b940ad14d2e25',1718113525961,1718113525256,1718113547400,'person','dcd12068-6897-44ee-a84b-bcbbe9231e57',1652197247101,'c336c185-d096-4b1b-8df9-2908812735bf',47,'male',0.0546726,-0.865708,-0.529167,'Arroyave',0,'Redmi Note 8-2c49ea4f56b14c23',1.14399,4745,'noconcern',NULL,0.350213,0.608404,0.324219,0.391596,0.421327,0.629058,0.2625,0.365278,1718113525821,0.072567,0,0.427023,-0.0180865,1,0,'viotec'),('0395b856-8d9b-475e-9ae9-3ee61ad2d7ba','moto g72-2d8212ec4994f06a','moto g72-2d8212ec4994f06a',1716554798715,1716554796758,1716554799021,'person','52f634e2-58b2-4495-ad92-88c8f7c204d4',1714584911360,'52f634e2-58b2-4495-ad92-88c8f7c204d4',NULL,'male',NULL,NULL,NULL,'Anderson  Cuervo',0,NULL,1.14695,NULL,'threat',NULL,0.223305,0.433806,0.259375,0.391667,0.147304,0,0.319531,0.426977,1716554797374,0.00821099,0.223637,0.361949,0.063749,-0.817876,0,'viotec'),('0608aab8-9360-46aa-a248-211afece2795','SM-A325M-2c8b940ad14d2e25','SM-A325M-2c8b940ad14d2e25',1722895457435,1722895454387,1722895458507,'person','ca4ee376-5f74-4a8e-806e-b056cf7b54dd',1659105546904,'ca4ee376-5f74-4a8e-806e-b056cf7b54dd',36,'male',0.445289,0.17223,0.249939,NULL,0,NULL,1.0679,1030,'noconcern',NULL,0.511065,0,0.269531,0.234217,0.364712,0.0698346,0.399219,0.561111,1722895456487,0.0116215,0.61163,-0.594178,0.0452033,-0.123219,0,'viotec'),('072249DB-AA9A-4EA9-A99E-59195F85AB25','iPhone12_1-DA5C25C97F1048469D70EEDE026D66F3','iPhone12_1-DA5C25C97F1048469D70EEDE026D66F3',1714656143960,1714656143316,1714656144917,'person','52f634e2-58b2-4495-ad92-88c8f7c204d4',1714584911000,'52f634e2-58b2-4495-ad92-88c8f7c204d4',NULL,'male',NULL,NULL,NULL,'Anderson  Cuervo',0,NULL,0.987383,747,'threat',NULL,0.654651,0.859545,0.232812,0.245833,0.419552,0.417753,0.264062,0.411111,1714656143580,0.96557,0.832128,0.534776,-0.126873,0.986138,0,'viotec'),('072e7a2e-2658-4e89-97c6-5ca00f1fe8f5','SM-A325M-2c8b940ad14d2e25','SM-A325M-2c8b940ad14d2e25',1718124866293,1718124863153,1718124870555,'person','03cf3e05-9ae5-40be-a755-45bd14c93ff5',1644437507034,'b7ccd93e-b436-417d-bd82-3817b67974c0',37,'male',0.061084,0.00942662,0.0438648,NULL,0,NULL,1.08129,NULL,'noconcern',NULL,0.338647,0.321565,0.0960937,0.131944,0.00138119,0.703954,0.221875,0.296046,1718124866533,0.0379012,0.722211,-0.22746,-0.0697771,-0.152473,0,'viotec'),('0826478c-0bc2-4119-afa7-c66385035338','SM-A325M-2c8b940ad14d2e25','SM-A325M-2c8b940ad14d2e25',1715100507235,1715100506781,1715100509277,'person','c336c185-d096-4b1b-8df9-2908812735bf',1652197247101,'c336c185-d096-4b1b-8df9-2908812735bf',47,'male',0.00916603,-0.0199963,-0.0102755,'Arroyave',0,'Redmi Note 8-2c49ea4f56b14c23',1.18824,2496,'noconcern',NULL,0.451678,0.289584,0.358594,0.418056,0.334441,0.0574942,0.375,0.447222,NULL,0.00311053,0.870357,-0.0144244,0.0425402,-0.0682384,0,'viotec'),('08eec79e-a592-4496-9962-439eb09cd343','SM-A325M-2c8b940ad14d2e25','SM-A325M-2c8b940ad14d2e25',1722895396639,1722895396174,1722895398892,'person','03cf3e05-9ae5-40be-a755-45bd14c93ff5',1644437507034,'29477555-7340-4362-b9b5-45df1a9e533e',37,'male',-0.0838021,-0.134621,-0.117681,'Alejandro Muñoz',0,'SM-A325M-2c8b940ad14d2e25',1.08644,543,'threat',NULL,0.512543,0,0.394531,0.41697,0.420913,0,0.421094,0.488456,1722895396598,0.523389,0.781448,-0.261897,0.00977834,0.198778,0,'viotec'),('097f5c5c-0ae0-413a-9793-2ccfe7ef0296','moto g72-2d8212ec4994f06a','moto g72-2d8212ec4994f06a',1714656390077,1714656388009,1714656390409,'person','52f634e2-58b2-4495-ad92-88c8f7c204d4',1714584911360,'52f634e2-58b2-4495-ad92-88c8f7c204d4',NULL,'male',NULL,NULL,NULL,'Anderson  Cuervo',0,NULL,1.16561,1600,'noconcern',NULL,0.795932,0.221277,0.204068,0.375,0.709731,0.626241,0.260156,0.3625,1714656388339,0.0162693,0.40111,-0.0173614,-0.0634882,0.713498,0,'viotec'),('09f18e1b-1760-4270-8d56-3e25d4c5d633','SM-A325M-2c8b940ad14d2e25','SM-A325M-2c8b940ad14d2e25',1715100738307,1715100735251,1715100739612,'person','51ccaedc-fa70-4f88-a8a9-7b4db99bbdf2',1715100556185,'51ccaedc-fa70-4f88-a8a9-7b4db99bbdf2',NULL,NULL,NULL,NULL,NULL,'Javier Ruiz',0,'SM-A325M-2c8b940ad14d2e25',1.23462,2180,'noconcern',NULL,0.418016,0.00779746,0.3875,0.401389,0.451548,0.285318,0.292188,0.370833,1715100735251,0.00325812,0.850046,0.0952447,-0.0308369,0.140773,0,'viotec'),('0ab5de0b-9534-4bac-ae3a-d6c648db445c','moto g72-2d8212ec4994f06a','moto g72-2d8212ec4994f06a',1716555865327,1716555863101,1716555866985,'person','dcd12068-6897-44ee-a84b-bcbbe9231e57',1652197247101,'c336c185-d096-4b1b-8df9-2908812735bf',47,NULL,NULL,NULL,NULL,'Arroyave',0,'Redmi Note 8-2c49ea4f56b14c23',1.12525,2284,'noconcern',NULL,0.740852,0,0.249219,0.367288,0.649925,0,0.303125,0.333723,1716555863508,0.0054642,0.323734,-0.094693,-0.0757022,-0.775794,0,'viotec'),('0ac8e8d5-5f87-4b69-91ad-17b343a62cab','SM-A325M-2c8b940ad14d2e25','SM-A325M-2c8b940ad14d2e25',1722895620616,1722895619837,1722895627168,'person','fb3f6a19-b13f-4ab4-9948-7905a5ce93bb',1722895599784,'fb3f6a19-b13f-4ab4-9948-7905a5ce93bb',38,'male',0.0080389,-0.341518,-0.0548449,'Juan Mario',0,'SM-A325M-2c8b940ad14d2e25',1.40946,6414,'threat',NULL,0.520099,0.0610534,0.0914063,0.123611,0.296317,0,0.345313,0.428626,1722895625081,0.00920248,0.740314,-0.15109,-0.0431252,-0.328712,0,'viotec'),('0bcdd1d8-238f-4275-87ef-5ae1f4fb3c80','SM-A325M-2c8b940ad14d2e25','SM-A325M-2c8b940ad14d2e25',1722887656725,1722887655289,NULL,'person','dcd12068-6897-44ee-a84b-bcbbe9231e57',1652197247101,'c336c185-d096-4b1b-8df9-2908812735bf',47,'male',-0.00347903,-0.531672,-0.21652,'Arroyave',0,'Redmi Note 8-2c49ea4f56b14c23',1.15266,NULL,'noconcern',NULL,0.326208,0.0215623,0.444531,0.502778,0.449615,0.369619,0.264844,0.35,1722887659271,0.190535,0.641268,0.464397,0.025305,-0.084022,0,'viotec'),('0bf4c610-49d8-48ee-987d-53c7e454e7fc','moto g72-2d8212ec4994f06a','moto g72-2d8212ec4994f06a',1716555872614,1716555871217,1716555871540,'person','52f634e2-58b2-4495-ad92-88c8f7c204d4',1714584911360,'52f634e2-58b2-4495-ad92-88c8f7c204d4',NULL,'male',NULL,NULL,NULL,'Anderson  Cuervo',0,NULL,0.963571,161,'threat',NULL,0.752505,0.288357,0.200781,0.316667,0.736881,0.292197,0.196875,0.326389,NULL,0.0220867,0.670857,0.452364,-0.0400758,0.244914,0,'viotec'),('0bf7b15f-7efa-4866-ae69-05e5cb5999ec','SM-A325M-2c8b940ad14d2e25','SM-A325M-2c8b940ad14d2e25',1715100776235,1715100774663,1715100776170,'person',NULL,NULL,NULL,NULL,NULL,NULL,NULL,NULL,NULL,0,NULL,NULL,NULL,'unidentified',NULL,0.804645,0.760154,0.165625,0.239846,0.783268,0.797764,0.174219,0.202236,1715100774788,NULL,0.209953,0.475627,0.232794,0.831687,0,'viotec'),('0c98baf1-f604-4f32-b03f-3b6701166672','SM-A325M-2c8b940ad14d2e25','SM-A325M-2c8b940ad14d2e25',1714741855660,1714741853316,1714741896314,'person','dcd12068-6897-44ee-a84b-bcbbe9231e57',1652197247101,'c336c185-d096-4b1b-8df9-2908812735bf',47,NULL,NULL,NULL,NULL,'Arroyave',0,'Redmi Note 8-2c49ea4f56b14c23',1.17361,7166,'noconcern',NULL,0.73721,0.346433,0.26279,0.466667,0.284046,0.160465,0.396094,0.445833,1714741856358,0.0108425,0.681556,-0.306666,0.058307,-0.136606,0,'viotec'),('0cbb1567-0c37-4895-8f23-50a02951f2a4','SM-A325M-2c8b940ad14d2e25','SM-A325M-2c8b940ad14d2e25',1716408888930,1716408888023,NULL,'person','dcd12068-6897-44ee-a84b-bcbbe9231e57',1652197247101,'c336c185-d096-4b1b-8df9-2908812735bf',47,NULL,NULL,NULL,NULL,'Arroyave',0,'Redmi Note 8-2c49ea4f56b14c23',1.0088,NULL,'noconcern',NULL,0.915315,0,0.0846851,0.153344,0.812005,0.212012,0.141406,0.191667,1716408892790,0.527612,0.548272,-0.558103,0.0188668,0.267541,0,'viotec'),('0cea0c4d-db16-485d-bd59-2c9967266f1f','SM-A325M-2c8b940ad14d2e25','SM-A325M-2c8b940ad14d2e25',1722895581182,1722895580707,1722895584173,'person','ae8f543c-0ca3-4ab6-898a-2fffc81917b9',1651755088629,'ae8f543c-0ca3-4ab6-898a-2fffc81917b9',43,'male',-0.868197,-0.921212,-0.885868,'JH Rodríguez ',0,NULL,1.23255,693,'noconcern',NULL,0.529405,0.883009,0.110938,0.116991,0.527768,0.564578,0.0898438,0.122222,1722895581143,0.949935,0.8078,-0.275782,-0.0051545,0.0936652,0,'viotec'),('120be299-ff48-46c0-804a-30d40a843acc','SM-A325M-2c8b940ad14d2e25','SM-A325M-2c8b940ad14d2e25',1722895623714,1722895623267,1722895626733,'person','ca4ee376-5f74-4a8e-806e-b056cf7b54dd',1659105546904,'ca4ee376-5f74-4a8e-806e-b056cf7b54dd',40,'female',0.0623073,-0.202966,-0.0261171,NULL,0,NULL,1.1479,693,'noconcern',NULL,0.496598,0.604395,0.111719,0.136111,0.540201,0.653601,0.110156,0.127778,NULL,0.113326,0.685077,0.320857,0.0163248,0.245676,0,'viotec'),('15e78481-3a16-42b2-bd60-32d582ce94a4','SM-A325M-2c8b940ad14d2e25','SM-A325M-2c8b940ad14d2e25',1722895428750,1722895427880,1722895439006,'person','ae8f543c-0ca3-4ab6-898a-2fffc81917b9',1651755088629,'ae8f543c-0ca3-4ab6-898a-2fffc81917b9',45,'male',0.99609,0.758775,0.866006,'JH Rodríguez ',0,NULL,1.24995,2225,'noconcern',NULL,0.429022,0,0.208594,0.170451,0.464339,0.497585,0.182813,0.216667,1722895429991,0.00276504,0.525553,0.319236,-0.015399,0.571139,0,'viotec'),('1626858e-ddf0-455e-8ad6-308436afeccd','SM-A325M-2c8b940ad14d2e25','SM-A325M-2c8b940ad14d2e25',1722895462999,1722895462648,1722895462960,'person','ca4ee376-5f74-4a8e-806e-b056cf7b54dd',1659105546904,'ca4ee376-5f74-4a8e-806e-b056cf7b54dd',36,'female',0.0844463,0.0844463,0.0844463,NULL,0,NULL,1.09899,NULL,'noconcern',NULL,0.489404,0.0460225,0.0820313,0.116667,0.557853,0.0491584,0.0773437,0.0888889,NULL,0.0173267,0.450961,-0.105206,-0.10475,-0.590911,0,'viotec'),('17398944-bc9c-4943-867a-971b58d05c83','moto g72-2d8212ec4994f06a','moto g72-2d8212ec4994f06a',1716555876009,1716555874253,1716555874934,'person','52f634e2-58b2-4495-ad92-88c8f7c204d4',1714584911360,'52f634e2-58b2-4495-ad92-88c8f7c204d4',NULL,'male',NULL,NULL,NULL,'Anderson  Cuervo',0,NULL,1.05276,340,'threat',NULL,0.477903,0.674744,0.276562,0.325256,0.331041,0.568852,0.275,0.398611,1716555874317,0.038501,0.599367,-0.0292395,0.167018,-0.0772806,0,'viotec'),('1811bc1c-bd00-4d86-b45a-6c15668a7115','SM-A325M-2c8b940ad14d2e25','SM-A325M-2c8b940ad14d2e25',1722895571402,1722895570197,1722895580577,'person','03cf3e05-9ae5-40be-a755-45bd14c93ff5',1644437507034,'03cf3e05-9ae5-40be-a755-45bd14c93ff5',39,'male',0.812916,-0.411023,0.0323889,'Alejandro Muñoz',0,'SM-A325M-2c8b940ad14d2e25',1.08609,4718,'threat',NULL,0.739365,0.477678,0.259375,0.393056,0.525116,0.604924,0.180469,0.179167,1722895571359,0.0873681,0,-0.0858502,0.087898,1,0,'viotec'),('182bfd1b-6348-4610-95b3-fc964bd2279d','SM-A325M-2c8b940ad14d2e25','SM-A325M-2c8b940ad14d2e25',1716485653943,1716485653510,1716485655321,'person','dcd12068-6897-44ee-a84b-bcbbe9231e57',1652197247101,'c336c185-d096-4b1b-8df9-2908812735bf',47,'male',0.104579,0.104579,0.104579,'Arroyave',0,'Redmi Note 8-2c49ea4f56b14c23',1.00646,603,'noconcern',NULL,0.216841,0.0634072,0.383594,0.498611,0.372346,0.00910357,0.378906,0.259722,NULL,0.00612356,0,0.136651,0.111273,-1,0,'viotec'),('19f066cc-6d3b-4820-b32c-cb8faf2944b3','moto g72-2d8212ec4994f06a','moto g72-2d8212ec4994f06a',1714584911762,1714584909360,1714584915623,'person','52f634e2-58b2-4495-ad92-88c8f7c204d4',1714584911360,'52f634e2-58b2-4495-ad92-88c8f7c204d4',NULL,NULL,NULL,NULL,NULL,NULL,0,NULL,1.10489,6263,'noconcern',NULL,0.470636,0.295627,0.327344,0.480556,0.510733,0.460665,0.397656,0.529167,1714584909689,0.994703,0.738431,-0.326671,0.034839,0.125351,0,'viotec'),('1c5da0a0-7c4f-4520-a180-c5f4a41d0e13','moto g72-2d8212ec4994f06a','moto g72-2d8212ec4994f06a',1716555967954,1716555963879,1716555973007,'person',NULL,NULL,NULL,NULL,NULL,NULL,NULL,NULL,NULL,0,NULL,NULL,9128,'stranger',NULL,0.626024,0.318535,0.292969,0.425,0.234009,0.624155,0.258594,0.373611,NULL,NULL,0.455837,-0.459972,0.0364839,0.541432,0,'viotec'),('1cdaa63a-7792-4128-adc9-ca5ecfb899e3','SM-A325M-2c8b940ad14d2e25','SM-A325M-2c8b940ad14d2e25',1716408925946,1716408925646,1716408926223,'person','0eaf17ef-6fad-47bb-948c-1fc5cc29386f',1716408866580,'0eaf17ef-6fad-47bb-948c-1fc5cc29386f',NULL,NULL,NULL,NULL,NULL,'Nicolas R',0,'SM-A325M-2c8b940ad14d2e25',1.00756,577,'noconcern',NULL,0.508707,0.321795,0.174219,0.240278,0.491106,0.12313,0.171875,0.248611,1716408925646,0.423153,0.868335,-0.0798689,0.00630669,-0.195091,0,'viotec'),('1dc33514-e821-474d-b270-1e76912c1bd0','SM-A325M-2c8b940ad14d2e25','SM-A325M-2c8b940ad14d2e25',1718113829094,1718113827537,1718113863745,'person','dcd12068-6897-44ee-a84b-bcbbe9231e57',1652197247101,'c336c185-d096-4b1b-8df9-2908812735bf',47,'male',-0.201307,-0.851131,-0.56776,'Arroyave',0,'Redmi Note 8-2c49ea4f56b14c23',1.12088,NULL,'noconcern',NULL,0.410912,0.654442,0.311719,0.345558,0.338102,0.645871,0.373437,0.354129,1718113828460,0.00791287,0,0.145534,0.0273763,1,0,'viotec'),('1e4db813-bba8-42c8-8156-d328f5f24c25','moto g72-2d8212ec4994f06a','moto g72-2d8212ec4994f06a',1716556000106,1716555995997,1716556005785,'person',NULL,NULL,NULL,NULL,NULL,NULL,NULL,NULL,NULL,0,NULL,NULL,8319,'stranger',NULL,0.348495,0.252046,0.296875,0.486111,0.496522,0.0046699,0.245313,0.359722,1716555996564,0.0019446,0.312018,0.472155,-0.019953,-0.747957,0,'viotec'),('1eef1ec1-4699-4ea1-b4c9-66ef57a3c86d','SM-A325M-2c8b940ad14d2e25','SM-A325M-2c8b940ad14d2e25',1718113980385,1718113977244,1718113980297,'person',NULL,NULL,NULL,NULL,NULL,NULL,NULL,NULL,NULL,0,NULL,NULL,NULL,'unidentified',NULL,0.35135,0.663687,0.373438,0.336313,0.350733,0.669039,0.364844,0.330961,1718113977350,NULL,0,0.23682,-0.223202,1,0,'viotec'),('20d747f7-63a2-4954-b9e1-fea0484af8fc','SM-A325M-2c8b940ad14d2e25','SM-A325M-2c8b940ad14d2e25',1718111933569,1718111930428,1718111949613,'person',NULL,NULL,NULL,30,'male',0.450988,0.0443742,0.255194,NULL,0,NULL,NULL,13429,'unidentified',NULL,0.686168,0.332802,0.148438,0.175,0.610276,0.340814,0.197656,0.297222,1718111940961,0.175561,0.447665,0.00577348,0.251297,-0.114415,0,'viotec'),('215EB270-750D-4D14-995E-82CA5E7E4EAB','iPhone12_1-DA5C25C97F1048469D70EEDE026D66F3','iPhone12_1-DA5C25C97F1048469D70EEDE026D66F3',1714656146291,1714656145648,1714656147443,'person','52f634e2-58b2-4495-ad92-88c8f7c204d4',1714584911000,'52f634e2-58b2-4495-ad92-88c8f7c204d4',NULL,'male',NULL,NULL,NULL,'Anderson  Cuervo',0,NULL,1.19118,561,'threat',NULL,0.539207,0.820225,0.246875,0.283333,0.703618,0.657579,0.224219,0.325,1714656146247,0.0725372,0.850097,0.236185,-0.218921,0.451755,0,'viotec'),('216abadd-ada4-4182-a6e3-4a998de9343c','SM-A325M-2c8b940ad14d2e25','SM-A325M-2c8b940ad14d2e25',1722895399658,1722895399201,1722895402702,'person','ae8f543c-0ca3-4ab6-898a-2fffc81917b9',1651755088629,'ae8f543c-0ca3-4ab6-898a-2fffc81917b9',45,'male',-0.0221536,-0.0823673,-0.0422248,'JH Rodríguez ',0,NULL,1.22765,NULL,'noconcern',NULL,0.48887,0.2039,0.152344,0.219444,0.438931,0.0995857,0.214844,0.301389,1722895399512,0.0253245,0.49603,0.0165301,-0.043611,0.618948,0,'viotec'),('21e499fc-69a0-43c4-a406-f7da7ee43751','SM-A325M-2c8b940ad14d2e25','SM-A325M-2c8b940ad14d2e25',1718113983783,1718113980634,1718114010146,'person','dcd12068-6897-44ee-a84b-bcbbe9231e57',1652197247101,'c336c185-d096-4b1b-8df9-2908812735bf',47,'male',-0.250607,-0.819624,-0.513894,'Arroyave',0,'Redmi Note 8-2c49ea4f56b14c23',1.15442,NULL,'noconcern',NULL,0.356691,0.654553,0.363281,0.345447,0.4777,0.787654,0.225781,0.212346,1718113985779,0.0889766,0,0.512865,-0.268256,1,0,'viotec'),('22451776-f5ac-4177-aeaf-0ea6a5ead1f7','SM-A325M-2c8b940ad14d2e25','SM-A325M-2c8b940ad14d2e25',1722895591574,1722895590061,1722895591302,'person','03cf3e05-9ae5-40be-a755-45bd14c93ff5',1644437507034,'b7ccd93e-b436-417d-bd82-3817b67974c0',34,'male',-0.505176,-0.505176,-0.505176,'Alejandro Muñoz',0,'SM-A325M-2c8b940ad14d2e25',0.986519,NULL,'threat',NULL,0.445568,0.0249828,0.242969,0.231944,0.461414,0.0742484,0.23125,0.230556,1722895590061,0.0291585,0.487987,0.126093,-0.228896,-0.0267937,0,'viotec'),('294e89b3-4bd0-4ca0-90e0-8bf71f026c5f','SM-A325M-2c8b940ad14d2e25','SM-A325M-2c8b940ad14d2e25',1716408753536,1716408752868,1716408760771,'person','52f634e2-58b2-4495-ad92-88c8f7c204d4',1714584911360,'52f634e2-58b2-4495-ad92-88c8f7c204d4',NULL,'male',NULL,NULL,NULL,'Anderson  Cuervo',0,NULL,1.12629,2258,'noconcern',NULL,0.510823,0.100703,0.358594,0.519444,0.596589,0.0264113,0.403411,0.581944,1716408754942,0.435451,0.792921,-0.283057,-0.00301825,0.02486,0,'viotec'),('29c0fd25-8284-478b-8d11-b8be4b19825c','SM-A325M-2c8b940ad14d2e25','SM-A325M-2c8b940ad14d2e25',1718112002858,1718112002213,1718112002721,'person','da28301c-0256-4577-9d49-9e8ae8f7996b',1718111969555,'da28301c-0256-4577-9d49-9e8ae8f7996b',28,'male',0.0841466,0.0841466,0.0841466,'John Cuervo',0,'SM-A325M-2c8b940ad14d2e25',1.00868,NULL,'threat',NULL,0.486303,0.103531,0.170313,0.288889,0.459057,0.00158211,0.197656,0.195833,NULL,0.294564,0.636335,-0.042054,-0.066431,-0.501286,0,'viotec'),('2b6e0b8b-b815-4eb8-a601-3241dfb85ebe','SM-A325M-2c8b940ad14d2e25','SM-A325M-2c8b940ad14d2e25',1716485660958,1716485659033,1716485660861,'person',NULL,NULL,NULL,NULL,NULL,NULL,NULL,NULL,NULL,0,NULL,NULL,761,'unidentified',NULL,0.304277,0,0.496094,0.331636,0.384072,0,0.496094,0.359687,1716485659152,NULL,0.161561,-0.246195,0.0193153,-0.88767,0,'viotec'),('2c3b86ff-2d06-4417-8cf8-2f0857b3ba9c','SM-A325M-2c8b940ad14d2e25','SM-A325M-2c8b940ad14d2e25',1717693228105,1717693224413,1717693227047,'person',NULL,NULL,NULL,NULL,NULL,NULL,NULL,NULL,NULL,0,NULL,NULL,NULL,'unidentified',NULL,0.462942,0.473412,0.275,0.375,0.511177,0.637232,0.24375,0.3625,NULL,NULL,0.079298,0.338752,0.235402,0.891187,0,'viotec'),('2e3a7d89-10de-422d-9f66-5894e7bb42cf','SM-A325M-2c8b940ad14d2e25','SM-A325M-2c8b940ad14d2e25',1715100509945,1715100509580,1715100525510,'person','c336c185-d096-4b1b-8df9-2908812735bf',1652197247101,'c336c185-d096-4b1b-8df9-2908812735bf',47,'male',0.060166,-0.696722,-0.0752457,'Arroyave',0,'Redmi Note 8-2c49ea4f56b14c23',1.23941,9558,'noconcern',NULL,0.468168,0.211768,0.380469,0.436111,0.345807,0,0.328906,0.315095,NULL,0.00352296,0,0.464977,0.0495217,-1,0,'viotec'),('2ea7157f-5c9f-4cf2-a861-e414b1bed721','SM-A325M-2c8b940ad14d2e25','SM-A325M-2c8b940ad14d2e25',1716408648685,1716408644860,1716408650527,'person','03cf3e05-9ae5-40be-a755-45bd14c93ff5',1644437507034,'b7ccd93e-b436-417d-bd82-3817b67974c0',NULL,NULL,0.687893,-0.00622934,0.340832,NULL,0,NULL,1.10619,NULL,'noconcern',NULL,0.292204,0.256449,0.45,0.563889,0.156517,0.803477,0.164844,0.196523,NULL,0.035596,0.424484,-0.0724403,-0.0269078,0.694254,0,'viotec'),('2ed22eb9-7f2f-40ed-b63a-cb5b3b3b6572','SM-A325M-2c8b940ad14d2e25','SM-A325M-2c8b940ad14d2e25',1715805585851,1715805582782,1715805661684,'person','dcd12068-6897-44ee-a84b-bcbbe9231e57',1652197247101,'c336c185-d096-4b1b-8df9-2908812735bf',47,NULL,NULL,NULL,NULL,'Arroyave',0,'Redmi Note 8-2c49ea4f56b14c23',1.16422,32278,'noconcern',NULL,0.279629,0.130525,0.484375,0.605556,0.45821,0.110621,0.433594,0.55,NULL,0.00138268,0.795293,0.066861,0.0712454,-0.0750831,0,'viotec'),('30504010-9b30-4113-9a0b-26a38a1ce498','SM-A325M-2c8b940ad14d2e25','SM-A325M-2c8b940ad14d2e25',1722895478441,1722895478176,1722895478401,'person','ca4ee376-5f74-4a8e-806e-b056cf7b54dd',1659105546904,'ca4ee376-5f74-4a8e-806e-b056cf7b54dd',35,'female',-0.580407,-0.580407,-0.580407,NULL,0,NULL,1.07947,NULL,'noconcern',NULL,0.699935,0.208405,0.0976562,0.127778,0.704084,0.224007,0.101562,0.1375,NULL,0.190783,0.368977,0.0637274,-0.140913,-0.668326,0,'viotec'),('30a0b61d-50ef-4cd1-b202-4547a82ca50f','SM-A325M-2c8b940ad14d2e25','SM-A325M-2c8b940ad14d2e25',1715100743332,1715100740276,1715100745896,'person','52f634e2-58b2-4495-ad92-88c8f7c204d4',1714584911360,'52f634e2-58b2-4495-ad92-88c8f7c204d4',NULL,'male',NULL,NULL,NULL,'Anderson  Cuervo',0,NULL,1.07013,1873,'noconcern',NULL,0.407661,0.507221,0.307813,0.455556,0.479123,0.284265,0.25625,0.345833,1715100740276,0.243885,0.683304,0.0642634,-0.113324,-0.238762,0,'viotec'),('317475b5-dcf0-4d89-bca2-cc35b4946433','SM-A325M-2c8b940ad14d2e25','SM-A325M-2c8b940ad14d2e25',1718114018192,1718114015457,1718114018047,'person',NULL,NULL,NULL,NULL,NULL,NULL,NULL,NULL,NULL,0,NULL,NULL,NULL,'unidentified',NULL,0.468102,0.790918,0.2125,0.209082,0.422255,0.742974,0.267188,0.257026,1718114015553,NULL,0,-0.124855,0.0970223,1,0,'viotec'),('3255af71-7f75-4a04-bddb-b41a60389777','SM-A325M-2c8b940ad14d2e25','SM-A325M-2c8b940ad14d2e25',1716485652809,1716485649910,1716485652740,'person',NULL,NULL,NULL,NULL,NULL,NULL,NULL,NULL,NULL,0,NULL,NULL,NULL,'unidentified',NULL,0.24573,0,0.467969,0.387049,0.24573,0,0.467969,0.387049,NULL,NULL,0.0260927,0.032546,0,-0.983811,0,'viotec'),('33aac019-a7c6-44c8-9ff4-2e865d504c8a','SM-A325M-2c8b940ad14d2e25','SM-A325M-2c8b940ad14d2e25',1722895404743,1722895404223,1722895406370,'person','ae8f543c-0ca3-4ab6-898a-2fffc81917b9',1651755088629,'ae8f543c-0ca3-4ab6-898a-2fffc81917b9',43,'male',-0.303716,-0.303716,-0.303716,'JH Rodríguez ',0,NULL,1.27438,NULL,'noconcern',NULL,0.484782,0,0.205469,0.235242,0.448636,0.110607,0.207812,0.286111,1722895404223,0.00573155,0.12736,0.467791,-0.149774,0.838558,0,'viotec'),('33e73aa2-b484-4610-8923-d20652313059','moto g72-2d8212ec4994f06a','moto g72-2d8212ec4994f06a',1716554355999,1716554353645,1716554391086,'person','52f634e2-58b2-4495-ad92-88c8f7c204d4',1714584911360,'52f634e2-58b2-4495-ad92-88c8f7c204d4',NULL,'male',NULL,NULL,NULL,'Anderson  Cuervo',0,NULL,1.18182,29760,'threat',NULL,0.55935,0.738928,0.346094,0.261072,0.471555,0,0.285937,0.259286,1716554376525,0.00236235,0,0.255984,-0.128613,-1,0,'viotec'),('33f295a9-54ef-4c91-9150-ca67545c13ee','SM-A325M-2c8b940ad14d2e25','SM-A325M-2c8b940ad14d2e25',1722895459107,1722895458507,1722895462334,'person','dcd12068-6897-44ee-a84b-bcbbe9231e57',1652197247101,'c336c185-d096-4b1b-8df9-2908812735bf',47,'male',0.929557,0.802209,0.887108,'Arroyave',0,'Redmi Note 8-2c49ea4f56b14c23',1.10343,2296,'noconcern',NULL,0.434778,0.69355,0.386719,0.30645,0.374207,0.297759,0.385156,0.443056,1722895459068,0.00612096,0.675978,0.0223216,0.0362413,-0.464183,0,'viotec'),('36c1ce31-f0b6-43ef-9ce8-ce0f09db356a','moto g72-2d8212ec4994f06a','moto g72-2d8212ec4994f06a',1714584876236,1714584872167,1714584876569,'person',NULL,NULL,NULL,NULL,NULL,NULL,NULL,NULL,NULL,0,NULL,NULL,3301,'stranger',NULL,0.330345,0.264705,0.347656,0.513889,0.633873,0.149298,0.366127,0.559722,1714584872432,0.995603,0.710872,-0.37169,0.00962125,0.153142,0,'viotec'),('375db4a3-b904-4a08-8129-737eec868e4f','SM-A325M-2c8b940ad14d2e25','SM-A325M-2c8b940ad14d2e25',1716485665310,1716485662237,NULL,'person','dcd12068-6897-44ee-a84b-bcbbe9231e57',1652197247101,'c336c185-d096-4b1b-8df9-2908812735bf',47,'male',0.850628,-0.988918,0.00540004,'Arroyave',0,'Redmi Note 8-2c49ea4f56b14c23',1.21528,17463,'noconcern',NULL,0.397333,0,0.521094,0.433572,0.266651,0.114332,0.502344,0.594444,1716485695301,0.022851,0.784071,0.25093,-0.0150885,0.111737,0,'viotec'),('3d0bb2bc-73e0-47a8-a190-b5a0da04c323','moto g72-2d8212ec4994f06a','moto g72-2d8212ec4994f06a',1716555918605,1716555914864,1716555938163,'person','dcd12068-6897-44ee-a84b-bcbbe9231e57',1652197247101,'c336c185-d096-4b1b-8df9-2908812735bf',47,NULL,NULL,NULL,NULL,'Arroyave',0,'Redmi Note 8-2c49ea4f56b14c23',1.17816,16642,'noconcern',NULL,0.302895,0,0.371094,0.310719,0.482561,0,0.330469,0.320751,1716555922934,0.00280927,0.656544,0.0696824,0.0583457,-0.471311,0,'viotec'),('3ec1cc31-9d5b-4543-8072-ef487aeb284f','SM-A325M-2c8b940ad14d2e25','SM-A325M-2c8b940ad14d2e25',1718111955680,1718111954503,1718111963407,'person','dcd12068-6897-44ee-a84b-bcbbe9231e57',1652197247101,'c336c185-d096-4b1b-8df9-2908812735bf',47,'male',0.0576187,-0.42648,-0.0638095,'Arroyave',0,'Redmi Note 8-2c49ea4f56b14c23',1.15147,1484,'noconcern',NULL,0.718922,0.533027,0.281078,0.466973,0.141543,0,0.467969,0.460254,1718111955541,0.00123501,0.717178,0.22442,-0.0335525,-0.328088,0,'viotec'),('408cd313-768b-4b1f-9f43-973c97f036ab','SM-A325M-2c8b940ad14d2e25','SM-A325M-2c8b940ad14d2e25',1718111994911,1718111994252,1718112002213,'person','da28301c-0256-4577-9d49-9e8ae8f7996b',1718111969555,'da28301c-0256-4577-9d49-9e8ae8f7996b',30,'male',0.474459,0.132627,0.268674,'John Cuervo',0,'SM-A325M-2c8b940ad14d2e25',1.29824,1769,'threat',NULL,0.133253,0,0.224219,0.20067,0.490776,0.350572,0.167188,0.259722,1718111997871,0.0115354,0.510924,-0.380619,-0.00337706,0.610914,0,'viotec'),('408fa31d-12d9-4cbb-b9b4-e955aeec0a3a','SM-A325M-2c8b940ad14d2e25','SM-A325M-2c8b940ad14d2e25',1715805415643,1715805415367,1715805415367,'action','c336c185-d096-4b1b-8df9-2908812735bf',1652197247101,'c336c185-d096-4b1b-8df9-2908812735bf',47,'male',-0.66125,-0.66125,-0.66125,'Arroyave',0,'Redmi Note 8-2c49ea4f56b14c23',1.17572,NULL,'noconcern',NULL,0.390174,0.278998,0.350781,0.454167,0.390174,0.278998,0.350781,0.454167,NULL,0.00372619,0.683808,0.405171,0.0382601,-0.0954115,NULL,'viotec'),('45a19edb-b5b8-48b3-bd55-b518a8d456f4','SM-A325M-2c8b940ad14d2e25','SM-A325M-2c8b940ad14d2e25',1718113866918,1718113864342,1718113870803,'person','dcd12068-6897-44ee-a84b-bcbbe9231e57',1652197247101,'c336c185-d096-4b1b-8df9-2908812735bf',48,'male',-0.367968,-0.875482,-0.525616,'Arroyave',0,'Redmi Note 8-2c49ea4f56b14c23',1.12234,340,'noconcern',NULL,0.368161,0.707627,0.31875,0.292373,0.42155,0.55042,0.272656,0.383333,1718113866293,0.0804865,0.242744,0.409584,-0.101848,0.811501,0,'viotec'),('4758b2ee-17d9-452d-92c1-28a13a0956c0','moto g72-2d8212ec4994f06a','moto g72-2d8212ec4994f06a',1716554854436,1716554850360,NULL,'person',NULL,NULL,NULL,NULL,NULL,NULL,NULL,NULL,NULL,0,NULL,NULL,0,'unidentified',NULL,0.468271,0.203047,0.407031,0.538889,0.468271,0.203047,0.407031,0.538889,NULL,NULL,0.870835,-0.155958,0.0185577,0.0468974,0,'viotec'),('4b453a9a-c2b6-41b9-b9b5-1e0cf04c580d','SM-A325M-2c8b940ad14d2e25','SM-A325M-2c8b940ad14d2e25',1718124832569,1718124830122,1718124842963,'person','dcd12068-6897-44ee-a84b-bcbbe9231e57',1652197247101,'c336c185-d096-4b1b-8df9-2908812735bf',47,'male',0.484394,0.16003,0.301797,'Arroyave',0,'Redmi Note 8-2c49ea4f56b14c23',1.12515,3668,'noconcern',NULL,0.336014,0,0.353906,0.349818,0.387438,0.269064,0.182812,0.234722,1718124832402,0.00155536,0.734032,0.380964,0.0160291,-0.181956,0,'viotec'),('4ca5b5a8-a095-40bc-b0b5-e5d8bfc9c556','SM-A325M-2c8b940ad14d2e25','SM-A325M-2c8b940ad14d2e25',1715100749022,1715100746099,1715100752292,'person','dcd12068-6897-44ee-a84b-bcbbe9231e57',1652197247101,'c336c185-d096-4b1b-8df9-2908812735bf',47,NULL,NULL,NULL,NULL,'Arroyave',0,'Redmi Note 8-2c49ea4f56b14c23',1.1391,NULL,'noconcern',NULL,0.369232,0.184272,0.366406,0.434722,0.70501,0.415282,0.276563,0.3625,1715100746099,0.00339067,0.455399,0.410884,-0.0683845,-0.566213,0,'viotec'),('4f05fbb3-9a75-4b53-9ea6-32b1dc25d3ff','SM-A325M-2c8b940ad14d2e25','SM-A325M-2c8b940ad14d2e25',1718114225627,1718114222485,1718114249304,'person','dcd12068-6897-44ee-a84b-bcbbe9231e57',1652197247101,'c336c185-d096-4b1b-8df9-2908812735bf',47,'male',-0.290469,-0.684456,-0.560387,'Arroyave',0,'Redmi Note 8-2c49ea4f56b14c23',1.12268,NULL,'noconcern',NULL,0.384831,0.591551,0.290625,0.398611,0.373192,0.583153,0.289062,0.416847,1718114227429,0.0673261,0.329127,0.357284,-0.0951286,0.720958,0,'viotec'),('4FB44D41-1FEC-49F9-A5AE-F23E9D228AC0','iPhone12_1-DA5C25C97F1048469D70EEDE026D66F3','iPhone12_1-DA5C25C97F1048469D70EEDE026D66F3',1714772923702,1714772921202,1714772927725,'person',NULL,NULL,NULL,NULL,NULL,NULL,NULL,NULL,NULL,0,NULL,NULL,NULL,'stranger',NULL,0.628324,0.398264,0.292969,0.441667,0.764045,-0.00547284,0.257031,0.306944,1714772926751,0.214038,0.699878,-0.16779,0.18119,-0.765581,0,'viotec'),('50088578-e61e-4b18-aa53-de03264455c8','SM-A325M-2c8b940ad14d2e25','SM-A325M-2c8b940ad14d2e25',1722895478848,1722895478401,1722895479005,'person','ca4ee376-5f74-4a8e-806e-b056cf7b54dd',1659105546904,'ca4ee376-5f74-4a8e-806e-b056cf7b54dd',37,'female',0.142537,0.142537,0.142537,NULL,0,NULL,1.03201,NULL,'noconcern',NULL,0.757365,0.355634,0.110938,0.143056,0.600585,0.38221,0.102344,0.118056,NULL,0.0396425,0,-0.225528,-0.25049,-1,0,'viotec'),('50847c6f-27ea-45b8-958f-1739f308d524','SM-A325M-2c8b940ad14d2e25','SM-A325M-2c8b940ad14d2e25',1718124843251,1718124842963,1718124845138,'person','51ccaedc-fa70-4f88-a8a9-7b4db99bbdf2',1715100556185,'51ccaedc-fa70-4f88-a8a9-7b4db99bbdf2',35,'male',0.994813,0.994813,0.994813,'Javier Ruiz',0,'SM-A325M-2c8b940ad14d2e25',1.12515,1087,'noconcern',NULL,0.387438,0.269064,0.182812,0.234722,0.155579,0.464894,0.214844,0.258333,NULL,0.144879,0.780243,-0.177217,0.0397652,-0.233125,0,'viotec'),('5253b25c-243b-424e-8700-55738fc37501','SM-A325M-2c8b940ad14d2e25','SM-A325M-2c8b940ad14d2e25',1717692427316,1717692424211,1717692436402,'person',NULL,NULL,NULL,29,'male',0.631659,-0.117787,0.347334,NULL,0,NULL,NULL,NULL,'unidentified',NULL,0.532178,0,0.0875,0.0833004,0.599988,0,0.164844,0.204718,1717692424488,0.777959,0.402324,-0.489651,-0.276487,0.217695,0,'viotec'),('52a0c3d2-3c0d-44e3-ba3d-9f144b3454b5','SM-A325M-2c8b940ad14d2e25','SM-A325M-2c8b940ad14d2e25',1722895399241,1722895398891,1722895399201,'person','ae8f543c-0ca3-4ab6-898a-2fffc81917b9',1651755088629,'ae8f543c-0ca3-4ab6-898a-2fffc81917b9',45,'male',-0.00030188,-0.00030188,-0.00030188,'JH Rodríguez ',0,NULL,1.01511,NULL,'noconcern',NULL,0.493243,0.639674,0.135937,0.2,0.492168,0.521949,0.139062,0.2,NULL,0.285427,0.287421,0.13329,0.108691,0.792514,0,'viotec'),('53337add-b09e-4fd4-8047-c7797bf4add8','moto g72-2d8212ec4994f06a','moto g72-2d8212ec4994f06a',1716555850992,1716555849515,1716555850246,'person','52f634e2-58b2-4495-ad92-88c8f7c204d4',1714584911360,'52f634e2-58b2-4495-ad92-88c8f7c204d4',NULL,'male',NULL,NULL,NULL,'Anderson  Cuervo',0,NULL,0.99694,243,'threat',NULL,0.38658,0,0.302344,0.296207,0.377363,0,0.279687,0.300386,1716555849515,0.136101,0.657881,0.0277331,-0.017521,-0.495332,0,'viotec'),('5434112a-16eb-449c-a7c1-98c77beb277d','moto g72-2d8212ec4994f06a','moto g72-2d8212ec4994f06a',1716554442310,1716554440902,NULL,'person','52f634e2-58b2-4495-ad92-88c8f7c204d4',1714584911360,'52f634e2-58b2-4495-ad92-88c8f7c204d4',NULL,'male',NULL,NULL,NULL,'Anderson  Cuervo',0,NULL,1.0762,0,'threat',NULL,0.589158,0.472678,0.230469,0.370833,0.534781,0.357207,0.301562,0.447222,1716554440902,0.00860881,0.657088,0.482094,-0.0978477,-0.0602214,0,'viotec'),('548b9b91-a717-4ed1-9b7d-0a5d4e4f0e3c','SM-A325M-2c8b940ad14d2e25','SM-A325M-2c8b940ad14d2e25',1716408497524,1716408495604,1716408497451,'person',NULL,NULL,NULL,NULL,NULL,NULL,NULL,NULL,NULL,0,NULL,NULL,142,'unidentified',NULL,0.219535,0.920854,0.0570313,0.075,0.182745,0.790243,0.0539062,0.0819445,1716408495604,NULL,0.452849,-0.527446,-0.0597173,0.367269,0,'viotec'),('55fa687d-8483-4f38-9c81-3f0d5a9543ee','SM-A325M-2c8b940ad14d2e25','SM-A325M-2c8b940ad14d2e25',1715100877995,1715100874914,1715100878089,'person','51ccaedc-fa70-4f88-a8a9-7b4db99bbdf2',1715100556185,'51ccaedc-fa70-4f88-a8a9-7b4db99bbdf2',NULL,NULL,NULL,NULL,NULL,'Javier Ruiz',0,'SM-A325M-2c8b940ad14d2e25',1.04818,793,'noconcern',NULL,0.562621,0.200179,0.141406,0.166667,0.499637,0.26456,0.135938,0.177778,NULL,0.0300595,0.844626,-0.184662,-0.00100477,0.173214,0,'viotec'),('57176c8b-cf7d-4b39-a01c-6a4285a00960','moto g72-2d8212ec4994f06a','moto g72-2d8212ec4994f06a',1716555959491,1716555957363,1716555963562,'person','52f634e2-58b2-4495-ad92-88c8f7c204d4',1714584911360,'52f634e2-58b2-4495-ad92-88c8f7c204d4',NULL,'male',NULL,NULL,NULL,'Anderson  Cuervo',0,NULL,1.11191,6199,'threat',NULL,0.45719,0.0656491,0.235156,0.402778,0.645884,0.275255,0.308594,0.440278,1716555958010,0.00651819,0.743915,0.305816,0.0412123,-0.0639823,0,'viotec'),('57278aef-8ce2-43d8-a08d-6e06676edd95','SM-A325M-2c8b940ad14d2e25','SM-A325M-2c8b940ad14d2e25',1716408842950,1716408839876,NULL,'person',NULL,NULL,NULL,NULL,NULL,NULL,NULL,NULL,NULL,0,NULL,NULL,2876,'stranger',NULL,0.606007,0.243066,0.165625,0.215278,0.404038,0.308294,0.207031,0.290278,1716408843232,0.708476,0.862,0.105011,0.0240582,0.1159,0,'viotec'),('591108d1-0e43-4f6d-9460-7676f1e7d845','SM-A325M-2c8b940ad14d2e25','SM-A325M-2c8b940ad14d2e25',1718112376466,1718112373325,1718112985236,'person','dcd12068-6897-44ee-a84b-bcbbe9231e57',1652197247101,'c336c185-d096-4b1b-8df9-2908812735bf',47,'male',-0.157393,-0.346201,-0.283265,'Arroyave',1,'Redmi Note 8-2c49ea4f56b14c23',1.14809,5958,'noconcern',NULL,0.320915,0.0582492,0.526563,0.631944,0.257253,0.155392,0.449219,0.556944,1718112373325,0.0100644,0.60152,0.476771,0.0182323,-0.0624254,0,'viotec'),('5a520546-0790-44a4-83dd-02c71dc35c84','SM-A325M-2c8b940ad14d2e25','SM-A325M-2c8b940ad14d2e25',1716408818081,1716408816185,1716408839876,'person','c336c185-d096-4b1b-8df9-2908812735bf',1652197247101,'c336c185-d096-4b1b-8df9-2908812735bf',47,NULL,NULL,NULL,NULL,'Arroyave',0,'Redmi Note 8-2c49ea4f56b14c23',1.08442,3384,'noconcern',NULL,0.888086,0.452885,0.0625,0.0819445,0.690443,0.429169,0.158594,0.186111,1716408822853,0.266328,0.66783,-0.361677,-0.0331662,0.242891,0,'viotec'),('5c20c1b8-79ed-498b-946e-af2d3305ad03','SM-A325M-2c8b940ad14d2e25','SM-A325M-2c8b940ad14d2e25',1717692408633,1717692405633,1717692413529,'person','dcd12068-6897-44ee-a84b-bcbbe9231e57',1652197247101,'c336c185-d096-4b1b-8df9-2908812735bf',47,'male',-0.0914443,-0.0965803,-0.0931563,'Arroyave',0,'Redmi Note 8-2c49ea4f56b14c23',1.16625,7896,'noconcern',NULL,0.364139,0.0312219,0.496094,0.586111,0.726968,0.65159,0.273032,0.34841,1717692405633,0.00567553,0.849665,0.123192,-0.0370012,0.0116414,0,'viotec'),('5f2ba915-45db-407a-8d8f-9fd104f71c19','SM-A325M-2c8b940ad14d2e25','SM-A325M-2c8b940ad14d2e25',1718113902093,1718113899755,1718113901929,'person',NULL,NULL,NULL,NULL,NULL,NULL,NULL,NULL,NULL,0,NULL,NULL,NULL,'unidentified',NULL,0.375213,0.72669,0.298437,0.27331,0.375801,0.721871,0.314062,0.278129,1718113899755,NULL,0,0.0695027,0.0284213,1,0,'viotec'),('5FF6F851-F115-4572-BE92-16417A884781','iPhone12_1-DA5C25C97F1048469D70EEDE026D66F3','iPhone12_1-DA5C25C97F1048469D70EEDE026D66F3',1714741959354,1714741957825,1714741964563,'person','52f634e2-58b2-4495-ad92-88c8f7c204d4',1714584911000,'52f634e2-58b2-4495-ad92-88c8f7c204d4',NULL,'male',NULL,NULL,NULL,'Anderson  Cuervo',0,NULL,1.09797,3658,'noconcern',NULL,0.843754,0.0271379,0.147656,0.293056,0.802547,0.153898,0.211719,0.455556,1714741958233,0.237652,0.603576,-0.488656,0.123223,-0.617389,0,'viotec'),('62ff12bf-0222-4d33-974c-3710734d1004','moto g72-2d8212ec4994f06a','moto g72-2d8212ec4994f06a',1714656084141,1714656082818,1714656084355,'person','52f634e2-58b2-4495-ad92-88c8f7c204d4',1714584911360,'52f634e2-58b2-4495-ad92-88c8f7c204d4',NULL,'male',NULL,NULL,NULL,'Anderson  Cuervo',0,NULL,0.938165,768,'threat',NULL,0.377358,0.511463,0.267969,0.45,0.285515,0.703424,0.285156,0.296576,NULL,0.318879,0.489171,0.407716,-0.0490428,0.525385,0,'viotec'),('650f5764-d8ff-49c8-84f1-e067511c23cd','moto g72-2d8212ec4994f06a','moto g72-2d8212ec4994f06a',1716555977350,1716555973205,1716555991781,'person',NULL,NULL,NULL,NULL,NULL,NULL,NULL,NULL,NULL,0,NULL,NULL,11779,'stranger',NULL,0.230091,0.607722,0.273438,0.388889,0.328683,0.510196,0.285156,0.456944,1716555974608,0.00415454,0.615512,-0.469404,0.14974,-0.115003,0,'viotec'),('65ee6463-07ea-40cd-9abd-abe97d89a373','SM-A325M-2c8b940ad14d2e25','SM-A325M-2c8b940ad14d2e25',1722895394057,1722895393312,1722895396025,'person','dcd12068-6897-44ee-a84b-bcbbe9231e57',1652197247101,'c336c185-d096-4b1b-8df9-2908812735bf',47,'male',0.0954486,-0.0683763,-0.013768,'Arroyave',0,'Redmi Note 8-2c49ea4f56b14c23',1.18406,678,'noconcern',NULL,0.565206,0.319821,0.329688,0.4125,0.597809,0.163064,0.09375,0.134722,1722895393312,0.00170719,0.845586,0.0621618,0.0381875,-0.142118,0,'viotec'),('663deff5-292b-4579-8b5f-eb0ef86f87ad','SM-A325M-2c8b940ad14d2e25','SM-A325M-2c8b940ad14d2e25',1718124847463,1718124845566,1718124854381,'person','03cf3e05-9ae5-40be-a755-45bd14c93ff5',1644437507034,'b7ccd93e-b436-417d-bd82-3817b67974c0',36,'male',-0.205472,-0.362705,-0.297343,NULL,0,NULL,1.09268,5509,'noconcern',NULL,0.492205,0.265946,0.0609375,0.0888889,0.3988,0.38099,0.188281,0.240278,1718124847319,0.0528506,0.698661,-0.378018,0.0189189,-0.284515,0,'viotec'),('66ee6966-0182-413d-b776-11225e3fc0f9','SM-A325M-2c8b940ad14d2e25','SM-A325M-2c8b940ad14d2e25',1718111914706,1718111913858,1718111914568,'person','dcd12068-6897-44ee-a84b-bcbbe9231e57',1652197247101,'c336c185-d096-4b1b-8df9-2908812735bf',47,'male',-0.00185805,-0.00185805,-0.00185805,'Arroyave',0,'Redmi Note 8-2c49ea4f56b14c23',1.09518,177,'noconcern',NULL,0.537115,0.638465,0.285156,0.361535,0.568915,0.730398,0.296094,0.269602,1718111913987,0.00166606,0.730347,-0.0242954,-0.0266991,0.388699,0,'viotec'),('67f81f5e-0987-4959-814b-dca25e4ed78d','SM-A325M-2c8b940ad14d2e25','SM-A325M-2c8b940ad14d2e25',1715805511726,1715805507786,1715805525887,'person','c336c185-d096-4b1b-8df9-2908812735bf',1652197247101,'c336c185-d096-4b1b-8df9-2908812735bf',47,NULL,0.115079,-0.313592,-0.056587,'Arroyave',0,'Redmi Note 8-2c49ea4f56b14c23',1.17141,2268,'noconcern',NULL,0.374302,0.116936,0.389062,0.502778,0.0342633,0.197592,0.328906,0.506944,1715805513184,0.00389098,0.337899,0.881705,0.0228172,0.0842024,0,'viotec'),('68b56477-88f7-43fd-ac98-e17fa1fc429e','SM-A325M-2c8b940ad14d2e25','SM-A325M-2c8b940ad14d2e25',1715100851729,1715100850789,1715100858350,'person','51ccaedc-fa70-4f88-a8a9-7b4db99bbdf2',1715100556185,'51ccaedc-fa70-4f88-a8a9-7b4db99bbdf2',NULL,NULL,NULL,NULL,NULL,'Javier Ruiz',0,'SM-A325M-2c8b940ad14d2e25',1.19492,5670,'noconcern',NULL,0.474465,0.299612,0.120312,0.151389,0.445909,0.347849,0.124219,0.159722,1715100851674,0.0142703,0,0.161037,0.036066,1,0,'viotec'),('693503e4-a1cf-4215-9cf5-306ba51ef1f4','moto g72-2d8212ec4994f06a','moto g72-2d8212ec4994f06a',1714584920038,1714584918467,1714584919257,'person','52f634e2-58b2-4495-ad92-88c8f7c204d4',1714584911360,'52f634e2-58b2-4495-ad92-88c8f7c204d4',NULL,NULL,NULL,NULL,NULL,NULL,0,NULL,1.09377,790,'noconcern',NULL,0.551051,0.372249,0.432031,0.618056,0.521981,0.0542694,0.363281,0.566667,1714584918467,0.982381,0.637303,0.202816,-0.108802,-0.417045,0,'viotec'),('6953046f-1c0c-4ae8-802c-55e5b8a94b04','SM-A325M-2c8b940ad14d2e25','SM-A325M-2c8b940ad14d2e25',1718113508060,1718113504995,1718113522838,'person','dcd12068-6897-44ee-a84b-bcbbe9231e57',1652197247101,'c336c185-d096-4b1b-8df9-2908812735bf',47,'male',-0.0444013,-0.359639,-0.16086,'Arroyave',0,'Redmi Note 8-2c49ea4f56b14c23',1.19205,10408,'noconcern',NULL,0.376025,0,0.49375,0.509067,0.507698,0.0999702,0.457031,0.570833,1718113507918,0.00117356,0.647078,0.420576,0.0630403,-0.143441,0,'viotec'),('6cc53ad6-ae95-4c2f-aedb-b79a9848dace','moto g72-2d8212ec4994f06a','moto g72-2d8212ec4994f06a',1716554790108,1716554788788,1716554791312,'person','52f634e2-58b2-4495-ad92-88c8f7c204d4',1714584911360,'52f634e2-58b2-4495-ad92-88c8f7c204d4',NULL,'male',NULL,NULL,NULL,'Anderson  Cuervo',0,NULL,1.10683,NULL,'threat',NULL,0.546396,0,0.283594,0.420197,0.468867,0.215787,0.246875,0.368056,1716554788788,0.0278211,0.312496,0.270186,0.149399,-0.702173,0,'viotec'),('6cf9e034-57fe-41fa-ab0d-ab70b50a1ffd','SM-A325M-2c8b940ad14d2e25','SM-A325M-2c8b940ad14d2e25',1718111924879,1718111921740,1718111925980,'person',NULL,NULL,NULL,31,'female',0.892043,0.493083,0.803405,NULL,0,NULL,NULL,NULL,'unidentified',NULL,0.100911,0,0.664062,0.845402,0.480063,0.146114,0.0429688,0.0638889,1718111923460,0.0300815,0.102224,-0.275396,0.115537,-0.918206,0,'viotec'),('6fc41a46-a805-44a3-ae32-aee67c935283','SM-A325M-2c8b940ad14d2e25','SM-A325M-2c8b940ad14d2e25',1718124896632,1718124894846,1718124898949,'person','03cf3e05-9ae5-40be-a755-45bd14c93ff5',1644437507034,'b7ccd93e-b436-417d-bd82-3817b67974c0',37,'male',0.0270585,0.0270585,0.0270585,'Alejandro Muñoz',0,'SM-A325M-2c8b940ad14d2e25',1.06445,631,'threat',NULL,0.460312,0.700173,0.105469,0.172222,0.280357,0.647597,0.173438,0.229167,1718124895829,0.180707,0.646252,-0.0291259,0.0350003,-0.505217,0,'viotec'),('716f6e29-5a42-47d0-9b0a-5063284bcb36','SM-A325M-2c8b940ad14d2e25','SM-A325M-2c8b940ad14d2e25',1722895463838,1722895463564,1722895465287,'person','dcd12068-6897-44ee-a84b-bcbbe9231e57',1652197247101,'c336c185-d096-4b1b-8df9-2908812735bf',47,'male',0.0856366,0.0856366,0.0856366,'Arroyave',0,'Redmi Note 8-2c49ea4f56b14c23',1.0647,1723,'noconcern',NULL,0.337875,0.39636,0.442969,0.568056,0.345934,0.639787,0.411719,0.360213,1722895463564,0.0171463,0.334255,0.372553,-0.00592657,-0.689399,0,'viotec'),('7202938b-89ad-409d-80d9-c5c0c8c77891','SM-A325M-2c8b940ad14d2e25','SM-A325M-2c8b940ad14d2e25',1715805414803,1715805410037,1715805476809,'person','c336c185-d096-4b1b-8df9-2908812735bf',1652197247101,'c336c185-d096-4b1b-8df9-2908812735bf',47,'male',-0.66125,-0.66125,-0.66125,'Arroyave',0,'Redmi Note 8-2c49ea4f56b14c23',1.17572,33386,'noconcern',NULL,0.404758,0.0466163,0.450781,0.559722,0.34662,0.182349,0.385938,0.488889,NULL,0.00372619,0.682666,0.356144,0.0231051,-0.293929,0,'viotec'),('729b06f9-45ba-47a5-9225-389e1982594b','SM-A325M-2c8b940ad14d2e25','SM-A325M-2c8b940ad14d2e25',1722895453725,1722895453419,1722895454388,'person','dcd12068-6897-44ee-a84b-bcbbe9231e57',1652197247101,'c336c185-d096-4b1b-8df9-2908812735bf',47,'male',0.399601,0.399601,0.399601,'Arroyave',0,'Redmi Note 8-2c49ea4f56b14c23',1.03968,484,'noconcern',NULL,0.351494,0.0135213,0.378125,0.340278,0.45368,0.501012,0.364062,0.488889,1722895453419,0.015248,0.701688,0.345319,0.00338403,-0.301097,0,'viotec'),('787cff4f-38ee-4afc-b9f9-1a73f9c25c2f','SM-A325M-2c8b940ad14d2e25','SM-A325M-2c8b940ad14d2e25',1722895417598,1722895416938,1722895423960,'person','ae8f543c-0ca3-4ab6-898a-2fffc81917b9',1651755088629,'ae8f543c-0ca3-4ab6-898a-2fffc81917b9',42,'male',0.857359,0.758571,0.807876,'JH Rodríguez ',0,NULL,1.23635,NULL,'noconcern',NULL,0.468883,0,0.185937,0.232816,0.467617,0,0.238281,0.324814,1722895417561,0.00289543,0.530551,-0.629695,0.049805,-0.0121274,0,'viotec'),('793746c8-9492-40af-b50c-776b11765936','moto g72-2d8212ec4994f06a','moto g72-2d8212ec4994f06a',1714584935228,1714584933472,1714584937733,'person','52f634e2-58b2-4495-ad92-88c8f7c204d4',1714584911360,'52f634e2-58b2-4495-ad92-88c8f7c204d4',NULL,'male',NULL,NULL,NULL,'Anderson  Cuervo',0,NULL,1.10337,4261,'threat',NULL,0.596691,0.480657,0.352344,0.469444,0.384858,0,0.336719,0.338946,1714584934078,0.638146,0.00118648,0.10301,0.0755049,0.995511,0,'viotec'),('7b4fd7cf-ed0e-444c-bb27-0a226da78fb1','SM-A325M-2c8b940ad14d2e25','SM-A325M-2c8b940ad14d2e25',1717692439735,1717692436630,NULL,'person','dcd12068-6897-44ee-a84b-bcbbe9231e57',1652197247101,'c336c185-d096-4b1b-8df9-2908812735bf',47,'male',0.0838478,0.0838478,0.0838478,'Arroyave',0,'Redmi Note 8-2c49ea4f56b14c23',1.11475,935,'noconcern',NULL,0.631087,0.557134,0.368913,0.442866,0.233125,0.160041,0.463281,0.577778,1717692440305,0.00537324,0.650769,0.444838,0.0182687,0.0764053,0,'viotec'),('7b86f523-417d-45d9-b345-f7bcd939bfbc','SM-A325M-2c8b940ad14d2e25','SM-A325M-2c8b940ad14d2e25',1715805665441,1715805665144,1715806078486,'person','dcd12068-6897-44ee-a84b-bcbbe9231e57',1652197247101,'c336c185-d096-4b1b-8df9-2908812735bf',47,NULL,NULL,NULL,NULL,'Arroyave',1,'Redmi Note 8-2c49ea4f56b14c23',1.18411,1932,'noconcern',NULL,0.462355,0.134796,0.427344,0.538889,0.390223,0.208434,0.420313,0.518056,1715805665144,0.00509219,0.69376,-0.351003,0.0453559,0.0726983,0,'viotec'),('7d91eed7-dd51-42a4-921c-3100967719c6','SM-A325M-2c8b940ad14d2e25','SM-A325M-2c8b940ad14d2e25',1716409180401,1716409176525,1716409181813,'person','dcd12068-6897-44ee-a84b-bcbbe9231e57',1652197247101,'c336c185-d096-4b1b-8df9-2908812735bf',47,NULL,NULL,NULL,NULL,'Arroyave',0,'Redmi Note 8-2c49ea4f56b14c23',0.946892,4343,'noconcern',NULL,0,0.206148,0.145578,0.265278,0,0.189767,0.207579,0.295833,1716409180418,0.800419,0.662574,-0.240201,0.114681,-0.0829874,0,'viotec'),('7f495dda-de94-4dc9-9d00-93edf1af9f24','SM-A325M-2c8b940ad14d2e25','SM-A325M-2c8b940ad14d2e25',1715805372008,1715805368464,1715805405331,'person','dcd12068-6897-44ee-a84b-bcbbe9231e57',1652197247101,'c336c185-d096-4b1b-8df9-2908812735bf',47,NULL,NULL,NULL,NULL,'Arroyave',0,'Redmi Note 8-2c49ea4f56b14c23',1.17868,12289,'noconcern',NULL,0.420687,0,0.528906,0.629704,0.397962,0.0144288,0.447656,0.561111,1715805368464,0.00151464,0.744458,0.287995,0.0301323,0.0672195,0,'viotec'),('7f558e22-c49f-404a-8246-b6a33e5d30c7','SM-A325M-2c8b940ad14d2e25','SM-A325M-2c8b940ad14d2e25',1722895620886,1722895620303,1722895620792,'person','ca4ee376-5f74-4a8e-806e-b056cf7b54dd',1659105546904,'ca4ee376-5f74-4a8e-806e-b056cf7b54dd',44,'female',0.0225263,0.0225263,0.0225263,NULL,0,NULL,1.11143,NULL,'noconcern',NULL,0.541369,0.376475,0.103906,0.143056,0.506602,0.468165,0.096875,0.122222,NULL,0.196434,0.440554,0.305856,0.0477451,0.632572,0,'viotec'),('800dabf1-7c7e-4c97-957b-90c813f83209','SM-A325M-2c8b940ad14d2e25','SM-A325M-2c8b940ad14d2e25',1715100901443,1715100899561,1715101343416,'person','dcd12068-6897-44ee-a84b-bcbbe9231e57',1652197247101,'c336c185-d096-4b1b-8df9-2908812735bf',47,NULL,NULL,NULL,NULL,'Arroyave',1,'Redmi Note 8-2c49ea4f56b14c23',1.17887,NULL,'noconcern',NULL,0.567535,0.00462109,0.316406,0.344444,0.463718,0.0264334,0.414063,0.475,1715100901387,0.0779036,0.565364,0.51043,0.00511572,-0.187616,0,'viotec'),('8064120a-9f42-498b-8571-c0ea1cdec0bb','SM-A325M-2c8b940ad14d2e25','SM-A325M-2c8b940ad14d2e25',1718113480695,1718113478314,1718113492229,'person','dcd12068-6897-44ee-a84b-bcbbe9231e57',1652197247101,'c336c185-d096-4b1b-8df9-2908812735bf',48,'male',-0.00973073,-0.819487,-0.226103,'Arroyave',0,'Redmi Note 8-2c49ea4f56b14c23',1.1735,7421,'noconcern',NULL,0.342081,0,0.420313,0.395285,0.289514,0,0.491406,0.352745,1718113480106,0.00224908,0.376614,0.0854172,0.0636568,-0.73118,0,'viotec'),('81576b73-9394-401a-bdde-ad58abf9e39b','SM-A325M-2c8b940ad14d2e25','SM-A325M-2c8b940ad14d2e25',1718111953427,1718111950288,1718111954187,'person',NULL,NULL,NULL,19,'female',0.664043,-0.138268,0.0801709,NULL,0,NULL,NULL,1169,'unidentified',NULL,0.730238,0.0409097,0.269762,0.3875,0.587208,0.259675,0.224219,0.291667,1718111951283,0.00491131,0.640725,-0.361972,-0.0302285,0.379779,0,'viotec'),('822a389c-f5d0-438b-8ba0-35d368a4c98b','SM-A325M-2c8b940ad14d2e25','SM-A325M-2c8b940ad14d2e25',1715100871900,1715100871062,1715100873846,'person','52f634e2-58b2-4495-ad92-88c8f7c204d4',1714584911360,'52f634e2-58b2-4495-ad92-88c8f7c204d4',NULL,'male',NULL,NULL,NULL,'Anderson  Cuervo',0,NULL,1.00209,2227,'noconcern',NULL,0.360113,0,0.123437,0.128145,0.25199,0,0.123437,0.103702,1715100871187,0.811606,0.404942,-0.181453,-0.0831368,0.678705,0,'viotec'),('82d9d06b-1f5f-4b8a-8f05-fae1066c2a8c','moto g72-2d8212ec4994f06a','moto g72-2d8212ec4994f06a',1716555874900,1716555873147,1716555874006,'person','52f634e2-58b2-4495-ad92-88c8f7c204d4',1714584911360,'52f634e2-58b2-4495-ad92-88c8f7c204d4',NULL,'male',NULL,NULL,NULL,'Anderson  Cuervo',0,NULL,1.05593,644,'threat',NULL,0.840421,0.207451,0.159579,0.309722,0.52894,0.780615,0.222656,0.219385,1716555873352,0.012311,0.674837,0.272392,-0.11132,-0.0617869,0,'viotec'),('83efdffe-30ad-4de9-9e38-7ce741b7b99e','SM-A325M-2c8b940ad14d2e25','SM-A325M-2c8b940ad14d2e25',1716409180260,1716409176525,1716409180973,'person',NULL,NULL,NULL,NULL,NULL,NULL,NULL,NULL,NULL,0,NULL,NULL,961,'unidentified',NULL,0.180138,0.806818,0.0726563,0.0986111,0.383253,0.697669,0.0546875,0.075,NULL,NULL,0.707309,-0.355253,0.0232862,-0.182484,0,'viotec'),('846a4bf1-6157-47d7-aafd-0fffb935a0ac','SM-A325M-2c8b940ad14d2e25','SM-A325M-2c8b940ad14d2e25',1716408536654,1716408534053,1716408541116,'person','e7dcb405-0adf-46b5-a009-f32af1cd0ae6',1659105569537,'e7dcb405-0adf-46b5-a009-f32af1cd0ae6',NULL,NULL,NULL,NULL,NULL,NULL,0,NULL,1.09607,NULL,'noconcern',NULL,0.386544,0.859521,0.174219,0.140479,0.309149,0.36604,0.182813,0.247222,1716408534162,0.0306042,0,-0.125992,-0.0176469,-1,0,'viotec'),('87f8ee1c-29f4-4305-9086-763a1f201205','SM-A325M-2c8b940ad14d2e25','SM-A325M-2c8b940ad14d2e25',1716409087724,1716409085351,1716409101184,'person','c336c185-d096-4b1b-8df9-2908812735bf',1652197247101,'c336c185-d096-4b1b-8df9-2908812735bf',47,'male',0.0398432,-0.502859,-0.179046,'Arroyave',0,'Redmi Note 8-2c49ea4f56b14c23',1.10831,13194,'noconcern',NULL,0.220664,0,0.603125,0.523922,0.101603,0.0827374,0.502344,0.597222,1716409087657,0.0248689,0.836251,-0.0385399,0.0510431,0.104234,0,'viotec'),('887f6bc5-7266-49be-a9cb-be9eec95a61e','SM-A325M-2c8b940ad14d2e25','SM-A325M-2c8b940ad14d2e25',1718114026061,1718114023170,1718114145783,'person','dcd12068-6897-44ee-a84b-bcbbe9231e57',1652197247101,'c336c185-d096-4b1b-8df9-2908812735bf',47,'male',0.047539,-0.927124,-0.618565,'Arroyave',0,'Redmi Note 8-2c49ea4f56b14c23',1.17891,NULL,'noconcern',NULL,0.428171,0.74217,0.247656,0.25783,0.363803,0.68701,0.344531,0.31299,1718114025378,0.0741092,0,0.145493,-0.0119088,1,0,'viotec'),('88C3239F-883F-410D-8EB4-F1100F7BCDA2','iPhone12_1-DA5C25C97F1048469D70EEDE026D66F3','iPhone12_1-DA5C25C97F1048469D70EEDE026D66F3',1714656332048,1714656331222,1714656333724,'person','52f634e2-58b2-4495-ad92-88c8f7c204d4',1714584911000,'52f634e2-58b2-4495-ad92-88c8f7c204d4',NULL,'male',NULL,NULL,NULL,'Anderson  Cuervo',0,NULL,1.10123,682,'noconcern',NULL,0.779516,0.497727,0.229687,0.484722,0.644589,0.664981,0.304688,0.356944,1714656331536,0.183929,0.700552,0.0470105,-0.111328,1,0,'viotec'),('88d73eda-b1d1-4e05-a84a-e14ef4ac5861','SM-A325M-2c8b940ad14d2e25','SM-A325M-2c8b940ad14d2e25',1715100870728,1715100869063,1715100870670,'person',NULL,NULL,NULL,NULL,NULL,NULL,NULL,NULL,NULL,0,NULL,NULL,NULL,'unidentified',NULL,0.555433,0.220743,0.117969,0.161111,0.531506,0.552642,0.116406,0.161111,1715100869063,NULL,0,0.448947,0.154774,1,0,'viotec'),('894f5352-432e-4d1b-bc81-bf25e8d86d21','SM-A325M-2c8b940ad14d2e25','SM-A325M-2c8b940ad14d2e25',1722895585272,1722895584173,NULL,'person','03cf3e05-9ae5-40be-a755-45bd14c93ff5',1644437507034,'29477555-7340-4362-b9b5-45df1a9e533e',36,'male',-0.540113,-0.574177,-0.557145,'Alejandro Muñoz',0,'SM-A325M-2c8b940ad14d2e25',0.998802,NULL,'threat',NULL,0.552236,0.240544,0.15,0.205556,0.527318,0.29707,0.163281,0.229167,1722895584173,0.104628,0.331448,0.107044,-0.315862,0.533754,0,'viotec'),('89c738e6-53f7-4d5f-b932-a4e8c0d9b95a','moto g72-2d8212ec4994f06a','moto g72-2d8212ec4994f06a',1716554777079,1716554775267,1716554785356,'person','52f634e2-58b2-4495-ad92-88c8f7c204d4',1714584911360,'52f634e2-58b2-4495-ad92-88c8f7c204d4',NULL,'male',NULL,NULL,NULL,'Anderson  Cuervo',0,NULL,1.09623,10089,'threat',NULL,0.529644,0.122923,0.449219,0.584722,0.516416,0.558166,0.234375,0.343056,1716554775999,0.00195916,0.60357,0.124222,0.163269,-0.350787,0,'viotec'),('8a3b3b3b-3517-4c52-89e0-41da4fccfe0f','SM-A325M-2c8b940ad14d2e25','SM-A325M-2c8b940ad14d2e25',1718113886159,1718113883016,1718113890802,'person',NULL,NULL,NULL,50,'male',-0.625325,-0.625325,-0.625325,NULL,0,NULL,NULL,NULL,'unidentified',NULL,0.360454,0.638367,0.289062,0.361633,0.359659,0.598328,0.314062,0.379167,1718113883512,0.99448,0,0.426861,0.00170514,1,0,'viotec'),('8a40b4a4-f648-467d-aa62-bbf74261a8b6','moto g72-2d8212ec4994f06a','moto g72-2d8212ec4994f06a',1716555913003,1716555911629,1716555911922,'person','52f634e2-58b2-4495-ad92-88c8f7c204d4',1714584911360,'52f634e2-58b2-4495-ad92-88c8f7c204d4',NULL,'male',NULL,NULL,NULL,'Anderson  Cuervo',0,NULL,1.00104,293,'threat',NULL,0.0573278,0.400609,0.228906,0.333333,0.101137,0.472658,0.245312,0.348611,1716555911629,0.701106,0.815384,0.0948445,0.0493826,0.128743,0,'viotec'),('8a717a12-fdd4-4264-a141-ecc30e7aba15','SM-A325M-2c8b940ad14d2e25','SM-A325M-2c8b940ad14d2e25',1718398456330,1718398453710,1718398464656,'person','dcd12068-6897-44ee-a84b-bcbbe9231e57',1652197247101,'c336c185-d096-4b1b-8df9-2908812735bf',47,'male',0.10171,-0.0173318,0.0697348,'Arroyave',0,'Redmi Note 8-2c49ea4f56b14c23',1.09632,NULL,'noconcern',NULL,0.287891,0,0.3625,0.341841,0.374208,0,0.4375,0.35847,1718398453710,0.39233,0.704201,0.0334913,-0.0402871,-0.414071,0,'viotec'),('8be0c20a-8474-450c-8562-ea34c723769a','SM-A325M-2c8b940ad14d2e25','SM-A325M-2c8b940ad14d2e25',1722895584690,1722895584173,NULL,'person','ae8f543c-0ca3-4ab6-898a-2fffc81917b9',1651755088629,'ae8f543c-0ca3-4ab6-898a-2fffc81917b9',44,'male',0.0308195,-0.899071,-0.332188,'JH Rodríguez ',0,NULL,1.23075,5841,'noconcern',NULL,0.541874,0.702919,0.0953125,0.125,0.541661,0.66098,0.0960937,0.131944,1722895584173,0.833151,0.831766,-0.152607,0.0254992,0.158793,0,'viotec'),('8c005f8a-29bf-4c9e-b684-376aa77892c5','SM-A325M-2c8b940ad14d2e25','SM-A325M-2c8b940ad14d2e25',1718398473869,1718398472316,1718398479066,'person','dcd12068-6897-44ee-a84b-bcbbe9231e57',1652197247101,'c336c185-d096-4b1b-8df9-2908812735bf',47,'male',-0.0365146,-0.396277,-0.276356,'Arroyave',0,'Redmi Note 8-2c49ea4f56b14c23',1.14392,6750,'noconcern',NULL,0.398777,0,0.314844,0.31296,0.577142,0.0105557,0.391406,0.256944,1718398472316,0.163781,0.707234,-0.212855,-0.000471045,-0.356153,0,'viotec'),('8d25cf73-42cc-4b67-b189-24b91f726fc0','SM-A325M-2c8b940ad14d2e25','SM-A325M-2c8b940ad14d2e25',1716408799699,1716408798125,1716408804488,'person','dcd12068-6897-44ee-a84b-bcbbe9231e57',1652197247101,'c336c185-d096-4b1b-8df9-2908812735bf',47,NULL,NULL,NULL,NULL,'Arroyave',0,'Redmi Note 8-2c49ea4f56b14c23',1.08267,NULL,'noconcern',NULL,0.511107,0.427968,0.101562,0.134722,0.428062,0.464601,0.150781,0.186111,1716408798125,0.696394,0.638653,-0.398531,-0.0185609,-0.115694,0,'viotec'),('8d4bf333-9b6b-4248-b407-df569654d5f2','SM-A325M-2c8b940ad14d2e25','SM-A325M-2c8b940ad14d2e25',1715100861881,1715100858822,1715100863274,'person',NULL,NULL,NULL,NULL,NULL,NULL,NULL,NULL,NULL,0,NULL,NULL,NULL,'unidentified',NULL,0.425501,0.28233,0.166406,0.238889,0.173589,0.694577,0.190625,0.263889,1715100859360,NULL,0,0.53464,0.173776,-1,0,'viotec'),('8ec849c4-2a88-4eea-a55b-da99f61392e0','SM-A325M-2c8b940ad14d2e25','SM-A325M-2c8b940ad14d2e25',1722895588462,1722895585424,NULL,'person',NULL,NULL,NULL,NULL,NULL,NULL,NULL,NULL,NULL,0,NULL,NULL,NULL,'unidentified',NULL,0.360108,0,0.350781,0.370251,0.360108,0,0.350781,0.370251,NULL,NULL,0.520647,0.045686,-0.0445751,-0.599451,0,'viotec'),('9064664F-E99A-4DED-818B-F2926BAB5D1A','iPhone12_1-DA5C25C97F1048469D70EEDE026D66F3','iPhone12_1-DA5C25C97F1048469D70EEDE026D66F3',1714656305046,1714656304253,1714656306424,'person','52f634e2-58b2-4495-ad92-88c8f7c204d4',1714584911000,'52f634e2-58b2-4495-ad92-88c8f7c204d4',NULL,'male',NULL,NULL,NULL,'Anderson  Cuervo',0,NULL,1.03712,1447,'noconcern',NULL,0.848973,0.491941,0.151562,0.375,0.747022,0.413294,0.232812,0.290278,1714656304465,0.886345,0.727021,-0.626622,-0.410689,-1,0,'viotec'),('9099902a-3678-4270-865d-e62ced6f5589','SM-A325M-2c8b940ad14d2e25','SM-A325M-2c8b940ad14d2e25',1716409110675,1716409110609,1716409110609,'action','c336c185-d096-4b1b-8df9-2908812735bf',1652197247101,'c336c185-d096-4b1b-8df9-2908812735bf',47,'male',-0.228799,-0.228799,-0.228799,'Arroyave',0,'Redmi Note 8-2c49ea4f56b14c23',1.10076,NULL,'noconcern',NULL,0.291952,0.247005,0.403906,0.448611,0.291952,0.247005,0.403906,0.448611,NULL,0.0223157,0.260585,-0.643063,-0.0249662,-0.283356,NULL,'viotec'),('914086b7-c8ad-4a1c-88e6-dbe7ff9e737c','SM-A325M-2c8b940ad14d2e25','SM-A325M-2c8b940ad14d2e25',1716409108470,1716409105103,1716409116004,'person','c336c185-d096-4b1b-8df9-2908812735bf',1652197247101,'c336c185-d096-4b1b-8df9-2908812735bf',47,'male',-0.228799,-0.47996,-0.312519,'Arroyave',0,'Redmi Note 8-2c49ea4f56b14c23',1.10076,3633,'noconcern',NULL,0.15591,0.00649931,0.367969,0.441667,0.279566,0.207825,0.392187,0.520833,1716409108402,0.0212748,0.56817,-0.505279,0.0107482,-0.0985126,0,'viotec'),('921594DE-FD50-475F-9D9D-8BAFF650C01C','iPhone12_1-DA5C25C97F1048469D70EEDE026D66F3','iPhone12_1-DA5C25C97F1048469D70EEDE026D66F3',1714741961515,1714741960763,1714741964292,'person','dcd12068-6897-44ee-a84b-bcbbe9231e57',1652197247000,'c336c185-d096-4b1b-8df9-2908812735bf',47,NULL,NULL,NULL,NULL,'Arroyave',0,'Redmi Note 8-2c49ea4f56b14c23',1.13591,336,'noconcern',NULL,0.603236,-0.00292039,0.202344,0.1625,0.565556,-0.00336338,0.207031,0.183333,1714741962366,0.0241495,0.687807,0.146344,-0.0782889,-1,0,'viotec'),('92269ddd-6d35-4c82-82b0-dabf088c70c4','moto g72-2d8212ec4994f06a','moto g72-2d8212ec4994f06a',1716554350668,1716554349248,1716554353583,'person','52f634e2-58b2-4495-ad92-88c8f7c204d4',1714584911360,'52f634e2-58b2-4495-ad92-88c8f7c204d4',NULL,'male',NULL,NULL,NULL,'Anderson  Cuervo',0,NULL,1.12511,1857,'noconcern',NULL,0.48181,0.596075,0.395312,0.403925,0.564277,0.49286,0.398438,0.507141,1716554349594,0.00952843,0.907735,-0.109839,0.0035051,-0.0870595,0,'viotec'),('93496519-1a8a-46c0-a661-6915e970ce3e','moto g72-2d8212ec4994f06a','moto g72-2d8212ec4994f06a',1716555912602,1716555911114,1716555911379,'person','52f634e2-58b2-4495-ad92-88c8f7c204d4',1714584911360,'52f634e2-58b2-4495-ad92-88c8f7c204d4',NULL,'male',NULL,NULL,NULL,'Anderson  Cuervo',0,NULL,0.983729,NULL,'threat',NULL,0.140183,0.594001,0.253125,0.373611,0.0796617,0.469858,0.257031,0.377778,1716555911114,0.743493,0.555846,-0.431477,0.0312141,0.483787,0,'viotec'),('94b493e7-fbc7-40de-9254-a46bdd575630','SM-A325M-2c8b940ad14d2e25','SM-A325M-2c8b940ad14d2e25',1718398482382,1718398479220,1718398482607,'person',NULL,NULL,NULL,NULL,NULL,NULL,NULL,NULL,NULL,0,NULL,NULL,NULL,'unidentified',NULL,0.663154,0.671048,0.235156,0.328952,0.404063,0.741004,0.31875,0.258996,1718398479220,NULL,0.040493,-0.512464,0.294907,0.899197,0,'viotec'),('99fdde12-3bdd-449a-84fb-9d9bf4524c7f','SM-A325M-2c8b940ad14d2e25','SM-A325M-2c8b940ad14d2e25',1722895407101,1722895406760,1722895411641,'person','0105f52f-6b84-468a-b30c-ec0550c488fc',1643830214267,'0105f52f-6b84-468a-b30c-ec0550c488fc',40,'male',0.157943,-0.27183,-0.117403,'Geovanny',0,NULL,1.12258,4881,'noconcern',NULL,0.498685,0.45819,0.220312,0.305556,0.461764,0.000127335,0.21875,0.251389,1722895407062,0.12897,0.75104,-0.117119,0.0416973,-0.31772,0,'viotec'),('9d7713f9-d7da-49ef-b6e9-20e41214fc60','SM-A325M-2c8b940ad14d2e25','SM-A325M-2c8b940ad14d2e25',1717693231074,1717693227965,NULL,'person',NULL,NULL,NULL,NULL,NULL,NULL,NULL,NULL,NULL,0,NULL,NULL,NULL,'unidentified',NULL,0.532729,0.048963,0.3625,0.4875,0.532729,0.048963,0.3625,0.4875,NULL,NULL,0.647634,0.478218,0.0624086,-0.143902,0,'viotec'),('9e4883c7-0c54-4ec9-81f5-909463c53f1f','SM-A325M-2c8b940ad14d2e25','SM-A325M-2c8b940ad14d2e25',1722895587969,1722895587605,1722895588334,'person','03cf3e05-9ae5-40be-a755-45bd14c93ff5',1644437507034,'03cf3e05-9ae5-40be-a755-45bd14c93ff5',39,'male',-0.589209,-0.589209,-0.589209,'Alejandro Muñoz',0,'SM-A325M-2c8b940ad14d2e25',0.948126,NULL,'threat',NULL,0.483912,0.114026,0.217187,0.218056,0.479206,0.101736,0.20625,0.191667,NULL,0.0521695,0.433472,-0.137368,-0.259182,-0.262103,0,'viotec'),('a1841d07-ad41-4329-aca6-bee988f1fcb6','SM-A325M-2c8b940ad14d2e25','SM-A325M-2c8b940ad14d2e25',1715805528504,1715805526478,1715805536945,'person','c336c185-d096-4b1b-8df9-2908812735bf',1652197247101,'c336c185-d096-4b1b-8df9-2908812735bf',47,NULL,0.148097,-0.157349,0.0209767,'Arroyave',0,'Redmi Note 8-2c49ea4f56b14c23',1.15528,NULL,'noconcern',NULL,0.0442824,0.0661037,0.347656,0.544444,0.220323,0,0.46875,0.453384,NULL,0.0187183,0.662128,-0.266976,0.00947579,-0.394315,0,'viotec'),('a3879bf6-0d3a-4bb8-bb8f-4378b4f8e5ca','moto g72-2d8212ec4994f06a','moto g72-2d8212ec4994f06a',1714584836665,1714584832588,1714584837757,'person',NULL,NULL,NULL,NULL,NULL,NULL,NULL,NULL,NULL,0,NULL,NULL,3015,'stranger',NULL,0.409122,0.186931,0.385156,0.520833,0.343212,0.681458,0.314063,0.318542,1714584833252,0.991734,0,0.0697042,-0.0638004,1,0,'viotec'),('a42e34a7-d082-4d71-aa49-ae72a2361b2c','SM-A325M-2c8b940ad14d2e25','SM-A325M-2c8b940ad14d2e25',1718113894352,1718113891209,1718113898563,'person',NULL,NULL,NULL,NULL,NULL,NULL,NULL,NULL,NULL,0,NULL,NULL,NULL,'unidentified',NULL,0.360932,0.597128,0.317969,0.383333,0.390492,0.718162,0.290625,0.281838,1718113891209,NULL,0,0.436556,-0.146908,1,0,'viotec'),('a4b3cfd8-d6ad-40c5-b8e1-31f7610b2e29','SM-A325M-2c8b940ad14d2e25','SM-A325M-2c8b940ad14d2e25',1716485653183,1716485652740,1716485653510,'person','dcd12068-6897-44ee-a84b-bcbbe9231e57',1652197247101,'c336c185-d096-4b1b-8df9-2908812735bf',47,'male',-0.286658,-0.286658,-0.286658,'Arroyave',0,'Redmi Note 8-2c49ea4f56b14c23',1.10139,NULL,'noconcern',NULL,0.55816,0.441482,0.367188,0.459722,0.531211,0.325489,0.304688,0.451389,NULL,0.00298784,0.366428,0.7202,-0.124903,-0.0662198,0,'viotec'),('a5349cb1-a5ed-450f-8e2b-b4430b2abd03','SM-A325M-2c8b940ad14d2e25','SM-A325M-2c8b940ad14d2e25',1718111904264,1718111903817,1718111908908,'person','dcd12068-6897-44ee-a84b-bcbbe9231e57',1652197247101,'c336c185-d096-4b1b-8df9-2908812735bf',47,'male',-0.0348325,-0.276913,-0.18478,'Arroyave',0,'Redmi Note 8-2c49ea4f56b14c23',1.13761,5091,'noconcern',NULL,0.503253,0.251018,0.394531,0.466667,0.420933,0.675923,0.410156,0.324077,1718111903817,0.00639145,0.685276,0.219743,0.0596989,-0.324454,0,'viotec'),('a635dcc0-65ab-4ea4-9216-62233eb64acc','SM-A325M-2c8b940ad14d2e25','SM-A325M-2c8b940ad14d2e25',1718114148056,1718114147255,1718114222291,'person','dcd12068-6897-44ee-a84b-bcbbe9231e57',1652197247101,'c336c185-d096-4b1b-8df9-2908812735bf',47,'male',0.250881,-0.924079,-0.549749,'Arroyave',0,'Redmi Note 8-2c49ea4f56b14c23',1.14771,NULL,'noconcern',NULL,0.411556,0.666721,0.333594,0.333279,0.38665,0.630226,0.282813,0.369774,1718114147372,0.131554,0.145712,0.541375,-0.107439,0.825334,0,'viotec'),('a6614aa8-ca73-4679-b76b-1e77c2a404bf','SM-A325M-2c8b940ad14d2e25','SM-A325M-2c8b940ad14d2e25',1716409314664,1716409301922,NULL,'person','c336c185-d096-4b1b-8df9-2908812735bf',1652197247101,'c336c185-d096-4b1b-8df9-2908812735bf',47,'male',-0.287364,-0.287364,-0.287364,'Arroyave',0,'Redmi Note 8-2c49ea4f56b14c23',1.08658,0,'noconcern',NULL,0.293942,0.209753,0.450781,0.581944,0.29814,0.221992,0.432813,0.533333,NULL,0.0238425,0.528502,0.553604,0.0169815,-0.0788553,0,'viotec'),('a75fed7e-3e9c-47cc-be36-662c6e7378c7','SM-A325M-2c8b940ad14d2e25','SM-A325M-2c8b940ad14d2e25',1718113952645,1718113949479,1718113976217,'person','dcd12068-6897-44ee-a84b-bcbbe9231e57',1652197247101,'c336c185-d096-4b1b-8df9-2908812735bf',47,'male',0.0393841,0.0393841,0.0393841,'Arroyave',0,'Redmi Note 8-2c49ea4f56b14c23',1.10697,NULL,'noconcern',NULL,0.359759,0.693051,0.332031,0.306949,0.35913,0.668925,0.353906,0.331075,1718113966419,0.0192454,0,0.389751,-0.26686,0.99974,0,'viotec'),('a7f865a0-de03-42b8-9519-63ced11c3805','SM-A325M-2c8b940ad14d2e25','SM-A325M-2c8b940ad14d2e25',1722895620347,1722895619982,1722895620303,'person','ca4ee376-5f74-4a8e-806e-b056cf7b54dd',1659105546904,'ca4ee376-5f74-4a8e-806e-b056cf7b54dd',47,'female',-0.583067,-0.583067,-0.583067,NULL,0,NULL,0.937453,NULL,'noconcern',NULL,0.57104,0.172052,0.0921875,0.127778,0.593224,0.25308,0.0984375,0.140278,NULL,0.0856513,0.619921,-0.0826979,0.0914339,0.515851,0,'viotec'),('a88d2d11-0f14-4377-82ab-839a2d49be4f','SM-A325M-2c8b940ad14d2e25','SM-A325M-2c8b940ad14d2e25',1714741902903,1714741901188,1714741984593,'person','c336c185-d096-4b1b-8df9-2908812735bf',1652197247101,'c336c185-d096-4b1b-8df9-2908812735bf',47,'male',0.118808,-0.383168,-0.0740971,'Arroyave',0,'Redmi Note 8-2c49ea4f56b14c23',1.20039,47660,'noconcern',NULL,0.280251,0.162166,0.398437,0.445833,0.58248,0.112745,0.310156,0.427778,1714741928407,0.0037449,0,0.841233,0.203089,-0.919859,0,'viotec'),('a8c29f2c-5514-49d4-adf8-7e396174094e','moto g72-2d8212ec4994f06a','moto g72-2d8212ec4994f06a',1716555892850,1716555890941,NULL,'person','dcd12068-6897-44ee-a84b-bcbbe9231e57',1652197247101,'c336c185-d096-4b1b-8df9-2908812735bf',47,NULL,NULL,NULL,NULL,'Arroyave',0,'Redmi Note 8-2c49ea4f56b14c23',1.15391,2448,'noconcern',NULL,0.342174,0,0.314844,0.316341,0.473066,0.158766,0.383594,0.5125,1716555891115,0.00134282,0.895238,-0.0854869,-0.00894698,-0.128127,0,'viotec'),('a952edc1-9eb7-4e7f-b924-87314fbc72e4','SM-A325M-2c8b940ad14d2e25','SM-A325M-2c8b940ad14d2e25',1718113556143,1718113554548,1718113605289,'person','dcd12068-6897-44ee-a84b-bcbbe9231e57',1652197247101,'c336c185-d096-4b1b-8df9-2908812735bf',47,'male',-0.165551,-0.755063,-0.50522,'Arroyave',0,'Redmi Note 8-2c49ea4f56b14c23',1.14358,NULL,'noconcern',NULL,0.33966,0.655155,0.363281,0.344845,0.365917,0.702513,0.334375,0.297487,1718113554548,0.157258,0,0.147915,0.0594054,1,0,'viotec'),('ac4a73d3-74ff-4f63-9ff5-02621a3d1ecd','SM-A325M-2c8b940ad14d2e25','SM-A325M-2c8b940ad14d2e25',1716408926715,1716408926223,1716408931073,'person','0eaf17ef-6fad-47bb-948c-1fc5cc29386f',1716408866580,'0eaf17ef-6fad-47bb-948c-1fc5cc29386f',NULL,NULL,NULL,NULL,NULL,'Nicolas R',0,'SM-A325M-2c8b940ad14d2e25',1.23499,4850,'noconcern',NULL,0.513119,0.298777,0.177344,0.254167,0.622818,0.329951,0.175781,0.233333,1716408926223,0.734078,0.891705,-0.0872689,-0.0062781,-0.126076,0,'viotec'),('acb8d0c3-b831-48bd-b064-eb43806bd7cb','SM-A325M-2c8b940ad14d2e25','SM-A325M-2c8b940ad14d2e25',1722895487963,1722895484923,1722895488754,'person',NULL,NULL,NULL,48,'male',0.59601,-0.0594405,0.20667,NULL,0,NULL,NULL,2681,'unidentified',NULL,0.540102,0.00166086,0.14375,0.15,0.455102,0.0446005,0.219531,0.302778,1722895487268,0.045484,0.737084,-0.279309,0.00305894,0.332873,0,'viotec'),('ace5663b-3772-43cb-b34c-0f9e1172748d','SM-A325M-2c8b940ad14d2e25','SM-A325M-2c8b940ad14d2e25',1716408508984,1716408505892,1716408509966,'person',NULL,NULL,NULL,NULL,NULL,NULL,NULL,NULL,NULL,0,NULL,NULL,394,'unidentified',NULL,0,0.900265,0.0625958,0.0997347,0.19693,0.845908,0.0648437,0.0902778,1716408508377,NULL,0.576015,-0.459098,-0.0182589,0.0177963,0,'viotec'),('add404c8-b8f0-431e-98a8-5a46053224bf','SM-A325M-2c8b940ad14d2e25','SM-A325M-2c8b940ad14d2e25',1715100864657,1715100863274,1715100868073,'person','dcd12068-6897-44ee-a84b-bcbbe9231e57',1652197247101,'c336c185-d096-4b1b-8df9-2908812735bf',47,NULL,NULL,NULL,NULL,'Arroyave',0,'Redmi Note 8-2c49ea4f56b14c23',1.24577,2879,'noconcern',NULL,0.402164,0,0.439844,0.397223,0.47362,0.353436,0.425781,0.511111,1715100863424,0.00537545,0,-0.633811,-0.000458924,-1,0,'viotec'),('ae6c5a56-7f01-40c3-bcf1-9036c411770b','moto g72-2d8212ec4994f06a','moto g72-2d8212ec4994f06a',1716555871022,1716555869405,1716555871139,'person','52f634e2-58b2-4495-ad92-88c8f7c204d4',1714584911360,'52f634e2-58b2-4495-ad92-88c8f7c204d4',NULL,'male',NULL,NULL,NULL,'Anderson  Cuervo',0,NULL,1.02374,867,'threat',NULL,0.463133,0.470577,0.222656,0.347222,0.787775,0.295389,0.19375,0.341667,1716555869405,0.00839471,0.867047,0.205087,0.0122409,-0.0903946,0,'viotec'),('af8c536b-fc90-422e-910e-bd6c478ab3a9','SM-A325M-2c8b940ad14d2e25','SM-A325M-2c8b940ad14d2e25',1718399287749,1718399285144,1718399635221,'person','dcd12068-6897-44ee-a84b-bcbbe9231e57',1652197247101,'c336c185-d096-4b1b-8df9-2908812735bf',47,'male',-0.126036,-0.327953,-0.260647,'Arroyave',1,'Redmi Note 8-2c49ea4f56b14c23',1.12471,2963,'noconcern',NULL,0.396698,0.0745017,0.471875,0.556944,0.468025,0.120903,0.4,0.513889,1718399285144,0.00370605,0.631545,0.459401,0.0353412,-0.0790845,0,'viotec'),('b019e6c8-9123-4013-99eb-2b052c258624','SM-A325M-2c8b940ad14d2e25','SM-A325M-2c8b940ad14d2e25',1716408797730,1716408794887,1716408797658,'person',NULL,NULL,NULL,NULL,NULL,NULL,NULL,NULL,NULL,0,NULL,NULL,481,'unidentified',NULL,0.264268,0.766464,0.0515625,0.0680555,0.3134,0.699734,0.053125,0.0694444,1716408794887,NULL,0.664108,-0.358816,-0.00409299,-0.315653,0,'viotec'),('b0e1ae3a-2636-431a-a4c0-df30c1349dc9','moto g72-2d8212ec4994f06a','moto g72-2d8212ec4994f06a',1716555916481,1716555915138,1716555915646,'person','52f634e2-58b2-4495-ad92-88c8f7c204d4',1714584911360,'52f634e2-58b2-4495-ad92-88c8f7c204d4',NULL,'male',NULL,NULL,NULL,'Anderson  Cuervo',0,NULL,1.05613,NULL,'threat',NULL,0.0571279,0.535556,0.240625,0.340278,0.0661868,0.464019,0.238281,0.365278,NULL,0.869799,0.426605,0.0362492,-0.115807,0.625913,0,'viotec'),('b1ad65a8-9728-4c29-9cd8-2effdb6a9b8c','moto g72-2d8212ec4994f06a','moto g72-2d8212ec4994f06a',1714656083203,1714656081533,1714656082678,'person','52f634e2-58b2-4495-ad92-88c8f7c204d4',1714584911360,'52f634e2-58b2-4495-ad92-88c8f7c204d4',NULL,'male',NULL,NULL,NULL,'Anderson  Cuervo',0,NULL,1.01225,NULL,'threat',NULL,0.775609,0.606858,0.223437,0.380556,0.553121,0.334407,0.267187,0.415278,1714656081674,0.315967,0.247044,0.530156,0.0564822,0.778248,0,'viotec'),('b38adbae-d52f-4905-9fa1-b0e077ee1385','moto g72-2d8212ec4994f06a','moto g72-2d8212ec4994f06a',1716554796030,1716554792739,1716554794950,'person',NULL,NULL,NULL,NULL,NULL,NULL,NULL,NULL,NULL,0,NULL,NULL,414,'unidentified',NULL,0.711992,0,0.257031,0.336993,0.666158,0,0.303125,0.334373,1716554793942,NULL,0.268238,-0.0605638,-0.118436,-0.818013,0,'viotec'),('b4a282a5-c3a7-4845-8689-0ca7764d3118','SM-A325M-2c8b940ad14d2e25','SM-A325M-2c8b940ad14d2e25',1718113524032,1718113523335,1718113524867,'person','dcd12068-6897-44ee-a84b-bcbbe9231e57',1652197247101,'c336c185-d096-4b1b-8df9-2908812735bf',47,'male',-0.853842,-0.853842,-0.853842,'Arroyave',0,'Redmi Note 8-2c49ea4f56b14c23',1.09553,1532,'noconcern',NULL,0.292941,0.654179,0.302344,0.345821,0.391373,0.51444,0.296875,0.359722,1718113523892,0.0171693,0.744385,0.184794,-0.0543824,0.237459,0,'viotec'),('b544d94e-f4a6-4dd5-b069-b24cfd3029fd','moto g72-2d8212ec4994f06a','moto g72-2d8212ec4994f06a',1716554802076,1716554800604,1716554806228,'person','52f634e2-58b2-4495-ad92-88c8f7c204d4',1714584911360,'52f634e2-58b2-4495-ad92-88c8f7c204d4',NULL,'male',NULL,NULL,NULL,'Anderson  Cuervo',0,NULL,1.1227,4820,'threat',NULL,0.518288,0.005574,0.25625,0.380556,0.575547,0.112752,0.404688,0.529167,1716554800667,0.00962378,0.0389789,0.196262,0.0935828,-0.957847,0,'viotec'),('b6071987-449b-43ed-83c4-0c4aa0e29080','moto g72-2d8212ec4994f06a','moto g72-2d8212ec4994f06a',1714584880771,1714584876701,1714585413779,'person',NULL,NULL,NULL,NULL,NULL,NULL,NULL,NULL,NULL,1,NULL,NULL,NULL,'unidentified',NULL,0.759507,0.168549,0.240493,0.554167,0.684221,0.0627126,0.315779,0.580556,NULL,NULL,0.339174,-0.717201,-0.0357278,0.0503812,0,'viotec'),('b7b3964f-f071-4ba6-a9fa-d775c1141026','SM-A325M-2c8b940ad14d2e25','SM-A325M-2c8b940ad14d2e25',1715100526938,1715100526620,1715100538389,'person','c336c185-d096-4b1b-8df9-2908812735bf',1652197247101,'c336c185-d096-4b1b-8df9-2908812735bf',47,'male',0.321908,-0.398515,-0.205253,'Arroyave',0,'Redmi Note 8-2c49ea4f56b14c23',1.11664,8406,'noconcern',NULL,0.461661,0.210409,0.361719,0.4375,0.418694,0.0358336,0.441406,0.515278,1715100526882,0.00225081,0.794549,0.23837,-0.0145446,-0.16744,0,'viotec'),('b8bd518c-8cd6-4313-a9c2-890a87a5881b','SM-A325M-2c8b940ad14d2e25','SM-A325M-2c8b940ad14d2e25',1718112006617,1718112003476,1718112010957,'person',NULL,NULL,NULL,30,'female',0.927793,0.410228,0.662231,NULL,0,NULL,NULL,NULL,'unidentified',NULL,0.364476,0.558603,0.135937,0.2,0.320828,0.518592,0.139062,0.127778,1718112003476,0.00243186,0,-0.179957,-0.635467,-1,0,'viotec'),('baa82726-80e3-43fc-8e01-9522eaac9f95','moto g72-2d8212ec4994f06a','moto g72-2d8212ec4994f06a',1716554808207,1716554806302,1716554812062,'person','52f634e2-58b2-4495-ad92-88c8f7c204d4',1714584911360,'52f634e2-58b2-4495-ad92-88c8f7c204d4',NULL,'male',NULL,NULL,NULL,'Anderson  Cuervo',0,NULL,1.08549,4608,'threat',NULL,0.546787,0.0330433,0.372656,0.601389,0.353207,0,0.283594,0.344814,1716554806791,0.00753393,0.442867,0.350009,-0.04271,-0.631211,0,'viotec'),('bb958d4b-9667-46a6-a655-b0c6c0fa8425','SM-A325M-2c8b940ad14d2e25','SM-A325M-2c8b940ad14d2e25',1718113607767,1718113605436,1718113773540,'person','dcd12068-6897-44ee-a84b-bcbbe9231e57',1652197247101,'c336c185-d096-4b1b-8df9-2908812735bf',47,'male',-0.0113168,-0.976237,-0.55686,'Arroyave',0,'Redmi Note 8-2c49ea4f56b14c23',1.15911,NULL,'noconcern',NULL,0.394773,0.699157,0.325781,0.300843,0.359813,0.670924,0.303125,0.329076,1718113654449,0.0110582,0,0.245451,-0.0550486,1,0,'viotec'),('be1e90c0-614d-404a-b609-2a4a39a20cc5','SM-A325M-2c8b940ad14d2e25','SM-A325M-2c8b940ad14d2e25',1716485608857,1716485607646,NULL,'person','c336c185-d096-4b1b-8df9-2908812735bf',1652197247101,'c336c185-d096-4b1b-8df9-2908812735bf',47,NULL,NULL,NULL,NULL,'Arroyave',0,'Redmi Note 8-2c49ea4f56b14c23',1.16731,4285,'noconcern',NULL,0.227211,0,0.515625,0.455877,0.37853,0.126089,0.513281,0.565278,1716485613526,0.0112446,0.710914,-0.316952,0.00836966,-0.1632,0,'viotec'),('bf326422-47e5-4e92-bec9-ac2a940c4293','moto g72-2d8212ec4994f06a','moto g72-2d8212ec4994f06a',1716554346458,1716554345171,NULL,'person','dcd12068-6897-44ee-a84b-bcbbe9231e57',1652197247101,'c336c185-d096-4b1b-8df9-2908812735bf',47,NULL,NULL,NULL,NULL,'Arroyave',0,'Redmi Note 8-2c49ea4f56b14c23',1.0671,0,'noconcern',NULL,0.635109,0.0607209,0.163281,0.222222,0.605261,0.0935239,0.173437,0.238889,1716554345171,0.939581,0.815316,-0.0657769,-0.0424228,-0.181437,0,'viotec'),('bf6822d3-632c-45e7-abdd-d48e142c02a5','SM-A325M-2c8b940ad14d2e25','SM-A325M-2c8b940ad14d2e25',1716408471599,1716408468503,1716408472712,'person',NULL,NULL,NULL,NULL,NULL,NULL,NULL,NULL,NULL,0,NULL,NULL,3030,'unidentified',NULL,0.485809,0,0.514191,0.509357,0.433125,0.0494684,0.566875,0.733333,1716408468653,NULL,0.750122,0.0915868,0.0651354,-0.238911,0,'viotec'),('bfbea9d5-ca8d-4f7b-a25d-eb2c6ca686aa','moto g72-2d8212ec4994f06a','moto g72-2d8212ec4994f06a',1714584921187,1714584919328,1714584930979,'person','52f634e2-58b2-4495-ad92-88c8f7c204d4',1714584911360,'52f634e2-58b2-4495-ad92-88c8f7c204d4',NULL,NULL,NULL,NULL,NULL,NULL,0,NULL,1.13001,10591,'noconcern',NULL,0.593405,0.0702198,0.3375,0.513889,0.508772,0.00654766,0.436719,0.591667,1714584926355,0.297276,0.785493,-0.250713,0.0290824,0.0213283,0,'viotec'),('c1f266f1-02de-4af7-8051-78eabfe9307e','SM-A325M-2c8b940ad14d2e25','SM-A325M-2c8b940ad14d2e25',1716482641492,1716482640544,NULL,'person','dcd12068-6897-44ee-a84b-bcbbe9231e57',1652197247101,'c336c185-d096-4b1b-8df9-2908812735bf',47,NULL,NULL,NULL,NULL,'Arroyave',0,'Redmi Note 8-2c49ea4f56b14c23',1.22421,691,'noconcern',NULL,0.411383,0.126376,0.517187,0.5875,0.335138,0.169594,0.479688,0.590278,NULL,0.00924868,0.452692,0.582337,-0.0541872,0.116145,0,'viotec'),('c2f01ede-987f-40c5-bcb4-9230243f6202','SM-A325M-2c8b940ad14d2e25','SM-A325M-2c8b940ad14d2e25',1716408580655,1716408577582,1716408582280,'person','dcd12068-6897-44ee-a84b-bcbbe9231e57',1652197247101,'c336c185-d096-4b1b-8df9-2908812735bf',47,NULL,NULL,NULL,NULL,'Arroyave',0,'Redmi Note 8-2c49ea4f56b14c23',1.11804,NULL,'noconcern',NULL,0.339923,0.801724,0.250781,0.198276,0.357695,0.72408,0.285937,0.27592,1716408577678,0.203993,0.203843,-0.418442,-0.02084,0.855992,0,'viotec'),('c4ee30d5-bf4e-4d4b-b519-68124f1774e0','SM-A325M-2c8b940ad14d2e25','SM-A325M-2c8b940ad14d2e25',1716408560592,1716408557524,1716408562307,'person',NULL,NULL,NULL,NULL,NULL,NULL,NULL,NULL,NULL,0,NULL,NULL,4783,'stranger',NULL,0.336488,0.740471,0.192187,0.256944,0.434658,0.796229,0.207031,0.203771,1716408559231,0.998155,0,-0.992784,0.429494,1,0,'viotec'),('c6e6cb83-af92-4cbb-9914-4dc425d481b6','SM-A325M-2c8b940ad14d2e25','SM-A325M-2c8b940ad14d2e25',1716408920561,1716408917557,1716408920490,'person',NULL,NULL,NULL,NULL,NULL,NULL,NULL,NULL,NULL,0,NULL,NULL,NULL,'unidentified',NULL,0.508242,0.423671,0.469531,0.576329,0.465174,0,0.525,0.379325,1716408917557,NULL,0.218073,0.00918059,0.0747862,-0.872067,0,'viotec'),('c74e5754-4988-4998-8c01-273e8f341521','SM-A325M-2c8b940ad14d2e25','SM-A325M-2c8b940ad14d2e25',1718113776595,1718113775514,1718113826303,'person','dcd12068-6897-44ee-a84b-bcbbe9231e57',1652197247101,'c336c185-d096-4b1b-8df9-2908812735bf',47,'male',0.100421,-0.828017,-0.531013,'Arroyave',0,'Redmi Note 8-2c49ea4f56b14c23',1.15159,NULL,'noconcern',NULL,0.349924,0.679752,0.330469,0.320248,0.409602,0.706517,0.323437,0.293483,1718113776459,0.0256579,0,0.217692,0.0366445,1,0,'viotec'),('c7d830f7-4835-49ef-b77f-1730141fa115','moto g72-2d8212ec4994f06a','moto g72-2d8212ec4994f06a',1714657916121,1714657913804,1714657916732,'person','e7dcb405-0adf-46b5-a009-f32af1cd0ae6',1659105569537,'e7dcb405-0adf-46b5-a009-f32af1cd0ae6',NULL,NULL,NULL,NULL,NULL,NULL,0,NULL,1.12841,2928,'noconcern',NULL,0.084673,0.289686,0.182813,0.248611,0.0101331,0.382818,0.196094,0.3,1714657914779,0.167262,0.50135,-0.130749,0.024269,-0.632346,0,'viotec'),('c82ec6db-ad74-44ad-bbdc-e7861f4a1fbe','SM-A325M-2c8b940ad14d2e25','SM-A325M-2c8b940ad14d2e25',1716408544185,1716408541115,NULL,'person',NULL,NULL,NULL,NULL,NULL,NULL,NULL,NULL,NULL,0,NULL,NULL,NULL,'unidentified',NULL,0.0820267,0,0.580469,0.487433,0.0820267,0,0.580469,0.487433,NULL,NULL,0.674107,-0.217446,0.0401184,0.401026,0,'viotec'),('ca36eccf-1dfe-4f62-b241-e3a09da245e8','SM-A325M-2c8b940ad14d2e25','SM-A325M-2c8b940ad14d2e25',1722895584554,1722895583832,1722895585041,'person','03cf3e05-9ae5-40be-a755-45bd14c93ff5',1644437507034,'b7ccd93e-b436-417d-bd82-3817b67974c0',33,'male',-0.166055,-0.255961,-0.211008,'Alejandro Muñoz',0,'SM-A325M-2c8b940ad14d2e25',0.987959,NULL,'threat',NULL,0.531761,0.107631,0.151563,0.163889,0.330094,0.0222931,0.451563,0.254167,1722895583832,0.298849,0.406173,-0.0831924,0.0533395,-0.698995,0,'viotec'),('cb922761-6acb-4986-8508-1f220a99f28d','SM-A325M-2c8b940ad14d2e25','SM-A325M-2c8b940ad14d2e25',1722895415387,1722895412326,1722895416189,'person',NULL,NULL,NULL,48,'male',0.0498092,-0.287426,-0.0604871,NULL,0,NULL,NULL,3090,'unidentified',NULL,0.460202,0.0927138,0.130469,0.170833,0.511757,0.0243736,0.164062,0.234722,1722895413894,0.0166863,0.807523,0.0875998,0.0641792,0.072298,0,'viotec'),('cba938a9-4f5d-4185-a265-910c21cb7703','moto g72-2d8212ec4994f06a','moto g72-2d8212ec4994f06a',1716555890551,1716555889160,1716555890658,'person','dcd12068-6897-44ee-a84b-bcbbe9231e57',1652197247101,'c336c185-d096-4b1b-8df9-2908812735bf',47,NULL,NULL,NULL,NULL,'Arroyave',0,'Redmi Note 8-2c49ea4f56b14c23',1.14251,998,'noconcern',NULL,0.561369,0.430576,0.246875,0.348611,0.351207,0,0.413281,0.474304,NULL,0.00461359,0.804155,0.00613085,0.0366552,-0.237396,0,'viotec'),('d19575d1-a514-47e7-8c88-dc2f7856956b','SM-A325M-2c8b940ad14d2e25','SM-A325M-2c8b940ad14d2e25',1716408745655,1716408745223,1716408752780,'person','52f634e2-58b2-4495-ad92-88c8f7c204d4',1714584911360,'52f634e2-58b2-4495-ad92-88c8f7c204d4',NULL,'male',NULL,NULL,NULL,'Anderson  Cuervo',0,NULL,1.2064,1889,'noconcern',NULL,0.411683,0.520751,0.341406,0.479249,0.474935,0.0970453,0.501562,0.573611,1716408746779,0.0167785,0.700755,0.0341935,0.0786173,-0.340913,0,'viotec'),('d2b9e28c-428a-4546-a717-f09dd4bed9c1','moto g72-2d8212ec4994f06a','moto g72-2d8212ec4994f06a',1716554789728,1716554788434,1716554788635,'person','52f634e2-58b2-4495-ad92-88c8f7c204d4',1714584911360,'52f634e2-58b2-4495-ad92-88c8f7c204d4',NULL,'male',NULL,NULL,NULL,'Anderson  Cuervo',0,NULL,0.992491,201,'threat',NULL,0.477192,0.548512,0.234375,0.326389,0.477192,0.548512,0.234375,0.326389,NULL,0.786807,0.718604,-0.143086,0.0821758,0.233247,0,'viotec'),('d3cfcca9-d2e2-4aa3-ab16-09f659889837','SM-A325M-2c8b940ad14d2e25','SM-A325M-2c8b940ad14d2e25',1718114261912,1718114249678,1718114867706,'person','dcd12068-6897-44ee-a84b-bcbbe9231e57',1652197247101,'c336c185-d096-4b1b-8df9-2908812735bf',48,'male',0.0418777,-0.977298,-0.588879,'Arroyave',1,'Redmi Note 8-2c49ea4f56b14c23',1.15683,6525,'noconcern',NULL,0.367226,0.561991,0.299219,0.425,0.411684,0.43674,0.29375,0.355556,1718114364542,0.0021947,0.79278,-0.220126,-0.023282,0.139595,0,'viotec'),('d454ea41-7963-4749-88ad-fde57bc27a14','moto g72-2d8212ec4994f06a','moto g72-2d8212ec4994f06a',1716555941715,1716555940002,1716555955826,'person','dcd12068-6897-44ee-a84b-bcbbe9231e57',1652197247101,'c336c185-d096-4b1b-8df9-2908812735bf',47,NULL,NULL,NULL,NULL,'Arroyave',0,'Redmi Note 8-2c49ea4f56b14c23',1.18228,12857,'noconcern',NULL,0.411377,0,0.383594,0.355749,0.487531,0,0.315625,0.261978,1716555946971,0.00140167,0,0.0542991,0.00668928,-1,0,'viotec'),('d582d2e2-f749-41a9-8928-75b4d6bbd04d','moto g72-2d8212ec4994f06a','moto g72-2d8212ec4994f06a',1714656080515,1714656078961,1714656080999,'person','52f634e2-58b2-4495-ad92-88c8f7c204d4',1714584911360,'52f634e2-58b2-4495-ad92-88c8f7c204d4',NULL,'male',NULL,NULL,NULL,'Anderson  Cuervo',0,NULL,1.07624,1358,'threat',NULL,0.46554,0.221343,0.305469,0.4375,0.606377,0.706299,0.221875,0.293701,NULL,0.0234779,0,0.267795,-0.0759647,1,0,'viotec'),('d8c47c87-05bd-4fd3-b15d-198b9ff5a36e','SM-A325M-2c8b940ad14d2e25','SM-A325M-2c8b940ad14d2e25',1716485657382,1716485655542,1716485657309,'person',NULL,NULL,NULL,NULL,NULL,NULL,NULL,NULL,NULL,0,NULL,NULL,NULL,'unidentified',NULL,0.332947,0.0140513,0.396875,0.319444,0.331465,0.0145017,0.425781,0.302778,1716485655989,NULL,0.106302,-0.00854351,0.0298372,-0.935303,0,'viotec'),('da5a4cc0-e62e-48aa-b079-46cfb11a6884','moto g72-2d8212ec4994f06a','moto g72-2d8212ec4994f06a',1721159386019,1721159381629,1721159384755,'person',NULL,NULL,NULL,NULL,NULL,NULL,NULL,NULL,NULL,0,NULL,NULL,625,'stranger',NULL,0.391136,0.715799,0.140625,0.165278,0.312732,0.065314,0.124219,0.179167,1721159382371,0.30222,0.386986,-0.0310277,0.0279716,0.746798,0,'viotec'),('dab4362b-8db8-488a-830c-f12ae69363a9','SM-A325M-2c8b940ad14d2e25','SM-A325M-2c8b940ad14d2e25',1718113551303,1718113548159,1718113552411,'person',NULL,NULL,NULL,NULL,NULL,NULL,NULL,NULL,NULL,0,NULL,NULL,NULL,'unidentified',NULL,0.417762,0.625206,0.278906,0.368056,0.31565,0.631899,0.354688,0.368101,NULL,NULL,0,0.214981,0.0401443,1,0,'viotec'),('db174a39-1f4a-4451-b699-9755101fb526','moto g72-2d8212ec4994f06a','moto g72-2d8212ec4994f06a',1716555877149,1716555875834,1716555884331,'person','dcd12068-6897-44ee-a84b-bcbbe9231e57',1652197247101,'c336c185-d096-4b1b-8df9-2908812735bf',47,NULL,NULL,NULL,NULL,'Arroyave',0,'Redmi Note 8-2c49ea4f56b14c23',1.12872,4855,'noconcern',NULL,0.71242,0.363137,0.221094,0.295833,0.583343,0.400446,0.228906,0.333333,1716555875834,0.0101716,0.784242,-0.075403,0.0501121,-0.23142,0,'viotec'),('db3c3e06-695f-4a3d-90a7-560a4db9a3c0','SM-A325M-2c8b940ad14d2e25','SM-A325M-2c8b940ad14d2e25',1718398450907,1718398448336,1718398453544,'person','51ccaedc-fa70-4f88-a8a9-7b4db99bbdf2',1715100556185,'51ccaedc-fa70-4f88-a8a9-7b4db99bbdf2',36,'male',-0.0191812,-0.154477,-0.0868293,'Javier Ruiz',0,'SM-A325M-2c8b940ad14d2e25',1.15246,NULL,'noconcern',NULL,0.409446,0.532474,0.264063,0.391667,0.376711,0.364977,0.264062,0.358333,1718398450342,0.0129512,0.489354,-0.0180056,0.228137,-0.106893,0,'viotec'),('db9e93b7-b155-4283-b34f-8d2bc2276d4e','moto g72-2d8212ec4994f06a','moto g72-2d8212ec4994f06a',1714584932787,1714584931044,1714584932403,'person','52f634e2-58b2-4495-ad92-88c8f7c204d4',1714584911360,'52f634e2-58b2-4495-ad92-88c8f7c204d4',NULL,'male',NULL,NULL,NULL,'Anderson  Cuervo',0,NULL,1.09979,1359,'threat',NULL,0.478447,0.00334748,0.417969,0.580556,0.472548,0.506467,0.372656,0.493533,1714584931044,0.556334,0.764323,-0.173448,-0.0237274,0.312876,0,'viotec'),('e1d47cff-1ef7-40ce-94c4-5ff6b0c519d0','SM-A325M-2c8b940ad14d2e25','SM-A325M-2c8b940ad14d2e25',1716409141299,1716409133518,1716409141560,'person','c336c185-d096-4b1b-8df9-2908812735bf',1652197247101,'c336c185-d096-4b1b-8df9-2908812735bf',47,'male',-0.440934,-0.440934,-0.440934,'Arroyave',0,'Redmi Note 8-2c49ea4f56b14c23',1.06387,8042,'noconcern',NULL,0.805428,0.741467,0.141406,0.195833,0.801472,0.891866,0.165625,0.108134,NULL,0.585714,0.702969,-0.0642044,0.0630814,0.373546,0,'viotec'),('e23670b8-f81b-4d8b-a254-b04ad4ea04cc','SM-A325M-2c8b940ad14d2e25','SM-A325M-2c8b940ad14d2e25',1722895439435,1722895439112,1722895450951,'person','03cf3e05-9ae5-40be-a755-45bd14c93ff5',1644437507034,'03cf3e05-9ae5-40be-a755-45bd14c93ff5',39,'male',0.51108,-0.26542,-0.0500234,'Alejandro Muñoz',0,'SM-A325M-2c8b940ad14d2e25',1.09079,8287,'threat',NULL,0.402414,0.186403,0.372656,0.484722,0.776384,0.446707,0.223616,0.4125,1722895440310,0.0158817,0.724649,-0.131922,-0.0156883,-0.404291,0,'viotec'),('e60164e6-0c34-483d-8ab7-23227830d93d','SM-A325M-2c8b940ad14d2e25','SM-A325M-2c8b940ad14d2e25',1716408804874,1716408804487,1716408816186,'person','dcd12068-6897-44ee-a84b-bcbbe9231e57',1652197247101,'c336c185-d096-4b1b-8df9-2908812735bf',47,NULL,NULL,NULL,NULL,'Arroyave',0,'Redmi Note 8-2c49ea4f56b14c23',1.07944,1299,'noconcern',NULL,0.315028,0.363309,0.1375,0.180556,0.83769,0.421639,0.05625,0.075,1716408804487,0.340033,0.514871,-0.511907,0.031382,-0.080822,0,'viotec'),('e6e474e2-f081-4355-a319-2872f7c3b51d','SM-A325M-2c8b940ad14d2e25','SM-A325M-2c8b940ad14d2e25',1718111893687,1718111892366,1718111902389,'person','dcd12068-6897-44ee-a84b-bcbbe9231e57',1652197247101,'c336c185-d096-4b1b-8df9-2908812735bf',47,'male',0.0291606,-0.710483,-0.271105,'Arroyave',0,'Redmi Note 8-2c49ea4f56b14c23',1.16967,7795,'noconcern',NULL,0.366943,0.228297,0.399219,0.495833,0.373519,0.291406,0.399219,0.491667,1718111893158,0.00237052,0.736703,-0.270887,-0.0291463,0.120408,0,'viotec'),('e8a7dd40-4257-4121-8099-9e475dd66f03','moto g72-2d8212ec4994f06a','moto g72-2d8212ec4994f06a',1716555851926,1716555850580,1716555860466,'person','52f634e2-58b2-4495-ad92-88c8f7c204d4',1714584911360,'52f634e2-58b2-4495-ad92-88c8f7c204d4',NULL,'male',NULL,NULL,NULL,'Anderson  Cuervo',0,NULL,1.11957,7908,'threat',NULL,0.425134,0,0.305469,0.301959,0.580283,0.456926,0.30625,0.459722,1716555851996,0.00578843,0.522874,-0.0321964,0.209514,-0.479206,0,'viotec'),('e8c9e391-f54f-4894-95fb-b3e8968cfff3','SM-A325M-2c8b940ad14d2e25','SM-A325M-2c8b940ad14d2e25',1722895468331,1722895465286,1722895477879,'person',NULL,NULL,NULL,35,'male',0.80654,0.112426,0.462138,NULL,0,NULL,NULL,763,'unidentified',NULL,0,0,0.80896,0.98817,0.364462,0.0204877,0.389063,0.438889,1722895466313,0.00941851,0,0.821216,0.657145,-1,0,'viotec'),('e8f4042c-31fb-4a24-8391-f5cbb816fd13','SM-A325M-2c8b940ad14d2e25','SM-A325M-2c8b940ad14d2e25',1714741820860,1714741812203,1714741835474,'person','dcd12068-6897-44ee-a84b-bcbbe9231e57',1652197247101,'c336c185-d096-4b1b-8df9-2908812735bf',47,NULL,NULL,NULL,NULL,'Arroyave',0,'Redmi Note 8-2c49ea4f56b14c23',1.16685,11635,'noconcern',NULL,0.257897,0,0.403125,0.404955,0.275029,0.0192407,0.273437,0.369444,1714741830379,0.00376905,0.362881,0.674901,0.079217,-0.252622,0,'viotec'),('e92a8669-5924-47dc-8bc7-fec6125b8f87','moto g72-2d8212ec4994f06a','moto g72-2d8212ec4994f06a',1716555994305,1716555992371,1716555995656,'person','dcd12068-6897-44ee-a84b-bcbbe9231e57',1652197247101,'c336c185-d096-4b1b-8df9-2908812735bf',47,NULL,NULL,NULL,NULL,'Arroyave',0,'Redmi Note 8-2c49ea4f56b14c23',1.09708,1460,'noconcern',NULL,0.602112,0.00166957,0.269531,0.298611,0.647487,0,0.310937,0.342615,1716555992537,0.120038,0,-0.0442165,0.0666765,-1,0,'viotec'),('e9c912d6-a1c9-4230-a9d3-46fac5d2b6a9','moto g72-2d8212ec4994f06a','moto g72-2d8212ec4994f06a',1716555870340,1716555868935,1716555869405,'person','52f634e2-58b2-4495-ad92-88c8f7c204d4',1714584911360,'52f634e2-58b2-4495-ad92-88c8f7c204d4',NULL,'male',NULL,NULL,NULL,'Anderson  Cuervo',0,NULL,0.973617,NULL,'threat',NULL,0.492548,0.00843869,0.241406,0.308333,0.431866,0.165127,0.228125,0.340278,1716555868935,0.366286,0.686605,0.37581,-0.09176,-0.111187,0,'viotec'),('eb96f691-f544-4115-9f46-1e7b93258ee5','SM-A325M-2c8b940ad14d2e25','SM-A325M-2c8b940ad14d2e25',1715100753282,1715100752292,1715100754500,'person','dcd12068-6897-44ee-a84b-bcbbe9231e57',1652197247101,'c336c185-d096-4b1b-8df9-2908812735bf',47,NULL,NULL,NULL,NULL,'Arroyave',0,'Redmi Note 8-2c49ea4f56b14c23',1.08665,NULL,'noconcern',NULL,0.631155,0.0168517,0.342969,0.4125,0.543499,0,0.192188,0.194212,NULL,0.0022627,0,0.724058,0.032898,-1,0,'viotec'),('edbf82c9-0131-4e16-b5b7-ca64280ee177','SM-A325M-2c8b940ad14d2e25','SM-A325M-2c8b940ad14d2e25',1716408463606,1716408459565,1716408465411,'person','dcd12068-6897-44ee-a84b-bcbbe9231e57',1652197247101,'c336c185-d096-4b1b-8df9-2908812735bf',47,NULL,NULL,NULL,NULL,'Arroyave',0,'Redmi Note 8-2c49ea4f56b14c23',1.07244,NULL,'noconcern',NULL,0.340882,0.270136,0.385156,0.515278,0.419216,0,0.49375,0.492707,1716408461488,0.0172275,0.516781,0.463802,0.0266709,-0.257973,0,'viotec'),('f33aba8b-eb17-4510-9cd7-28624676851c','SM-A325M-2c8b940ad14d2e25','SM-A325M-2c8b940ad14d2e25',1716409186880,1716409183810,1716409187497,'person',NULL,NULL,NULL,NULL,NULL,NULL,NULL,NULL,NULL,0,NULL,NULL,NULL,'unidentified',NULL,0.139454,0.562691,0.0625,0.0861111,0.000513379,0.671478,0.0523437,0.0944445,1716409184599,NULL,0.660708,-0.385389,0.0248808,0.0581355,0,'viotec'),('f33e31b0-03bd-47c9-af2e-b230bf2d4d6c','SM-A325M-2c8b940ad14d2e25','SM-A325M-2c8b940ad14d2e25',1715805483372,1715805480304,1715805504350,'person','dcd12068-6897-44ee-a84b-bcbbe9231e57',1652197247101,'c336c185-d096-4b1b-8df9-2908812735bf',47,NULL,NULL,NULL,NULL,'Arroyave',0,'Redmi Note 8-2c49ea4f56b14c23',1.135,6011,'noconcern',NULL,0.463187,0.120447,0.375781,0.493056,0.399191,0.103032,0.380469,0.486111,NULL,0.0156243,0.640256,0.430819,0.0237508,-0.182705,0,'viotec'),('f3aade1e-ea02-4cbe-b984-3f75f3975e76','SM-A325M-2c8b940ad14d2e25','SM-A325M-2c8b940ad14d2e25',1716408513797,1716408510725,NULL,'person',NULL,NULL,NULL,NULL,NULL,NULL,NULL,NULL,NULL,0,NULL,NULL,NULL,'unidentified',NULL,0.313904,0,0.528125,0.443745,0.313904,0,0.528125,0.443745,NULL,NULL,0.517571,-0.149256,-0.0608245,-0.566533,0,'viotec'),('f5a38e5c-2e4f-4cee-bdb6-01d997dc0cbd','moto g72-2d8212ec4994f06a','moto g72-2d8212ec4994f06a',1721159376434,1721159373728,1721159378620,'person','da28301c-0256-4577-9d49-9e8ae8f7996b',1718111969555,'da28301c-0256-4577-9d49-9e8ae8f7996b',NULL,NULL,NULL,NULL,NULL,'John Cuervo',0,'SM-A325M-2c8b940ad14d2e25',1.20794,3494,'threat',NULL,0.716161,0.427374,0.227344,0.305556,0.632146,0.593893,0.347656,0.406107,1721159374347,0.216776,0.729932,-0.0876459,-0.0740775,0.282559,0,'viotec'),('f664e124-6ea2-4548-9334-8a3479b88f59','SM-A325M-2c8b940ad14d2e25','SM-A325M-2c8b940ad14d2e25',1718114014127,1718114011362,1718114013987,'person',NULL,NULL,NULL,57,'male',0.0270117,0.0270117,0.0270117,NULL,0,NULL,NULL,NULL,'unidentified',NULL,0.439141,0.737045,0.274219,0.262955,0.438327,0.725017,0.260156,0.274983,1718114011472,0.999833,0,0.517847,-0.084486,1,0,'viotec'),('f7f8e2b9-a2ed-4b71-a99c-818e00752757','SM-A325M-2c8b940ad14d2e25','SM-A325M-2c8b940ad14d2e25',1716408884218,1716408882691,NULL,'person','0eaf17ef-6fad-47bb-948c-1fc5cc29386f',1716408866580,'0eaf17ef-6fad-47bb-948c-1fc5cc29386f',NULL,NULL,NULL,NULL,NULL,'Nicolas R',0,'SM-A325M-2c8b940ad14d2e25',1.25774,3295,'noconcern',NULL,0.196669,0.225566,0.116406,0.158333,0.382712,0.275012,0.189844,0.270833,1716408882691,0.947895,0.841868,-0.168948,-0.0146665,-0.0905135,0,'viotec'),('f92b3124-9fcd-4be2-a6a2-36bf4b2e22c3','moto g72-2d8212ec4994f06a','moto g72-2d8212ec4994f06a',1716555940215,1716555938671,1716555939700,'person','dcd12068-6897-44ee-a84b-bcbbe9231e57',1652197247101,'c336c185-d096-4b1b-8df9-2908812735bf',47,NULL,NULL,NULL,NULL,'Arroyave',0,'Redmi Note 8-2c49ea4f56b14c23',1.13231,343,'noconcern',NULL,0.465282,0,0.392969,0.465473,0.42911,0,0.397656,0.373545,1716555938671,0.00648309,0.711409,-0.0175577,0.0618653,-0.36748,0,'viotec'),('f9934700-5d12-4ed6-87b9-634c052113bd','SM-A325M-2c8b940ad14d2e25','SM-A325M-2c8b940ad14d2e25',1716408687364,1716408684292,1716408697834,'person','dcd12068-6897-44ee-a84b-bcbbe9231e57',1652197247101,'c336c185-d096-4b1b-8df9-2908812735bf',47,NULL,NULL,NULL,NULL,'Arroyave',0,'Redmi Note 8-2c49ea4f56b14c23',1.0566,1504,'noconcern',NULL,0.261658,0,0.663281,0.573486,0.141549,0,0.590625,0.544132,1716408684988,0.937156,0.454928,-0.368756,0.0331561,-0.549053,0,'viotec'),('fb6c9ac4-6b8e-416d-881a-6543bac7cb50','SM-A325M-2c8b940ad14d2e25','SM-A325M-2c8b940ad14d2e25',1716408482993,1716408479920,NULL,'person','dcd12068-6897-44ee-a84b-bcbbe9231e57',1652197247101,'c336c185-d096-4b1b-8df9-2908812735bf',47,NULL,NULL,NULL,NULL,'Arroyave',0,'Redmi Note 8-2c49ea4f56b14c23',1.16154,0,'noconcern',NULL,0.432041,0,0.567959,0.627109,0.148539,0.109278,0.673437,0.783333,1716408480625,0.012695,0,-0.397162,0.0677315,-1,0,'viotec'),('fc46ceec-6a8e-4b4e-88d6-48fe526551b7','moto g72-2d8212ec4994f06a','moto g72-2d8212ec4994f06a',1714584885976,1714584881907,1714584890304,'person',NULL,NULL,NULL,NULL,NULL,NULL,NULL,NULL,NULL,0,NULL,NULL,7930,'stranger',NULL,0.402476,0.718622,0.346875,0.281378,0.510543,0.537329,0.377344,0.462671,1714584882543,0.992681,0.724238,0.0283655,-0.0432319,0.377873,0,'viotec'),('fea7a8d2-36df-47f0-ab8e-09e20efc09bc','SM-A325M-2c8b940ad14d2e25','SM-A325M-2c8b940ad14d2e25',1716409052693,1716409051600,NULL,'person','c336c185-d096-4b1b-8df9-2908812735bf',1652197247101,'c336c185-d096-4b1b-8df9-2908812735bf',47,'male',0.274795,-0.00899624,0.180198,'Arroyave',0,'Redmi Note 8-2c49ea4f56b14c23',1.1969,3618,'noconcern',NULL,0.386791,0.136343,0.495313,0.606944,0.27761,0.16657,0.479687,0.598611,NULL,0.00194434,0.733118,0.346563,0.00893614,0.0696124,0,'viotec'),('ff944c70-f8b4-42dc-97c6-7259245778b9','moto g72-2d8212ec4994f06a','moto g72-2d8212ec4994f06a',1714584894989,1714584890913,1714584905549,'person',NULL,NULL,NULL,NULL,NULL,NULL,NULL,NULL,NULL,0,NULL,NULL,14636,'stranger',NULL,0.457772,0.563371,0.378125,0.436629,0.507481,0.287277,0.365625,0.55,1714584892668,0.821608,0.743585,-0.104604,-0.0913815,-0.0909867,0,'viotec');

--
-- Table structure for table `groups`
--

CREATE TABLE `groups` (
  `group_id` int NOT NULL AUTO_INCREMENT,
  `code` varchar(50) DEFAULT NULL,
  `name` varchar(100) NOT NULL,
  `color` varchar(50) NOT NULL,
  `threshold_delta` int DEFAULT NULL,
  `watchlist_type` varchar(50) DEFAULT NULL,
  `active` tinyint NOT NULL,
  `date` datetime DEFAULT NULL,
  PRIMARY KEY (`group_id`)
) ENGINE=InnoDB AUTO_INCREMENT=8 DEFAULT CHARSET=utf8mb4 COLLATE=utf8mb4_0900_ai_ci;

--
-- Dumping data for table `groups`
--

INSERT INTO `groups` VALUES (1,'6689eb70-a283-11eb-b4f3-503eaa483e4d','VIP','#42bdec',0,'blacklist',1,'2021-07-28 11:53:45'),(2,'e56c116a-a473-11eb-9c79-503eaa483e4d','Llaveros','#42bdec',0,'blacklist',1,'2021-07-28 11:53:45'),(3,'0f88a814-a474-11eb-a112-503eaa483e4d','Varios','#1132ff',0,'blacklist',1,'2021-07-28 11:53:45'),(4,'a62ca7ca-c945-11eb-b77a-004e01b992f1','Oficina','#42bdec',0,'blacklist',1,'2021-07-28 11:53:45'),(5,'9c318482-d8fb-11eb-a97f-004e01b992f1','Criminales','#FF0000',80,'blacklist',1,'2021-07-28 11:53:45'),(6,'6324dc10-d8fc-11eb-8d07-004e01b992f1','Celebridades','#00FF00',0,'whitelist',1,'2021-07-28 11:53:45'),(7,NULL,'Otros','#42bdec',NULL,NULL,1,'2023-11-02 15:15:51');

--
-- Table structure for table `integrator_auth_items`
--

CREATE TABLE `integrator_auth_items` (
  `integrator_item_id` int NOT NULL AUTO_INCREMENT,
  `integrator_id` int DEFAULT NULL,
  `item_name` varchar(64) CHARACTER SET utf8mb3 COLLATE utf8mb3_unicode_ci NOT NULL,
  `user_id` int DEFAULT NULL,
  `created` datetime DEFAULT NULL,
  `date` datetime DEFAULT NULL,
  PRIMARY KEY (`integrator_item_id`) USING BTREE,
  KEY `integrator_item_ibfk_1_idx` (`integrator_id`) USING BTREE,
  KEY `integrator_item_ibfk_2_idx` (`user_id`) USING BTREE,
  KEY `integrator_item_ibfk_3_idx` (`item_name`) USING BTREE,
  CONSTRAINT `integrator_item_ibf_1` FOREIGN KEY (`integrator_id`) REFERENCES `integrators` (`integrator_id`),
  CONSTRAINT `integrator_item_ibf_3` FOREIGN KEY (`item_name`) REFERENCES `auth_items` (`name`) ON DELETE CASCADE ON UPDATE CASCADE
) ENGINE=InnoDB AUTO_INCREMENT=53 DEFAULT CHARSET=utf8mb3 COLLATE=utf8mb3_unicode_ci;

--
-- Dumping data for table `integrator_auth_items`
--

INSERT INTO `integrator_auth_items` VALUES (7,4,'video',24,'2021-06-15 10:44:20','2021-06-15 10:44:20'),(14,5,'indexSetup',119,'2023-05-30 09:54:45','2023-05-30 09:54:45'),(15,5,'indexVideo',119,'2023-05-30 09:54:45','2023-05-30 09:54:45'),(16,5,'indexVisual',119,'2023-05-30 09:54:45','2023-05-30 09:54:45'),(17,5,'indexPlate',119,'2023-05-30 09:54:45','2023-05-30 09:54:45'),(19,6,'indexSetUp',NULL,NULL,NULL),(34,7,'indexSetUp',NULL,NULL,NULL),(35,7,'indexVideo',NULL,NULL,NULL),(36,7,'indexVisual',NULL,NULL,NULL),(37,8,'indexSetUp',NULL,NULL,NULL),(38,8,'indexVideo',NULL,NULL,NULL),(45,1,'visual',NULL,NULL,NULL),(46,1,'video',NULL,NULL,NULL),(47,1,'indexSetUp',NULL,NULL,NULL),(48,1,'indexVideo',NULL,NULL,NULL),(49,1,'indexVisual',NULL,NULL,NULL),(50,1,'indexPlate',NULL,NULL,NULL),(51,9,'indexSetUp',NULL,NULL,NULL),(52,9,'indexVideo',NULL,NULL,NULL);

--
-- Table structure for table `integrators`
--

CREATE TABLE `integrators` (
  `integrator_id` int NOT NULL AUTO_INCREMENT COMMENT 'ID',
  `name` varchar(100) NOT NULL COMMENT 'Nombre',
  `address` varchar(100) DEFAULT NULL COMMENT 'Dirección',
  `contact_name` varchar(150) DEFAULT NULL COMMENT 'Responsable',
  `phone` varchar(20) DEFAULT NULL COMMENT 'Teléfono',
  `phone2` varchar(20) DEFAULT NULL COMMENT 'Celular',
  `user_id` int DEFAULT NULL COMMENT 'Usuario',
  `modified_user_id` int DEFAULT NULL,
  `active` int NOT NULL DEFAULT '1' COMMENT 'Activo',
  `date` datetime DEFAULT NULL COMMENT 'Fecha',
  `created` datetime DEFAULT NULL,
  PRIMARY KEY (`integrator_id`) USING BTREE,
  KEY `user_id` (`user_id`) USING BTREE
) ENGINE=InnoDB AUTO_INCREMENT=10 DEFAULT CHARSET=utf8mb3;

--
-- Dumping data for table `integrators`
--

INSERT INTO `integrators` VALUES (1,'VIOTEC SAS','Carrera 22 81-95','Jorge Arroyave','3187034855','3187034855',6,1,1,'2022-03-08 17:46:18',NULL),(2,'Integrador XYZ','','','','',7,1,0,'2021-12-30 07:14:36',NULL),(3,'Integrador Prueba','123','123','1234567','1234567890',1,1,0,'2021-05-13 16:47:18','2020-11-20 13:36:22'),(4,'Solutron SAS','Carrea 19 No 84-17','Geovanny Rodriguez','','',24,1,0,'2021-06-15 10:44:20','2021-01-25 11:33:23'),(5,'Nicolas Prueba','Carrea 19 No 84-17','n/a','3187034855','3187034855',122,1,0,'2021-06-15 10:44:20','2021-01-25 11:33:23'),(6,'Nuevo integrador','Carrera 32 20-21','Jorge Arroyave','3187034855','3187034855',NULL,NULL,0,NULL,NULL),(7,'Soluciones Tecnólogicas','Calle 21 87B-36','JIAZ','3002094436',NULL,NULL,NULL,0,NULL,NULL),(8,'Wilson Vargas',NULL,'Wilson Vargas',NULL,NULL,NULL,NULL,0,NULL,NULL),(9,'Integraciones Tecnológicas','CALLE 11 CRA 8 Y 9','Alarma Cali','3504328972','3154000017',135,NULL,0,NULL,NULL);

--
-- Table structure for table `mobile_operators`
--

CREATE TABLE `mobile_operators` (
  `mobile_operator_id` int NOT NULL AUTO_INCREMENT,
  `name` varchar(20) DEFAULT NULL,
  `apn` varchar(100) DEFAULT NULL,
  `username` varchar(20) DEFAULT NULL,
  `password` varchar(20) DEFAULT NULL,
  PRIMARY KEY (`mobile_operator_id`) USING BTREE
) ENGINE=InnoDB AUTO_INCREMENT=7 DEFAULT CHARSET=utf8mb3;

--
-- Dumping data for table `mobile_operators`
--

INSERT INTO `mobile_operators` VALUES (1,'Claro','internet.comcel.com.co','comcel','comcel'),(2,'Tigo','web.colombiamovil.com.co',NULL,NULL),(3,'Movistar','internet.movistar.com.co','movistar','movistar'),(4,'Avantel','lte.avantel.com.co',NULL,NULL),(5,'Virgin','web.vmc.net.co',NULL,NULL),(6,'ETB','moviletb.net.co','etb','etb');

--
-- Table structure for table `module`
--

CREATE TABLE `module` (
  `module_id` int NOT NULL AUTO_INCREMENT,
  `name` varchar(30) NOT NULL,
  `created` datetime NOT NULL DEFAULT CURRENT_TIMESTAMP,
  PRIMARY KEY (`module_id`) USING BTREE
) ENGINE=InnoDB AUTO_INCREMENT=13 DEFAULT CHARSET=utf8mb3;

--
-- Dumping data for table `module`
--

INSERT INTO `module` VALUES (1,'Alarma','2020-01-10 10:31:00'),(2,'Cuentas','2020-11-10 10:31:00'),(3,'Cliente','2020-11-10 10:31:00'),(4,'Registro de Alarmas','2020-11-10 10:31:00'),(5,'Cámara','2020-11-10 10:31:00'),(6,'Integrador','2020-11-10 10:31:00'),(7,'Usuario','2020-11-10 10:31:00'),(8,'Videoverificación','2020-11-19 00:00:00'),(9,'Ciudades','2024-05-10 14:09:59'),(10,'Localidades','2024-05-10 14:10:07'),(11,'Barrios','2024-05-10 14:10:15'),(12,'Grupos','2024-05-10 14:10:21');

--
-- Table structure for table `neighborhoods`
--

CREATE TABLE `neighborhoods` (
  `neighborhood_id` int NOT NULL AUTO_INCREMENT,
  `district_id` int NOT NULL,
  `name` varchar(150) NOT NULL,
  PRIMARY KEY (`neighborhood_id`) USING BTREE
) ENGINE=InnoDB AUTO_INCREMENT=2531 DEFAULT CHARSET=utf8mb3;

--
-- Dumping data for table `neighborhoods`
--

INSERT INTO `neighborhoods` VALUES (1,1,'Canaima'),(2,1,'La Floresta de La Sabana yTorca'),(3,11,'La Academia'),(4,11,'Guaymaral'),(5,11,'Conejera'),(6,1,'Altos de Serrezuela'),(7,1,'Balcones de Vista Hermosa'),(8,1,'Balmoral Norte'),(9,1,'Buenavista'),(10,1,'Chaparral'),(11,1,'El Codito'),(12,1,'El Refugio de San Antonio'),(13,1,'El Verbenal'),(14,1,'Horizontes'),(15,1,'La Estrellita'),(16,1,'La Frontera'),(17,1,'La Llanurita'),(18,1,'Los Consuelos'),(19,1,'Marantá'),(20,1,'Maturín'),(21,1,'Medellín'),(22,1,'Mirador del Norte'),(23,1,'Nuevo Horizonte'),(24,1,'San Antonio Norte'),(25,1,'Santandersito'),(26,1,'Tibabita'),(27,1,'Viña del Mar'),(28,1,'Bosque de San Antonio'),(29,1,'Conjunto Camino del Palmar'),(30,1,'El Pite'),(31,1,'El Redil'),(32,1,'La Cita'),(33,1,'La Granja Norte'),(34,1,'La Uribe'),(35,1,'Los Naranjos'),(36,1,'San Juan Bosco'),(37,1,'Urbanización Los Laureles'),(38,1,'Ainsuca'),(39,1,'Altablanca'),(40,1,'Barrancas'),(41,1,'California'),(42,1,'Cerro Norte'),(43,1,'Danubio'),(44,1,'Don Bosco'),(45,1,'La Perla Oriental'),(46,1,'Las Areneras'),(47,1,'Milán (Barrancas)'),(48,1,'Pradera Norte'),(49,1,'San Cristóbal Norte'),(50,1,'San Cristóbal Norte parte alta'),(51,1,'San Cristóbal Norte parte baja'),(52,1,'Santa Teresa'),(53,1,'Soratama'),(54,1,'Torcoroma'),(55,1,'Villa Nydia'),(56,1,'Villa Oliva'),(57,1,'El Toberín'),(58,1,'Babilonia'),(59,1,'Darandelos'),(60,1,'Estrella del Norte'),(61,1,'Guanoa'),(62,1,'Jardín Norte'),(63,1,'La Liberia'),(64,1,'La Pradera Norte'),(65,1,'Las Orquídeas'),(66,1,'Pantanito'),(67,1,'Santa Mónica'),(68,1,'Villa Magdala'),(69,1,'Villas de Aranjuez'),(70,1,'Villas del Mediterráneo'),(71,1,'Zaragoza'),(72,1,'Acacias'),(73,1,'Antigua'),(74,1,'Belmira'),(75,1,'Bosque de Pinos'),(76,1,'Caobos Salazar'),(77,1,'Capri'),(78,1,'Cedritos'),(79,1,'Cedro Bolívar'),(80,1,'Cedro Golf'),(81,1,'Cedro Madeira'),(82,1,'Cedro Narváez'),(83,1,'Cedro Salazar'),(84,1,'El Contador'),(85,1,'El Rincón de Las Margaritas'),(86,1,'La Sonora'),(87,1,'Las Margaritas'),(88,1,'Lisboa'),(89,1,'Los Cedros'),(90,1,'Los Cedros Oriental'),(91,1,'Montearroyo'),(92,1,'Nueva Autopista'),(93,1,'Nuevo Country'),(94,1,'Sierras del Moral el Nogal'),(95,1,'Bella Suiza'),(96,1,'Bellavista'),(97,1,'Bosque Medina'),(98,1,'El Pañuelito'),(99,1,'El Pedregal'),(100,1,'Escuela de Caballería I'),(101,1,'Escuela de Infantería'),(102,1,'Francisco Miranda'),(103,1,'Ginebra'),(104,1,'La Esperanza'),(105,1,'La Glorieta'),(106,1,'Las Delicias del Carmen'),(107,1,'Sagrado Corazón'),(108,1,'San Gabriel'),(109,1,'Santa Ana'),(110,1,'Santa Ana Occidental'),(111,1,'Santa Bárbara'),(112,1,'Santa Bárbara Alta'),(113,1,'Santa Bárbara Oriental'),(114,1,'Unicerros'),(115,1,'Usaquén'),(116,1,'Country Club'),(117,1,'La Calleja'),(118,1,'La Carolina'),(119,1,'La Cristalina'),(120,1,'Prados del Country'),(121,1,'Recodo del Country'),(122,1,'Santa Coloma'),(123,1,'Soatama'),(124,1,'Toledo'),(125,1,'Torres del Country'),(126,1,'Vergel del Country'),(127,1,'Santa Bárbara Occidental'),(128,1,'Campo Alegre'),(129,1,'Molinos del Norte'),(130,1,'Multicentro'),(131,1,'Navarra'),(132,1,'Rincón del Chicó'),(133,1,'San Patricio'),(134,1,'Santa Bárbara Central'),(135,1,'Santa Bibiana'),(136,1,'Santa Paula'),(137,11,'Gibraltar'),(138,11,'Guicani'),(139,11,'Mirandela'),(140,11,'Nueva Zelandia'),(141,11,'Oikos'),(142,11,'San Felipe'),(143,11,'San José de Bavaria'),(144,11,'Santa Catalina'),(145,11,'Tejares del Norte'),(146,11,'Villanova'),(147,11,'Villa del Prado'),(148,11,'Villa Lucy'),(149,11,'Britalia'),(150,11,'Britalia San Diego'),(151,11,'Calima Norte'),(152,11,'Cantagallo'),(153,11,'Cantalejo'),(154,11,'El Paraíso de los 12 Apóstoles'),(155,11,'Gilmar'),(156,11,'Granada Norte'),(157,11,'Granjas de Namur'),(158,11,'La Chocita'),(159,11,'Los Eliseos'),(160,11,'Pijao de Oro'),(161,11,'Portales del Norte'),(162,11,'San Cipriano'),(163,11,'Villa Delia'),(164,11,'Vista Bella'),(165,11,'Alcalá'),(166,11,'Atabanza'),(167,11,'Bernal y Forero'),(168,11,'Cacihia'),(169,11,'Canodromo'),(170,11,'La Sultana'),(171,11,'Libertadores'),(172,11,'Los Prados de La Sultana'),(173,11,'Madeira'),(174,11,'Manuela Arluz'),(175,11,'Mazurén'),(176,11,'Niza IX'),(177,11,'Prado Pinzón'),(178,11,'Prado Sur'),(179,11,'Prado Veraniego'),(180,11,'Prado Veraniego Norte'),(181,11,'Prado Veraniego Sur'),(182,11,'San José del Spring'),(183,11,'San José del Prado'),(184,11,'Santa Helena'),(185,11,'Tarragona'),(186,11,'Tierra Linda'),(187,11,'Victoria Norte'),(188,11,'Villa Morena'),(189,11,'Alhambra'),(190,11,'Batán'),(191,11,'El Recreo de los Frailes'),(192,11,'Estoril'),(193,11,'Ilarco'),(194,11,'Malibú'),(195,11,'Mónaco'),(196,11,'Pasadena'),(197,11,'Puente Largo'),(198,12,'Villa Calasanz'),(199,12,'Entre Ríos'),(200,12,'La Castellana'),(201,12,'La Patria'),(202,12,'Los Andes'),(203,12,'Rionegro'),(204,12,'Urbanización San Martín y Vizcaya'),(205,12,'Doce De Octubre'),(206,12,'Jorge Eliécer Gaitán'),(207,12,'José Joaquín Vargas'),(208,12,'La Libertad'),(209,12,'Rincón Del Salitre'),(210,12,'El Labrador'),(211,12,'Metrópolis'),(212,12,'Modelo Norte'),(213,12,'San Fernando'),(214,12,'San Miguel y Simón Bolívar'),(215,11,'Atenas'),(216,11,'Catalayud'),(217,11,'Casa Blanca I y II'),(218,11,'Casablanca Norte Suba'),(219,11,'Del Monte'),(220,11,'El Velero'),(221,11,'Escuela de Carabineros'),(222,11,'Calatrava'),(223,11,'Campania'),(224,11,'Ciudad Jardín Norte'),(225,11,'Colina Campestre'),(226,11,'Colinas de Suba'),(227,11,'Córdoba'),(228,11,'Covadonga'),(229,11,'Gratamira'),(230,11,'Iberia'),(231,11,'Lagos de Córdoba'),(232,11,'Las Villas'),(233,11,'Lindaraja'),(234,11,'Niza'),(235,11,'Niza Norte'),(236,11,'Niza Suba'),(237,11,'Niza VIII'),(238,11,'Prado Jardín'),(239,11,'Provenza'),(240,11,'Rincón de Iberia'),(241,11,'Sotileza'),(242,11,'Andes Norte'),(243,11,'Club los Lagartos'),(244,11,'Coasmedas'),(245,11,'Julio Florez'),(246,11,'La Alborada'),(247,11,'La Floresta Norte'),(248,11,'Morato'),(249,11,'Nuevo Monterrey'),(250,11,'Pontevedra'),(251,11,'Potosí'),(252,11,'Santa Rosa'),(253,11,'San Nicolás'),(254,11,'Teusacá'),(255,10,'Acapulco'),(256,10,'Bellavista Occidental'),(257,10,'La Bonanza'),(258,10,'Bosque Popular'),(259,10,'Cataluña'),(260,10,'Ciudad de Honda'),(261,10,'El Dorado-San Joaquín'),(262,10,'El Guali'),(263,10,'El Laurel'),(264,10,'El Paseo'),(265,10,'Estrada'),(266,10,'La Cabaña'),(267,10,'La Estradita'),(268,10,'La Europa'),(269,10,'La Marcela'),(270,10,'La Reliquia'),(271,10,'Las Ferias'),(272,10,'Metrópolis'),(273,10,'Palo Blanco'),(274,10,'Santo Domingo'),(275,11,'Acacias'),(276,11,'Alaska'),(277,11,'Alcázar de Suba'),(278,11,'Almendros Norte'),(279,11,'Alto de la Toma'),(280,11,'Bosques de San Jorge'),(281,11,'Campanela'),(282,11,'Costa Azul'),(283,11,'El Pencil'),(284,11,'Suba Compartir'),(285,11,'El Pinar'),(286,11,'Los Lagos'),(287,11,'El Pórtico'),(288,11,'El Salitre'),(289,11,'Java'),(290,11,'La Campiña'),(291,11,'La Fontana'),(292,11,'Gloria Lara'),(293,11,'Las Orquídeas'),(294,11,'Londres'),(295,11,'Miraflores'),(296,11,'Monarcas'),(297,11,'Navetas'),(298,11,'Prados de Suba'),(299,11,'Portal de Las Mercedes'),(300,11,'Almendros de Suba'),(301,11,'Las Flores'),(302,11,'Pradera de Suba'),(303,11,'Rincón de Santa Inés'),(304,11,'San Francisco'),(305,11,'Santa Isabel'),(306,11,'Suba Centro'),(307,11,'Tuna Alta'),(308,11,'Tuna Baja'),(309,11,'Turingia'),(310,11,'Vereda Suba Cerros'),(311,11,'Villa del Campo'),(312,11,'Villa Esperanza'),(313,11,'Villa Hermosa'),(314,11,'Villa Susana'),(315,11,'Alcaparros'),(316,11,'Almirante Colón'),(317,11,'Almonacid'),(318,11,'Altos de Chozica'),(319,11,'Altos de la Esperanza'),(320,11,'Amberes'),(321,11,'Antonio Granados'),(322,11,'Arrayanes'),(323,11,'Aures I y II'),(324,11,'Bochalema'),(325,11,'Catalina'),(326,11,'Ciudad Hunza'),(327,11,'Ciudadela Cafam'),(328,11,'Costa Rica'),(329,11,'El Aguinaldo'),(330,11,'El Arenal'),(331,11,'El Carmen'),(332,11,'El Cerezo'),(333,11,'El Cóndor'),(334,11,'El Jordan-La Esperanza'),(335,11,'El Poa'),(336,11,'El Naranjal'),(337,11,'El Ocal'),(338,11,'El Palmar'),(339,11,'El Progreso'),(340,11,'El Refugio de Suba'),(341,11,'El Rubí'),(342,11,'El Tabor'),(343,11,'Gloria Lara de Echeverri'),(344,11,'Guillermo Núñez'),(345,11,'Jaime Bermeo'),(346,11,'Japón'),(347,11,'Java II Sector'),(348,11,'La Aguadita'),(349,11,'La Alameda'),(350,11,'La Aurora'),(351,11,'La Chucua'),(352,11,'La Esmeralda'),(353,11,'La Esperanza (Calle 131 A)'),(354,11,'La Estanzuela'),(355,11,'La Flor'),(356,11,'La Flora'),(357,11,'La Manuelita'),(358,11,'La Palma'),(359,11,'Lagos de Suba'),(360,11,'Lombardía/comuneros'),(361,11,'Los Arrayanes'),(362,11,'Los Naranjos'),(363,11,'Los Nogales'),(364,11,'Naranjos Altos'),(365,11,'Palma Aldea'),(366,11,'Porterrillo'),(367,11,'Prados de Santa Bárbara'),(368,11,'Puerta del Sol'),(369,11,'Rincón de Suba'),(370,11,'Rincón El Cóndor'),(371,11,'Rincón-Escuela'),(372,11,'Riobamba'),(373,11,'Rodrigo Lara Bonilla'),(374,11,'San Cayetano'),(375,11,'San Isidro Norte'),(376,11,'San Jorge'),(377,11,'San Miguel'),(378,11,'San Pedro'),(379,11,'Santa Ana de Suba'),(380,11,'Taberín'),(381,11,'Telecom Arrayanes'),(382,11,'Teusaquillo de Suba'),(383,11,'Tibabuyes'),(384,11,'Trinitaria'),(385,11,'Villa Alexandra'),(386,11,'Villa Catalina'),(387,11,'Villa Elisa'),(388,11,'Villa María'),(389,11,'Villas del Rincón'),(390,10,'Andalucía'),(391,10,'Ciudad Bachué'),(392,10,'Copetroco La Tropical'),(393,10,'El Portal del Río'),(394,10,'La Palestina'),(395,10,'Tisquesusa'),(396,10,'La Española'),(397,10,'La Serena'),(398,10,'Los Cerezos'),(399,10,'Luis Carlos Galán'),(400,10,'Meissen-Sidauto'),(401,10,'Minuto de Dios'),(402,10,'Morisco'),(403,10,'París Gaitán'),(404,10,'Primavera Norte'),(405,10,'Quirigua'),(406,10,'Boyacá'),(407,10,'El Carmelo'),(408,10,'El Refugio'),(409,10,'Florencia'),(410,10,'Florida Blanca'),(411,10,'La Almería'),(412,10,'La Granja'),(413,10,'La Soledad Norte'),(414,10,'La Salina'),(415,10,'Los Pinos Florencia'),(416,10,'Maratu'),(417,10,'París'),(418,10,'Santa Helenita'),(419,10,'Santa María del Lago'),(420,10,'Santa Rosita'),(421,10,'Tabora'),(422,10,'Veracruz'),(423,10,'Zarzamora'),(424,10,'El Encanto'),(425,10,'El Lujan'),(426,10,'El Real'),(427,10,'Los Monjes'),(428,10,'Normandía'),(429,10,'Normandía Occidental'),(430,10,'San Ignacio'),(431,10,'San Marcos'),(432,10,'Santa Cecilia'),(433,10,'Villa Luz'),(434,4,'Aguas Claras'),(435,4,'Altos del Zipa'),(436,4,'Amapolas'),(437,4,'Amapolas II'),(438,4,'Balcón de La Castaña'),(439,4,'Bella Vista Sector Lucero'),(440,4,'Bellavista Parte Baja'),(441,4,'Bellavista Sur'),(442,4,'Bosque de Los Alpes'),(443,4,'Buenavista Suroriental'),(444,4,'Camino Viejo San Cristóbal'),(445,4,'Cerros de San Vicente'),(446,4,'Ciudad de Londres'),(447,4,'Corinto'),(448,4,'El Balcón de La Castaña'),(449,4,'El Futuro'),(450,4,'El Ramajal'),(451,4,'El Ramajal (San Pedro)'),(452,4,'Gran Colombia (Molinos de Oriente)'),(453,4,'Horacio Orjuela'),(454,4,'La Castaña'),(455,4,'La Cecilia'),(456,4,'La Gran Colombia'),(457,4,'La Herradura'),(458,4,'La Joyita Centro (Bello Horizonte)'),(459,4,'La Playa'),(460,4,'La Roca'),(461,4,'La Sagrada Familia'),(462,4,'Las Acacias'),(463,4,'Las Columnas'),(464,4,'Las Mercedes'),(465,4,'Laureles Sur Oriental II Sector'),(466,4,'Los Alpes'),(467,4,'Los Alpes Futuro'),(468,4,'Los Arrayanes Sector Santa Inés'),(469,4,'Los Laureles Sur Oriental I Sector'),(470,4,'Macarena Los Alpes'),(471,4,'Manantial'),(472,4,'Manila'),(473,4,'Miraflores'),(474,4,'Molinos de Oriente'),(475,4,'Montecarlo'),(476,4,'Nueva España'),(477,4,'Nueva España Parte Alta'),(478,4,'Ramajal'),(479,4,'Rincón de La Victoria-Bellavista'),(480,4,'Sagrada Familia'),(481,4,'San Blas'),(482,4,'San Blas (parcelas)'),(483,4,'San Blas II Sector'),(484,4,'San Cristóbal Alto'),(485,4,'San Cristóbal Viejo'),(486,4,'San Pedro Sur Oriental'),(487,4,'San Vicente'),(488,4,'San Vicente Alto'),(489,4,'San Vicente Bajo'),(490,4,'San Vicente Sur Oriental'),(491,4,'Santa Inés'),(492,4,'Santa Inés Sur'),(493,4,'Terrazas de Oriente'),(494,4,'Triángulo'),(495,4,'Triángulo Alto'),(496,4,'Triángulo Bajo'),(497,4,'Vereda Altos de San Blas'),(498,4,'Vitelma'),(499,4,'Golconda'),(500,4,'Primero de Mayo'),(501,4,'Buenos Aires'),(502,4,'Calvo Sur'),(503,4,'La María'),(504,4,'Las Brisas'),(505,4,'Los Dos Leones'),(506,4,'Modelo Sur'),(507,4,'Nariño Sur'),(508,4,'Quinta Ramos'),(509,4,'República de Venezuela'),(510,4,'San Cristóbal Sur'),(511,4,'San Javier'),(512,4,'Santa Ana'),(513,4,'Santa Ana Sur'),(514,4,'Sosiego'),(515,4,'Velódromo'),(516,4,'Villa Albania'),(517,4,'Villa Javier'),(518,4,'Atenas'),(519,4,'20 de Julio'),(520,4,'Atenas I'),(521,4,'Ayacucho'),(522,4,'Barcelona'),(523,4,'Barcelona Sur'),(524,4,'Barcelona Sur Oriental'),(525,4,'Bello Horizonte'),(526,4,'Bello Horizonte III Sector'),(527,4,'Córdoba'),(528,4,'El Ángulo'),(529,4,'El Encanto'),(530,4,'Granada Sur'),(531,4,'Granada Sur III Sector'),(532,4,'La Joyita'),(533,4,'La Serafina'),(534,4,'Managua'),(535,4,'Montebello'),(536,4,'San Isidro'),(537,4,'San Isidro I y II'),(538,4,'San Isidro Sur'),(539,4,'San Luis'),(540,4,'Sur América'),(541,4,'Villa de Los Alpes'),(542,4,'Villa de Los Alpes I'),(543,4,'Villa Nataly y 20 de Julio'),(544,15,'Policarpa'),(545,15,'Caracas'),(546,15,'Ciudad Berna'),(547,15,'Ciudad Jardín'),(548,15,'Sevilla'),(549,15,'Luna Park y La Hortúa'),(550,18,'Bosque de San Carlos'),(551,18,'Country Sur'),(552,18,'Gustavo Restrepo'),(553,18,'Pijaos'),(554,18,'San José Sur'),(555,18,'San Luis Sur y Sosiego Sur'),(556,14,'Eduardo Santos'),(557,14,'El Progreso'),(558,14,'El Vergel'),(559,14,'Santa Isabel y Veraguas'),(560,15,'Restrepo'),(561,15,'Villa Mayor'),(562,15,'San Jorge Central'),(563,15,'Cinco de Noviembre'),(564,15,'Eduardo Freí'),(565,15,'San Antonio'),(566,15,'La Fragua'),(567,15,'La Fraguita'),(568,15,'Santander'),(569,18,'Claret'),(570,18,'Bravo Páez'),(571,18,'Centenario'),(572,18,'Matatigres'),(573,18,'Murillo Toro'),(574,18,'Olaya'),(575,18,'Quiroga'),(576,18,'Santa Lucía'),(577,18,'Santiago Pérez'),(578,18,'El Inglés y Villa Mayor Occidental'),(579,16,'La Guaca'),(580,16,'Bochica'),(581,16,'Carabelas'),(582,16,'Ciudad Montes'),(583,16,'El Sol'),(584,16,'Jazmín'),(585,16,'Jorge Gaitán Cortés'),(586,16,'Villa Inés'),(587,16,'La Asunción'),(588,16,'La Camelia'),(589,16,'Los Comuneros'),(590,16,'Ponderosa'),(591,16,'Primavera'),(592,16,'Remanso'),(593,16,'San Eusebio'),(594,16,'Santa Matilde'),(595,16,'Tibaná y Torremolinos'),(596,16,'Alcalá'),(597,16,'Alquería'),(598,16,'Autopista Sur'),(599,16,'La Coruña'),(600,16,'Los Sauces'),(601,16,'Muzú'),(602,16,'Ospina Pérez'),(603,16,'Santa Rita'),(604,16,'Tejar'),(605,16,'Villa del Rosario y Villa Sonia'),(606,6,'Fátima'),(607,6,'Isla del Sol'),(608,6,'Laguneta'),(609,6,'Nuevo Muzú'),(610,6,'Rincón de Muzú'),(611,6,'Rincón de Venecia'),(612,6,'Samore'),(613,6,'San Vicente Ferrer'),(614,6,'Tejar de Ontario'),(615,6,'Venecia'),(616,6,'Ciudad Tunal'),(617,16,'Barcelona'),(618,16,'Bisas del Galán'),(619,16,'Camelia Sur'),(620,16,'Colón'),(621,16,'Galán'),(622,16,'La Pradera'),(623,16,'La Trinidad'),(624,16,'El Arpay La Lira'),(625,16,'Milenta'),(626,16,'San Francísco'),(627,16,'San Gabriel'),(628,16,'San Rafael'),(629,16,'San Rafael Industrial y Salazar Gomez'),(630,8,'Agrupación Pío X'),(631,8,'Agrupación Multifamiliar Villa Emilia'),(632,8,'Alférez Real'),(633,8,'Américas Central'),(634,8,'Américas Occidental I'),(635,8,'II Y III Etapa'),(636,8,'Antiguo Hipódromo de Techo II Etapa'),(637,8,'Banderas'),(638,8,'Carvajal II Sector'),(639,8,'Centroaméricas'),(640,8,'Ciudad Kennedy'),(641,8,'El Rincón de Mandalay'),(642,8,'Floresta Sur'),(643,8,'Fundadores'),(644,8,'Glorieta de las Américas'),(645,8,'Hipotecho'),(646,8,'Igualdad I y II'),(647,8,'La Llanura'),(648,8,'Las Américas'),(649,8,'Los Sauces'),(650,8,'Mandalay'),(651,8,'Marsella III'),(652,8,'Nueva Marsella I'),(653,8,'II y III'),(654,8,'Provivienda Oriental'),(655,8,'Santa Rosa de Carvajal'),(656,8,'Villa Adriana y Villa Claudia'),(657,8,'Alquería de la Fragua'),(658,8,'Bombay'),(659,8,'Carimagua I'),(660,8,'Carvajal'),(661,8,'Carvajal Osorio'),(662,8,'Carvajal Techo'),(663,8,'Condado El Rey'),(664,8,'Delicias'),(665,8,'Desarrollo Nueva York'),(666,8,'El Pencil'),(667,8,'El Progreso I y II'),(668,8,'El Triángulo'),(669,8,'Floralia I y II'),(670,8,'Gerona'),(671,8,'Guadalupe'),(672,8,'La Chucua'),(673,8,'Las Torres'),(674,8,'Los Cristales'),(675,8,'Lucerna'),(676,8,'Milenta'),(677,8,'Nueva York'),(678,8,'Provivienda'),(679,8,'Provivienda Occidental'),(680,8,'Salvador Allende'),(681,8,'San Andrés I y II'),(682,8,'Talavera de la Reina'),(683,8,'Tayrona Comercial'),(684,8,'Valencia-La Chucua y Villa Nueva'),(685,8,'Aloha Norte'),(686,8,'Agrupación de Vivienda Pio XII'),(687,8,'Andalucía I y II'),(688,8,'Bavaria Techo II'),(689,8,'Bosques de Castilla'),(690,8,'Castilla La Nueva'),(691,8,'Castilla Los Mandriles'),(692,8,'Castilla Real'),(693,8,'Castilla Reservado'),(694,8,'Catania'),(695,8,'Catania-Castilla'),(696,8,'Ciudad Don Bosco'),(697,8,'Ciudad Favidi'),(698,8,'Ciudad Techo'),(699,8,'El Castillo'),(700,8,'El Condado'),(701,8,'El Portal de las Américas'),(702,8,'El Rincón de Castilla'),(703,8,'El Rincón de Los Ángeles'),(704,8,'El Tintal'),(705,8,'El Vergel'),(706,8,'Lagos de Castilla'),(707,8,'Las Dos Avenidas I y II Etapa'),(708,8,'Monterrey'),(709,8,'Multifamiliares El Ferrol'),(710,8,'Osorio'),(711,8,'Oviedo'),(712,8,'Pio XII'),(713,8,'San José Occidental'),(714,8,'Santa Catalina I y II'),(715,8,'Valladolid'),(716,8,'Villa Alsacia'),(717,8,'Villa Castilla'),(718,8,'Villa Galante'),(719,8,'Villa Liliana'),(720,8,'Villa Mariana y Visión de Colombia'),(721,8,'Abraham Lincoln'),(722,8,'Casablanca I'),(723,8,'II'),(724,8,'III y IV'),(725,8,'Casablanca 32 y 33'),(726,8,'Ciudad Kennedy Central'),(727,8,'Ciudad Kennedy Norte'),(728,8,'Ciudad Kennedy Occidental'),(729,8,'Ciudad Kennedy Oriental'),(730,8,'Ciudad Kennedy Sur'),(731,8,'El Descanso'),(732,8,'La Giraldilla'),(733,8,'Miraflores Kennedy'),(734,8,'Multifamiliar Techo'),(735,8,'Nuevo Kennedy'),(736,8,'Pastrana'),(737,8,'Techo y Puerto José de Caldas'),(738,8,'Alameda de Timiza'),(739,8,'Alfonso Montaña'),(740,8,'Berlín'),(741,8,'Boitá I y II'),(742,8,'Casa Loma'),(743,8,'Catalina'),(744,8,'Catalina II'),(745,8,'El Comité'),(746,8,'El Jordán'),(747,8,'El Palenque'),(748,8,'El Porvenir'),(749,8,'El Rubí'),(750,8,'Jacqueline'),(751,8,'Juan Pablo I'),(752,8,'La Cecilia'),(753,8,'La Unidad'),(754,8,'Lago Timiza I y II Etapa'),(755,8,'Las Luces'),(756,8,'Moravia II'),(757,8,'Nuevo Timiza'),(758,8,'Onasis'),(759,8,'Pastranita II'),(760,8,'Perpetuo Socorro'),(761,8,'Prados de Kennedy'),(762,8,'Roma'),(763,8,'Roma II'),(764,8,'Sagrado Corazón'),(765,8,'San Martín de Porres'),(766,8,'Santa Catalina'),(767,8,'Timiza'),(768,8,'Tonoli'),(769,8,'Tocarema'),(770,8,'Tundama'),(771,8,'Vasconia II'),(772,8,'Villa de los Sauces y Villa Rica'),(773,7,'Jardines del Apogeo'),(774,7,'El Motorista'),(775,7,'Industrial'),(776,7,'La Ilusión'),(777,7,'Nuevo Chile'),(778,7,'Olarte'),(779,7,'Villa del Río'),(780,4,'Altamira'),(781,4,'Altamira Chiquita'),(782,4,'Altos del Poblado'),(783,4,'Altos del Virrey'),(784,4,'Altos del Zuque'),(785,4,'Bellavista Parte Alta'),(786,4,'El Pilar'),(787,4,'Bellavista Sur Oriental'),(788,4,'Ciudadela Santa Rosa'),(789,4,'El Quindío'),(790,4,'El Recodo-República de Canadá'),(791,4,'El Rodeo'),(792,4,'La Colmena'),(793,4,'La Gloria'),(794,4,'La Gloria Baja'),(795,4,'La Gloria MZ 11'),(796,4,'La Gloria Occidental'),(797,4,'La Gloria Oriental'),(798,4,'La Gloria San Miguel'),(799,4,'La Grovana'),(800,4,'La Victoria'),(801,4,'La Victoria II Sector'),(802,4,'La Victoria III Sector'),(803,4,'La Ye'),(804,4,'Las Gaviotas'),(805,4,'Las Guacamayas'),(806,4,'Las Guacamayas I'),(807,4,'II y III'),(808,4,'Malvinas'),(809,4,'Moralba'),(810,4,'Panorama'),(811,4,'Paseito III'),(812,4,'Puente Colorado'),(813,4,'Quindío'),(814,4,'Quindío I y II'),(815,4,'San José'),(816,4,'San José Oriental'),(817,4,'San José Sur Oriental'),(818,4,'San Martín de Loba I y II'),(819,4,'San Martín Sur y San Miguel'),(820,4,'Antioquia'),(821,4,'Canadá La Guirá'),(822,4,'Canadá La Guirá II Sector'),(823,4,'Canadá-San Luis'),(824,4,'Chiguaza'),(825,4,'El Paraíso'),(826,4,'El Pinar (República del Canadá II)'),(827,4,'El Triunfo'),(828,4,'Juan Rey (La Paz)'),(829,4,'La Belleza'),(830,4,'La Nueva Gloria'),(831,4,'La Nueva Gloria II Sector'),(832,4,'La Península'),(833,4,'La Sierra'),(834,4,'Los Libertadores'),(835,4,'Los Libertadores Sector El Tesoro'),(836,4,'Los Libertadores Sector La Colina'),(837,4,'Los Libertadores Sector San Ignacio'),(838,4,'Los Libertadores Sector San Isidro'),(839,4,'Los Libertadores Sector San José'),(840,4,'Los Libertadores Sector San Luis'),(841,4,'Los Libertadores Sector San Miguel'),(842,4,'Los Libertadores Bosque Diamante Triángulo'),(843,4,'Los Pinares'),(844,4,'Los Pinos'),(845,4,'Los Puentes'),(846,4,'Nueva Delhi'),(847,4,'Nueva Gloria'),(848,4,'Nueva Roma'),(849,4,'Nuevas Malvinas (El Triunfo)'),(850,4,'República del Canadá'),(851,4,'República del Canadá-El Pinar'),(852,4,'San Jacinto'),(853,4,'San Manuel'),(854,4,'San Rafael Sur Oriental'),(855,4,'San Rafael Usme'),(856,4,'Santa Rita I'),(857,4,'Santa Rita Sur Oriental'),(858,4,'Valparaíso'),(859,4,'Villa Angélica-Canadá-La Guirá'),(860,4,'Villa Aurora'),(861,4,'Villa del Cerro'),(862,4,'Villabell'),(863,4,'Yomasa'),(864,4,'Villa Angélica'),(865,4,'El Paraíso Sur Oriental I Sector'),(866,4,'Juan Rey I y II'),(867,4,'Villa Begonia'),(868,5,'Buenos Aires'),(869,5,'Costa Rica'),(870,5,'Doña Liliana'),(871,5,'El Bosque km 11'),(872,5,'Juan José Rondón'),(873,5,'Juan José Rondón II Sector'),(874,5,'La Cabaña'),(875,5,'La Esperanza'),(876,5,'La Flora-Parcelación San Pedro'),(877,5,'Las Violetas'),(878,5,'Los Arrayanes'),(879,5,'Los Soches'),(880,5,'Tihuaque'),(881,5,'Unión'),(882,5,'Villa Diana'),(883,5,'Villa Rosita'),(884,18,'Colinas'),(885,18,'El Pesebre'),(886,18,'Granjas de San Pablo'),(887,18,'Granjas de Santa Sofía'),(888,18,'Jorge Cavelier La Resurección'),(889,18,'Las Lomas'),(890,18,'Luis López de Mesa'),(891,18,'Marco Fidel Suárez'),(892,18,'Río de Janeiro y San Jorge'),(893,18,'Arboleda Sur'),(894,18,'Callejón Santa Bárbara'),(895,18,'Cerros de Oriente'),(896,18,'Chircales'),(897,18,'Danubio Sur'),(898,18,'El Consuelo'),(899,18,'El Rosal'),(900,18,'El Socorro'),(901,18,'Gavaroba'),(902,18,'Guiparma'),(903,18,'La Merced del Sur'),(904,18,'La Picota Occidental'),(905,18,'La Playa'),(906,18,'Marruecos'),(907,18,'Mirador del Sur'),(908,18,'Molinos'),(909,18,'Nueva Pensilvania Sur'),(910,18,'Pradera Sur'),(911,18,'Puerto Rico'),(912,18,'Sarasota'),(913,18,'bochica'),(914,18,'Villa Gladys y Villa Morales'),(915,18,'San Agustín'),(916,18,'Diana Turbay'),(917,18,'El Portal'),(918,18,'La Esperanza Alta'),(919,18,'La Paz'),(920,18,'La Picota Oriental'),(921,18,'Palermo Sur (con las subdivisiones Central'),(922,18,'El Triángulo'),(923,18,'Las Brisas'),(924,18,'Oswaldo Gómez'),(925,18,'San Marcos y Santa Fonseca)'),(926,5,'Alaska'),(927,5,'Arrayanes'),(928,5,'Danubio Azul'),(929,5,'Daza Sector II'),(930,5,'Duitama'),(931,5,'El Porvenir'),(932,5,'El Porvenir II Sector'),(933,5,'Fiscala II La Fortuna'),(934,5,'Fiscala Sector Centro'),(935,5,'La Fiscala-Los Tres Laureles'),(936,5,'La Fiscala-Lote 16'),(937,5,'La Fiscala-Lote 16A'),(938,5,'La Fiscala Sector Daza'),(939,5,'La Fiscala Sector Norte'),(940,5,'La Fiscala Sector Rodríguez'),(941,5,'La Morena I'),(942,5,'La Morena II'),(943,5,'La Morena II (Sector Villa Sandra)'),(944,5,'Nueva Esperanza'),(945,5,'San Martín'),(946,5,'Villa Neiza'),(947,5,'Picota Sur'),(948,5,'Porvenir'),(949,5,'Almirante Padilla'),(950,5,'Altos del Pino'),(951,5,'Arizona'),(952,5,'Barranquillita'),(953,5,'Benjamin Uribe'),(954,5,'Betania'),(955,5,'Betania II'),(956,5,'Bolonia'),(957,5,'Bulevar del Sur'),(958,5,'Casa Loma II'),(959,5,'Casa Rey'),(960,5,'Casaloma'),(961,5,'Compostela I'),(962,5,'Compostela II'),(963,5,'Compostela III'),(964,5,'El Bosque'),(965,5,'El Cortijo'),(966,5,'El Curubo'),(967,5,'El Jordán'),(968,5,'El Nevado'),(969,5,'El Pedregal'),(970,5,'El Recuerdo Sur'),(971,5,'El Refugio'),(972,5,'El Refugio Sector Santa Librada'),(973,5,'El Rosal-Mirador'),(974,5,'El Rubí II Sector'),(975,5,'Gran Yomasa I'),(976,5,'Gran Yomasa II'),(977,5,'La Andrea'),(978,5,'La Aurora'),(979,5,'La Fortaleza'),(980,5,'La Regadera km 11'),(981,5,'La Regadera Sur'),(982,5,'Las Granjas de San Pedro (Santa Librada)'),(983,5,'Las Viviendas'),(984,5,'Los Tejares Sur II Sector'),(985,5,'Nuevo San Andrés de Los Altos'),(986,5,'Olivares'),(987,5,'Salazar Salazar'),(988,5,'San Andrés Alto'),(989,5,'San Felipe'),(990,5,'San Isidro Sur'),(991,5,'San Juan Bautista'),(992,5,'San Juan I'),(993,5,'San Juan II'),(994,5,'San Juan II y III'),(995,5,'San Luis'),(996,5,'San Pablo'),(997,5,'Santa Librada'),(998,5,'Santa Librada-La Esperanza'),(999,5,'Santa Librada-La Sureña'),(1000,5,'Santa Librada-Los Tejares (Gran Yomasa)'),(1001,5,'Santa Librada Norte'),(1002,5,'Santa Librada-San Bernardino'),(1003,5,'Santa Librada-San Francisco'),(1004,5,'Santa Librada-Salazar Salazar'),(1005,5,'Santa Librada Sector La Peña'),(1006,5,'Santa Marta II'),(1007,5,'Santa Martha'),(1008,5,'Sierra Morena'),(1009,5,'Tenerife II Sector'),(1010,5,'Urbanización Costa Rica-San Andrés de los Altos'),(1011,5,'Urbanización Brasilia II Sector'),(1012,5,'Urbanización Brasilia Sur'),(1013,5,'Urbanización Cartagena'),(1014,5,'Urbanización La Andrea'),(1015,5,'Urbanización La Aurora II'),(1016,5,'Urbanización Miravalle'),(1017,5,'Urbanización Tequendama'),(1018,5,'Valles de Cafam'),(1019,5,'Vianey'),(1020,5,'Villa Alejandría'),(1021,5,'Villa Nelly'),(1022,5,'Villas de Santa Isabel (Parque Entrenubes)'),(1023,5,'Villas del Edén'),(1024,5,'Yomasita'),(1025,5,'Alfonso López Sector Charalá'),(1026,5,'Antonio José de Sucre I'),(1027,5,'II y III'),(1028,5,'Bellavista Alta'),(1029,5,'Bellavista II Sector'),(1030,5,'Bosque El Limonar'),(1031,5,'Bosque El Limonar II Sector'),(1032,5,'Brazuelos'),(1033,5,'Brazuelos Occidental'),(1034,5,'Brazuelos-El Paraíso'),(1035,5,'Brazuelos-La Esmeralda'),(1036,5,'Centro Educativo San José'),(1037,5,'Chapinerito'),(1038,5,'Chicó Sur'),(1039,5,'Chicó Sur II'),(1040,5,'Ciudadela Cantarrana I'),(1041,5,'II y III Sector'),(1042,5,'Comuneros'),(1043,5,'El Brillante'),(1044,5,'El Espino'),(1045,5,'El Mortiño'),(1046,5,'El Rubí'),(1047,5,'El Tuno'),(1048,5,'El Uval'),(1049,5,'El Virrey Última Etapa'),(1050,5,'Finca La Esperanza'),(1051,5,'La Esmeralda-El Recuerdo'),(1052,5,'La Esperanza km 10'),(1053,5,'Las Brisas'),(1054,5,'Las Flores'),(1055,5,'Las Mercedes'),(1056,5,'Lorenzo Alcantuz I'),(1057,5,'Lorenzo Alcantuz II'),(1058,5,'Los Altos del Brazuelo'),(1059,5,'Marichuela III'),(1060,5,'Monteblanco'),(1061,5,'Montevídeo'),(1062,5,'Nuevo San Luis'),(1063,5,'San Joaquín-El Uval'),(1064,5,'Sector Granjas de San Pedro'),(1065,5,'Tenerife'),(1066,5,'Urbanización Chuniza I'),(1067,5,'Urbanización Jarón Monte Rubio'),(1068,5,'Urbanización Líbano'),(1069,5,'Urbanización Marichuela'),(1070,5,'Usminia'),(1071,5,'Villa Alemania'),(1072,5,'Villa Alemania II Sector'),(1073,5,'Villa Anita Sur'),(1074,5,'Villa Israel'),(1075,5,'Villa Israel II'),(1076,5,'Alfonso López Sector Buenos Aires'),(1077,5,'Alfonso López Sector El Progreso'),(1078,5,'Brisas del Llano'),(1079,5,'El Nuevo Portal'),(1080,5,'El Paraíso'),(1081,5,'El Portal II Etapa'),(1082,5,'El Progreso Usme'),(1083,5,'El Refugio I y II'),(1084,5,'El Triángulo'),(1085,5,'El Uval II Sector'),(1086,5,'La Huerta'),(1087,5,'La Orquídea Usme'),(1088,5,'La Reforma'),(1089,5,'Nuevo Porvenir'),(1090,5,'Nuevo Progreso-El Progreso II Sector'),(1091,5,'Portal de La Vega'),(1092,5,'Portal de Oriente'),(1093,5,'Portal del Divino'),(1094,5,'Puerta al Llano'),(1095,5,'Puerta al Llano II'),(1096,5,'Refugio I'),(1097,5,'Villa Hermosa'),(1098,5,'El Bosque Central'),(1099,5,'El Nuevo Portal II'),(1100,5,'El Refugio I'),(1101,5,'La Esperanza Sur'),(1102,5,'Los Olivares'),(1103,5,'Pepinitos'),(1104,5,'Tocaimita Oriental'),(1105,5,'Tocaimita Sur'),(1106,5,'Ciudadela El Oasis'),(1107,5,'Usme-Centro'),(1108,5,'El Pedregal-La Lira'),(1109,5,'El Salteador'),(1110,5,'La María'),(1111,6,'Abraham Lincoln'),(1112,6,'San Benito'),(1113,6,'San Carlos'),(1114,6,'Tunjuelito'),(1115,19,'La Lira'),(1116,19,'El Pedregal'),(1117,19,'Villa Jacky'),(1118,19,'las Manas y Mochuelo Oriental'),(1119,19,'El Mochuelo II'),(1120,19,'Brazuelos de Santo Domingo'),(1121,19,'Esmeralda'),(1122,19,'Lagunitas'),(1123,19,'Paticos y Barranquitos'),(1124,19,'Arborizadora Baja'),(1125,19,'Atlanta'),(1126,19,'La Playa'),(1127,19,'Madelena'),(1128,19,'Rafael Escamilla'),(1129,19,'Santa Helena'),(1130,19,'Santa Rosa Sur'),(1131,19,'Villa Helena'),(1132,19,'Casa linda'),(1133,19,'La Coruña y Protecho'),(1134,19,'San Francisco'),(1135,19,'Las Acacias'),(1136,19,'Candelaria La Nueva'),(1137,19,'Gibraltar'),(1138,19,'Colmena'),(1139,19,'La Casona'),(1140,19,'Juan José Rondón'),(1141,19,'San Luis Sur'),(1142,19,'San Fernando Sur'),(1143,19,'Santa Inés de la Acacia'),(1144,19,'Millan Los Sauces'),(1145,19,'Puerta del Llano'),(1146,19,'Sauces'),(1147,19,'Hortalizas y El Recuerdo'),(1148,19,'Álvaro Bernal Segura'),(1149,19,'Lucero Alto'),(1150,19,'Lucero Medio'),(1151,19,'Lucero Bajo'),(1152,19,'Domingo Laín'),(1153,19,'El Bosque'),(1154,19,'El Castillo'),(1155,19,'El Paraíso Mirador'),(1156,19,'Bella Flor'),(1157,19,'La Torre'),(1158,19,'Estrella del Sur'),(1159,19,'El Triunfo'),(1160,19,'Gibraltar Sur'),(1161,19,'Juan Pablo II'),(1162,19,'La Alameda'),(1163,19,'La Cabaña'),(1164,19,'La Escala'),(1165,19,'Las Manitas'),(1166,19,'Los Alpes'),(1167,19,'El Satélite'),(1168,19,'Los Andes de Nutibara'),(1169,19,'La Estrella de Lagos'),(1170,19,'Ciudad Milagros'),(1171,19,'Compartir'),(1172,19,'Buenavista'),(1173,19,'Marandú'),(1174,19,'Meissen'),(1175,19,'Brisas del Volador'),(1176,19,'México'),(1177,19,'Nueva Colombia'),(1178,19,'Naciones Unidas'),(1179,19,'Tierra Linda'),(1180,19,'Vista Hermosa'),(1181,19,'Rincón del Diamante Villa Gloria y Capri'),(1182,19,'Arabia'),(1183,19,'Acapulco'),(1184,19,'Buenos Aires'),(1185,19,'Bogotá Sur'),(1186,19,'Divino Niño'),(1187,19,'Casa de Teja'),(1188,19,'El Consuelo'),(1189,19,'El Tesoro'),(1190,19,'Tesorito'),(1191,19,'El Mochuelo I'),(1192,19,'El Reflejo'),(1193,19,'La Cumbre'),(1194,19,'Los Duques'),(1195,19,'Inés Elvira'),(1196,19,'Monterey'),(1197,19,'Minuto de María'),(1198,19,'Ocho de Diciembre'),(1199,19,'Quiba'),(1200,19,'Potreritos'),(1201,19,'República de Venezuela'),(1202,19,'República de Canadá'),(1203,19,'San Rafael Sur'),(1204,19,'San Joaquín del Vaticano'),(1205,19,'Sotavento y Villa Diana López'),(1206,19,'Bella Estancia'),(1207,19,'Barlovento'),(1208,19,'Caracolí'),(1209,19,'Bonanza Sur'),(1210,19,'Casa Loma Casavianca'),(1211,19,'Cerro del Diamante'),(1212,19,'El Rosal'),(1213,19,'El Espino'),(1214,19,'Ismael Perdomo'),(1215,19,'El Porvenir'),(1216,19,'El Rincón del Porvenir'),(1217,19,'Galicia'),(1218,19,'La Carbonera'),(1219,19,'Mirador de la Estancia'),(1220,19,'Mirador de Primavera'),(1221,19,'Perdomo Alto'),(1222,19,'Rincón de Galicia'),(1223,19,'Rincón de la estancia'),(1224,19,'Rincón de la Valvanera'),(1225,19,'San Antonio del Mirador'),(1226,19,'San Isidro'),(1227,19,'María Cano'),(1228,19,'San rafael de la Estancia'),(1229,19,'Santa Viviana'),(1230,19,'Santo Domingo y Sierra Morena'),(1231,19,'Arborizadora Alta'),(1232,19,'Bella Vista'),(1233,19,'Florida del Sur'),(1234,19,'Jerusalén'),(1235,19,'La Pradera'),(1236,19,'Las Brisas'),(1237,19,'Potosí'),(1238,19,'Las Vegas de Potosí'),(1239,19,'Villas de Bolívar y Verona'),(1240,11,'Berlín'),(1241,11,'Bilbao'),(1242,11,'Cañiza I'),(1243,11,'II y III'),(1244,11,'Carolina II y III'),(1245,11,'El Cedro'),(1246,11,'Compartir'),(1247,11,'Fontanar del río'),(1248,11,'La Gaitana'),(1249,11,'La Isabela'),(1250,11,'Lisboa'),(1251,11,'Los Nogales de Tibabuyes'),(1252,11,'Miramar'),(1253,11,'Nueva Tibabuyes'),(1254,11,'Nuevo Corinto'),(1255,11,'Rincón de Boyacá'),(1256,11,'Sabana de Tibabuyes'),(1257,11,'San Carlos de Suba'),(1258,11,'San Carlos de Tibabuyes'),(1259,11,'San Pedro de Tibabuyes'),(1260,11,'Santa Cecilia'),(1261,11,'Santa Rita'),(1262,11,'Tibabuyes Universal'),(1263,11,'Toscana'),(1264,11,'Vereda Suba-Rincón'),(1265,11,'Vereda Tibabuyes'),(1266,11,'Verona'),(1267,11,'Villa Cindy'),(1268,11,'Villa de las Flores'),(1269,11,'Villa Gloria'),(1270,10,'Bochica'),(1271,10,'Bochica Compartir'),(1272,10,'Bolivia'),(1273,10,'Ciudadela Colsubsidio'),(1274,10,'Cortijo'),(1275,10,'Garcés Navas'),(1276,10,'Álamos'),(1277,10,'Álamos Norte'),(1278,10,'Bosques de Mariana'),(1279,10,'El Cedro'),(1281,10,'Los Ángeles'),(1282,10,'Molinos de Viento'),(1283,10,'Plazuelas del Virrey'),(1284,10,'San Basilio'),(1285,10,'Santa Mónica'),(1286,10,'Villa Amalia'),(1287,10,'Villa Sagrario'),(1288,10,'Villas de Granada'),(1289,10,'Villas del Madrigal'),(1290,10,'Villas del Dorado-San Antonio'),(1291,10,'Bosques de Granada'),(1292,10,'Parques de Granada'),(1293,10,'Andalucía Parques de Granada'),(1294,10,'Portal de Granada'),(1295,10,'Rincón de Granada'),(1296,10,'Granada Club Residencial'),(1297,10,'La Rotana'),(1298,10,'Mirador de los Cerezos'),(1299,10,'Alameda'),(1300,10,'Centauros del Danubio'),(1301,10,'El Mirador'),(1302,10,'El Muelle'),(1303,10,'El Palmar'),(1304,10,'El Triángulo'),(1305,10,'El Verdún'),(1306,10,'Engativá-Centro'),(1307,10,'Granjas El Dorado'),(1308,10,'La Esperanza'),(1309,10,'La Faena'),(1310,10,'La Riviera'),(1311,10,'La Torquigua'),(1312,10,'Santa Lucía Norte'),(1313,10,'Las Mercedes'),(1314,10,'Las Palmas'),(1315,10,'Linterama'),(1316,10,'Los Laureles'),(1317,10,'Los Laureles-Sabanas El Dorado'),(1318,10,'Marandú'),(1319,10,'Porvenir'),(1320,10,'Puerto Amor-Playas del Jaboque'),(1321,10,'San Antonio Norte'),(1322,10,'San José Obrero'),(1323,10,'Santa Librada'),(1324,10,'Villa Claver I y II'),(1325,10,'Villa Constanza'),(1326,10,'Villas del Dorado Norte'),(1327,10,'Villa Gladys'),(1328,10,'Villa Mary'),(1329,10,'Villa Sandra'),(1330,10,'Villa Teresita'),(1331,10,'Viña del Mar'),(1332,9,'Arabia'),(1333,9,'Atahualpa'),(1334,9,'Bahía Solano'),(1335,9,'Santiago Batavia'),(1336,9,'Belén'),(1337,9,'Betania'),(1338,9,'Boston'),(1339,9,'Centenario'),(1340,9,'Centro A'),(1341,9,'El Carmen'),(1342,9,'El Cuco'),(1343,9,'El Guadual'),(1344,9,'El Jordan'),(1345,9,'El Pedregal'),(1346,9,'El Ruby'),(1347,9,'El Tapete'),(1348,9,'Ferrocaja'),(1349,9,'Flandes'),(1350,9,'Fontibón Centro'),(1351,9,'La Cabaña'),(1352,9,'La Giralda'),(1353,9,'La Laguna'),(1354,9,'Las Flores'),(1355,9,'Palestina'),(1356,9,'Rincón Santo'),(1357,9,'Santander'),(1358,9,'Salamanca'),(1359,9,'San Pedro-Los Robles'),(1360,9,'Torcoroma'),(1361,9,'Unidad Residencial Montecarlo'),(1362,9,'Valle Verde'),(1363,9,'Veracruz'),(1364,9,'Versalles'),(1365,9,'Villa Beatriz'),(1366,9,'Villa Carmenza'),(1367,9,'Villemar'),(1368,9,'Ambalema'),(1369,9,'Bohíos'),(1370,9,'El Portal'),(1371,9,'El Refugio'),(1372,9,'El Triángulo'),(1373,9,'Florencia'),(1374,9,'Jericó'),(1375,9,'La Aldea'),(1376,9,'La Estación'),(1377,9,'La Perla'),(1378,9,'La Zelfita'),(1379,9,'Las Brisas'),(1380,9,'Prados de la Alameda'),(1381,9,'Puente Grande'),(1382,9,'San Pablo'),(1383,9,'Selva Dorada'),(1384,9,'Villa Liliana'),(1385,9,'HB'),(1386,9,'Recodo'),(1387,9,'Pueblo Nuevo'),(1388,9,'Moravia'),(1389,9,'Kasandra'),(1390,9,'Sabana Grande'),(1391,8,'Santa Paz-Santa Elvira y Vereda El Tintal'),(1392,8,'y la parte occidental del sector Tintal como lo es Ciudad Tintal'),(1393,8,'Urbanización Unir Uno (Predio Calandaima)'),(1394,8,'Calandaima'),(1395,8,'Conjunto Residencial Prados de castilla I'),(1396,8,'Conjunto Residencial Gerona del Tintal'),(1397,8,'Galán'),(1398,8,'Santa Fe del Tintal'),(1399,8,'Tintala'),(1400,8,'Ciudadela Tierra Buena'),(1401,8,'Ciudadela Primavera'),(1402,8,'Cayetano Cañizares'),(1403,8,'Chucua de la Vaca'),(1404,8,'El Amparo'),(1405,8,'El Llantito'),(1406,8,'El Olivo'),(1407,8,'El Saucedal'),(1408,8,'La Concordia'),(1409,8,'La Esperanza'),(1410,8,'La María'),(1411,8,'Llano Grande'),(1412,8,'María Paz'),(1413,8,'Pinar del Río'),(1414,8,'San Carlos'),(1415,8,'Villa de la Loma'),(1416,8,'Villa de la Torre'),(1417,8,'Villa Emilia y Vista Hermosa'),(1418,8,'Alfonso López Michelsen'),(1419,8,'Britalita'),(1420,8,'Calarcá I y II'),(1421,8,'Casablanca Sur'),(1422,8,'Class'),(1423,8,'El Almenar'),(1424,8,'El Carmelo'),(1425,8,'Gran Britalia'),(1426,8,'Pastranita'),(1427,8,'Santa María de Kennedy'),(1428,8,'Vegas de Santa Ana'),(1429,8,'Villa Andrea'),(1430,8,'Villa Anita'),(1431,8,'Villa Nelly'),(1432,8,'Villa Zarzamora y Villas de Kennedy'),(1433,8,'Altamar'),(1434,8,'Avenida Cundinamarca'),(1435,8,'Barranquillita'),(1436,8,'Bellavista'),(1437,8,'Campo Hermoso'),(1438,8,'Ciudad de Cali'),(1439,8,'Ciudad Galán'),(1440,8,'Ciudad Granada'),(1441,8,'Dindalito'),(1442,8,'El Paraíso'),(1443,8,'El Patio'),(1444,8,'El Rosario'),(1445,8,'El Triunfo'),(1446,8,'Horizonte Occidente'),(1447,8,'Jazmín Occidental'),(1448,8,'La Rivera'),(1449,8,'Las Acacias'),(1450,8,'Las Brisas'),(1451,8,'Las Palmeras'),(1452,8,'Los Almendros'),(1453,8,'Palmitas'),(1454,8,'Patio Bonito I II y III'),(1455,8,'Puente La Vega'),(1456,8,'San Dionisio'),(1457,8,'San Marino'),(1458,8,'Santa Mónica'),(1459,8,'Sumapaz'),(1460,8,'Tayrona'),(1461,8,'Tierra Buena Tintalito I y II'),(1462,8,'Villa Alexandra'),(1463,8,'Villa Andrés'),(1464,8,'Villa Hermosa y Villa Mendoza'),(1465,8,'Las Margaritas'),(1466,8,'Osorio XI y XII'),(1467,8,'Portal Américas'),(1468,7,'Amaru'),(1469,7,'Berlín'),(1470,7,'Berlín de Bosa La Libertad III'),(1471,7,'Betania'),(1472,7,'Bosa Nova'),(1473,7,'Bosa Nova II Sector'),(1474,7,'Bosalinda (Holdebrando Olarte)'),(1475,7,'Brasil'),(1476,7,'Brasilia'),(1477,7,'Campo Hermoso'),(1478,7,'Casa Nueva'),(1479,7,'Chicala'),(1480,7,'Ciudadela La Libertad'),(1481,7,'El Bosque de Bosa'),(1482,7,'El Cauce'),(1483,7,'El Diamante'),(1484,7,'El Libertador'),(1485,7,'El Paradero'),(1486,7,'El Portal de La Libertad'),(1487,7,'El Porvenir'),(1488,7,'El Progreso'),(1489,7,'El Recuerdo'),(1490,7,'El Rincón de Bosa'),(1491,7,'El Rodeo'),(1492,7,'El Sauce'),(1493,7,'Escocia'),(1494,7,'Finca La Esperanza'),(1495,7,'Holanda'),(1496,7,'Hortelanos de Escocia'),(1497,7,'Jorge Uribe Botero'),(1498,7,'La Concepción'),(1499,7,'La Dulcinea'),(1500,7,'La Esmeralda'),(1501,7,'La Estanzuela I y II'),(1502,7,'La Florida'),(1503,7,'La Fontana de Bosa-La Libertad'),(1504,7,'La Independencia'),(1505,7,'La Libertad I'),(1506,7,'II'),(1507,7,'III'),(1508,7,'IV'),(1509,7,'La Magnolia'),(1510,7,'La María'),(1511,7,'La Palma'),(1512,7,'La Paz'),(1513,7,'La Portada'),(1514,7,'La Portadita'),(1515,7,'La Veguita'),(1516,7,'Las Margaritas'),(1517,7,'Las Vegas'),(1518,7,'Los Ocales'),(1519,7,'Los Sauces'),(1520,7,'Miami'),(1521,7,'New Jersey'),(1522,7,'Nuestra Señora de La Paz'),(1523,7,'Nueva Escocia'),(1524,7,'Nueva Esperanza'),(1525,7,'Porvenir'),(1526,7,'Potreritos'),(1527,7,'San Antonio'),(1528,7,'San Antonio de Bosa'),(1529,7,'San Antonio de Escocia'),(1530,7,'San Bernardino'),(1531,7,'San Javier'),(1532,7,'San Jorge'),(1533,7,'San Juanito'),(1534,7,'San Martín'),(1535,7,'San Pedro'),(1536,7,'Santa Inés'),(1537,7,'Sauces'),(1538,7,'Siracuza'),(1539,7,'Tokio'),(1540,7,'Vegas de Santana'),(1541,7,'Villa Carolina'),(1542,7,'Villa Clemencia'),(1543,7,'Villa Colombia'),(1544,7,'Villa de Los Comuneros'),(1545,7,'Villa de Suaita'),(1546,7,'Villa Magnolia'),(1547,7,'Villa Natalia'),(1548,7,'Villa Nohora'),(1549,7,'Villa Sonia I y II'),(1550,7,'Villas del Progreso'),(1551,7,'Villas del Velero y Campo Verde'),(1552,7,'Andalucía I y II'),(1553,7,'Antonia Santos'),(1554,7,'Argelia'),(1555,7,'Bosa'),(1556,7,'Bosques de Meryland'),(1557,7,'Brasilia-La Estación'),(1558,7,'Carlos Albán'),(1559,7,'Charles de Gaulle'),(1560,7,'Claretiano'),(1561,7,'El Jardín'),(1562,7,'El Llano'),(1563,7,'El Palmar'),(1564,7,'El Portal de Bosa'),(1565,7,'El Povenir'),(1566,7,'El Retazo'),(1567,7,'El Toche'),(1568,7,'Getsemaní'),(1569,7,'Grancolombiano I y II'),(1570,7,'Gualoche'),(1571,7,'Hermanos Barragán'),(1572,7,'Humberto Valencia'),(1573,7,'Islandia'),(1574,7,'Israelita'),(1575,7,'Jiménez de Quesada'),(1576,7,'José Antonio Galán'),(1577,7,'José María Carbonel'),(1578,7,'La Amistad'),(1579,7,'La Azucena'),(1580,7,'La Estación'),(1581,7,'La Riviera'),(1582,7,'Laureles'),(1583,7,'Llano Oriental'),(1584,7,'Llanos de Bosa'),(1585,7,'Manzanares'),(1586,7,'Mitrani'),(1587,7,'Naranjos'),(1588,7,'Nueva Granada'),(1589,7,'Bosa Palestina'),(1590,7,'Paso Ancho'),(1591,7,'Piamonte'),(1592,7,'Primavera Sur'),(1593,7,'San Eugenio'),(1594,7,'San Pablo I sector y San Pablo II sector'),(1595,7,'Santa Lucía'),(1596,7,'Urbanización Acuarela'),(1597,7,'Vereda San José'),(1598,7,'La Esperanza'),(1599,7,'Villa Anny'),(1600,7,'Villa Bosa'),(1601,7,'Xochimilco'),(1602,7,'Caldas'),(1603,7,'Antonio Nariño'),(1604,7,'Cañaveralejo'),(1605,7,'El Anhelo'),(1606,7,'El Corzo'),(1607,7,'El Recuerdo de Santa Fe'),(1608,7,'El Regalo'),(1609,7,'La Arboleda'),(1610,7,'La Cabaña'),(1611,7,'La Granjita'),(1612,7,'La Suerte'),(1613,7,'La Unión'),(1614,7,'Los Centauros'),(1615,7,'Osorio X'),(1616,7,'Osorio XIII'),(1617,7,'Parcela El Porvenir'),(1618,7,'San Bernardino II'),(1619,7,'San Miguel'),(1620,7,'Santa Fe I'),(1621,7,'II y III'),(1622,7,'Santa Fe de Bosa'),(1623,7,'Villa Alegre'),(1624,7,'Villa Alegría'),(1625,7,'Villa Esmeralda'),(1626,7,'Villa Karen'),(1627,7,'El Matorral'),(1628,7,'El Matorral de San Bernardino'),(1629,7,'El Triunfo'),(1630,7,'El Triunfo de San Bernardino'),(1631,7,'La Vega de San Bernardino Bajo'),(1632,7,'San Bernardino Sector Potrerito'),(1633,7,'San Bernardino XIX'),(1634,7,'XVI'),(1635,7,'XVII'),(1636,7,'XVIII'),(1637,7,'XXII y XXV y Ciudadela el Recreo'),(1638,2,'Chicó Reservado'),(1639,2,'Bellavista'),(1640,2,'Chicó Alto'),(1641,2,'El Nogal'),(1642,2,'El Refugio'),(1643,2,'La Cabrera'),(1644,2,'Los Rosales'),(1645,2,'Seminario y Toscana'),(1646,2,'La Esperanza Nororiental'),(1647,2,'La Sureña'),(1648,2,'San Isidro y San Luis Altos del Cabo'),(1649,2,'Bosque Calderón'),(1650,2,'Bosque Calderón Tejada'),(1651,2,'Chapinero Alto'),(1652,2,'El Castillo'),(1653,2,'El Paraíso'),(1654,2,'Emaus'),(1655,2,'Granada'),(1656,2,'Ingemar'),(1657,2,'Juan XXIII'),(1658,2,'La Salle'),(1659,2,'Las Acacias'),(1660,2,'Los Olivos'),(1661,2,'María Cristina'),(1662,2,'Mariscal Sucre'),(1663,2,'Nueva Granada'),(1664,2,'Palomar'),(1665,2,'Pardo Rubio'),(1666,2,'San Martín de Porres'),(1667,2,'Villa Anita y Villa del Cerro'),(1668,3,'La Merced'),(1669,3,'Parque Central Bavaria'),(1670,3,'Sagrado Corazón'),(1671,3,'San Diego'),(1672,3,'Samper y San Martín'),(1673,3,'Bosque Izquierdo'),(1674,3,'Germania'),(1675,3,'La Macarena'),(1676,3,'La Paz Centro y La Perseverancia'),(1677,3,'La Alameda'),(1678,3,'La Capuchina'),(1679,3,'Veracruz'),(1680,3,'Las Nieves'),(1681,3,'San Victorino y Santa Inés'),(1682,17,'La Catedral'),(1683,17,'La Concordia'),(1684,17,'Las Aguas'),(1685,17,'Centro Administrativo'),(1686,17,'Egipto'),(1687,17,'Belén'),(1688,17,'Nueva Santa Fe y Santa Bárbara'),(1689,3,'Las Cruces y San Bernardo'),(1690,3,'Atanasio Girardot'),(1691,3,'Cartagena'),(1692,3,'El Balcón'),(1693,3,'El Consuelo'),(1694,3,'El Dorado'),(1695,3,'El Guavio'),(1696,3,'El Mirador'),(1697,3,'El Rocío'),(1698,3,'El Triunfo'),(1699,3,'Fabrica de Loza'),(1700,3,'Gran Colombia'),(1701,3,'La Peña'),(1702,3,'Los Laches'),(1703,3,'Lourdes'),(1704,3,'Ramírez'),(1705,3,'San Dionisio'),(1706,3,'Santa Rosa de Lima y Vitelma'),(1707,2,'Antiguo Country'),(1708,2,'Chicó Norte'),(1709,2,'Chicó Norte II'),(1710,2,'Chicó Norte III'),(1711,2,'Chicó Occidental'),(1712,2,'El Chicó'),(1713,2,'El Retiro'),(1714,2,'Espartillal'),(1715,2,'Lago Gaitán'),(1716,2,'Porciúncula y Quinta Camacho'),(1717,12,'1 De Noviembre'),(1718,12,'Alcázares Norte'),(1719,12,'Baquero'),(1720,12,'Benjamín Herrera'),(1721,12,'Chapinero Noroccidental'),(1722,12,'Colombia'),(1723,12,'Concepción Norte'),(1724,12,'Juan XXIII Norte'),(1725,12,'La Aurora'),(1726,12,'La Esperanza'),(1727,12,'La Merced Norte'),(1728,12,'La Paz'),(1729,12,'Los Alcázares'),(1730,12,'Muequetá'),(1731,12,'Polo Club'),(1732,12,'Quinta Mutis'),(1733,12,'Rafael Uribe Uribe'),(1734,12,'San Felipe'),(1735,12,'Santa Sofía y Siete de Agosto'),(1736,2,'Cataluña'),(1737,2,'Chapinero Central'),(1738,2,'Chapinero Norte'),(1739,2,'Marly y Sucre'),(1740,13,'El Campín'),(1741,13,'San Luis'),(1742,13,'Chapinero Occidental'),(1743,13,'Galerías'),(1744,13,'Banco Central'),(1745,13,'Quesada'),(1746,13,'Belalcázar'),(1747,13,'Alfonso López Norte'),(1748,13,'Palermo'),(1749,13,'La Soledad'),(1750,13,'Santa teresita'),(1751,13,'La Magdalena'),(1752,13,'Teusaquillo'),(1753,13,'Las Americas'),(1754,13,'La Estrella'),(1755,13,'Armenia'),(1756,14,'El Listón'),(1757,14,'Estación de la Sabana'),(1758,14,'La Estanzuela'),(1759,14,'La Favorita'),(1760,14,'La Pepita'),(1761,14,'Paloquemao'),(1762,14,'Panamericano - La Florida'),(1763,14,'Ricaurte'),(1764,14,'Samper Mendoza'),(1765,14,'San Victorino'),(1766,14,'Santa Fe'),(1767,14,'Voto Nacional'),(1768,14,'el Conjunto Residencial Usatama'),(1769,14,'Unidad Residencial Colseguros'),(1770,14,'la Unidad Residencial Sans Façon y Bulevar de Sans Façon'),(1771,12,'El Rosario'),(1772,13,'Parque Metropolitano Simón Bolívar'),(1773,10,'El Salitre-Luis María Fernández'),(1774,13,'Pablo VI'),(1775,13,'Nicolás de Federmán'),(1776,13,'Campin Occidental'),(1777,13,'Rafael Núñez'),(1778,13,'La Esmeralda'),(1779,13,'Acevedo Tejada'),(1780,13,'El Recuerdo'),(1781,13,'Gran América'),(1782,13,'Centro Nariño'),(1783,13,'Quinta Paredes'),(1784,13,'Ortezal'),(1785,16,'Cundinamarca'),(1786,16,'El Ejido'),(1787,16,'Gorgonzola'),(1788,16,'Industrial Centenario'),(1789,16,'La Florida Occidental'),(1790,16,'Los Ejidos y Pensilvania'),(1791,13,'Ciudad Salitre Su-Oriental'),(1792,13,'Ciudad Salitre Nor-Oriental'),(1793,9,'Carlos Lleras'),(1794,9,'La Esperanza Norte'),(1795,9,'Salitre Nor-Occidental'),(1796,9,'Sauzalito'),(1797,16,'Batallón Caldas'),(1798,16,'Centro Industrial'),(1799,16,'Ortezal y Puente Aranda'),(1800,9,'El Franco'),(1801,9,'Granjas de Techo'),(1802,9,'Montevideo'),(1803,9,'Paraíso Bavaria'),(1804,9,'Visión Semiindustrial'),(1805,8,'Aloha'),(1806,8,'Alsacia'),(1807,8,'Áticos de las Américas'),(1808,8,'Cooperativa de Suboficiales'),(1809,8,'El Condado de la Paz'),(1810,8,'Los Pinos de Marsella'),(1811,8,'Lusitania'),(1812,8,'Marsella'),(1813,8,'Nuestra Señora de La Paz'),(1814,8,'Unidad Oviedo'),(1815,8,'Urbanización Bavaria y Ciudad Alsacia'),(1816,9,'Bosque de Modelia'),(1817,9,'Baleares'),(1818,9,'Capellania'),(1819,9,'El Rincón de Modelia'),(1820,9,'Fuentes del Dorado'),(1821,9,'Hayuelos'),(1822,9,'Cofradía'),(1823,9,'La Felicidad'),(1824,9,'La Esperanza'),(1825,9,'Mallorca'),(1826,9,'Modelia'),(1827,9,'Modelia Occidental'),(1828,9,'Santa Cecilia'),(1829,9,'Tarragona'),(1830,9,'El Jardín'),(1831,9,'La Rosita'),(1832,9,'Puerta de Teja'),(1833,9,'San José'),(1834,10,'San Ignacio-Los Álamos'),(1835,9,'El Bogotano'),(1836,21,'Aldea Pablo VI'),(1837,21,'Carpinelo'),(1838,21,'El Compromiso'),(1839,21,'Granizal'),(1840,21,'La Avanzada'),(1841,21,'La Esperanza N.º 2'),(1842,21,'Moscú N.º 2'),(1843,21,'Popular N.º 1'),(1844,21,'Popular N.º 2'),(1845,21,'Santo Domingo Savio N.º 1'),(1846,21,'Santo Domingo Savio N.º 2'),(1847,21,'San Pablo'),(1848,21,'Villa Guadalupe'),(1849,22,'Santa Cruz'),(1850,22,'La Isla'),(1851,22,'El Playón de Los Comuneros'),(1852,22,'Pablo VI'),(1853,22,'La Frontera'),(1854,22,'La Francia'),(1855,22,'Andalucía'),(1856,22,'Villa del Socorro'),(1857,22,'Villa Niza'),(1858,22,'Moscú N.º 1'),(1859,22,'La Rosa'),(1860,23,'La Salle'),(1861,23,'Las Granjas'),(1862,23,'Campo Valdés N.º 2'),(1863,23,'Santa Inés'),(1864,23,'El Raizal'),(1865,23,'El Pomar'),(1866,23,'Manrique Central N.º 2'),(1867,23,'Manrique Oriental'),(1868,23,'Versalles Nº 1'),(1869,23,'Versalles Nº 2'),(1870,23,'La Cruz'),(1871,23,'La Honda'),(1872,23,'Oriente'),(1873,23,'Maria Cano - Carambola'),(1874,23,'San José La Cima Nº 1'),(1875,23,'San José La Cima Nº 2'),(1876,24,'Aranjuez'),(1877,24,'Berlín'),(1878,24,'San Isidro'),(1879,24,'Palermo'),(1880,24,'Bermejal - Los Álamos'),(1881,24,'Moravia'),(1882,24,'Sevilla'),(1883,24,'San Pedro'),(1884,24,'Manrique Central Nº 1'),(1885,24,'Campo Valdés Nº 1'),(1886,24,'Las Esmeraldas'),(1887,24,'La Piñuela'),(1888,24,'Brasilia'),(1889,24,'Miranda'),(1890,25,'Castilla'),(1891,25,'Toscana'),(1892,25,'Héctor Abad Gómez'),(1893,25,'Las Brisas'),(1894,25,'Florencia'),(1895,25,'Tejelo'),(1896,25,'Boyacá'),(1897,25,'Belalcázar'),(1898,25,'Girardot'),(1899,25,'Tricentenario'),(1900,25,'Francisco Antonio Zea'),(1901,25,'Alfonso López'),(1902,25,'Caribe'),(1903,25,'El Progreso'),(1904,26,'Doce de Octubre Nº 1'),(1905,26,'Doce de Octubre Nº 2'),(1906,26,'Santander'),(1907,26,'Pedregal'),(1908,26,'La Esperanza'),(1909,26,'San Martín de Porres'),(1910,26,'Kennedy'),(1911,26,'Picacho'),(1912,26,'Picachito'),(1913,26,'Mirador del Doce'),(1914,26,'El Progreso Nº 2'),(1915,26,'El Triunfo'),(1916,27,'Robledo'),(1917,27,'El Volador'),(1918,27,'San Germán'),(1919,27,'Barrio Facultad de Minas'),(1920,27,'La Pilarica'),(1921,27,'Bosques de San Pablo'),(1922,27,'Altamira'),(1923,27,'Córdoba'),(1924,27,'López de Mesa'),(1925,27,'El Diamante'),(1926,27,'Aures Nº 1'),(1927,27,'Aures Nº 2'),(1928,27,'Bello Horizonte'),(1929,27,'Villa Flora'),(1930,27,'Palenque'),(1931,27,'Cucaracho'),(1932,27,'Fuente Clara'),(1933,27,'Santa Margarita'),(1934,27,'Olaya Herrera'),(1935,27,'Pajarito'),(1936,27,'Monteclaro'),(1937,27,'Villa de La Iguaná'),(1938,27,'La Cuchilla'),(1939,27,'La Aurora'),(1940,27,'La Campiña'),(1941,28,'Villa Hermosa'),(1942,28,'La Mansión'),(1943,28,'San Miguel'),(1944,28,'La Ladera'),(1945,28,'Golondrinas'),(1946,28,'Batallón Girardot'),(1947,28,'Llanaditas'),(1948,28,'Los Mangos'),(1949,28,'Sucre'),(1950,28,'El Pinal'),(1951,28,'Trece de Noviembre'),(1952,28,'La Libertad'),(1953,28,'Villatina'),(1954,28,'San Antonio'),(1955,28,'Las Estancias'),(1956,28,'Villa Turbay'),(1957,28,'La Sierra'),(1958,28,'Villa Lilliam'),(1959,28,'Esfuerzos de Paz Nº 1'),(1960,28,'Esfuerzos de Paz Nº 2'),(1961,28,'Enciso'),(1962,29,'Buenos Aires'),(1963,29,'Caicedo'),(1964,29,'Juan Pablo II'),(1965,29,'Ocho de Marzo'),(1966,29,'Barrios de Jesús'),(1967,29,'Bomboná Nº 2'),(1968,29,'Los Cerros - El Vergel'),(1969,29,'Alejandro Echavarría'),(1970,29,'Miraflores'),(1971,29,'Cataluña'),(1972,29,'La Milagrosa'),(1973,29,'Gerona'),(1974,29,'El Salvador'),(1975,29,'Loreto'),(1976,29,'Asomadera Nº 1'),(1977,29,'Asomadera Nº 2'),(1978,29,'Asomadera Nº 3'),(1979,29,'Quinta Linda'),(1980,30,'La Candelaria'),(1981,30,'Prado'),(1982,30,'Jesús Nazareno'),(1983,30,'El Chagualo'),(1984,30,'Estación Villa'),(1985,30,'San Benito'),(1986,30,'Guayaquil'),(1987,30,'Corazón de Jesús - Barrio Triste'),(1988,30,'Calle Nueva'),(1989,30,'Perpetuo Socorro'),(1990,30,'Barrio Colón'),(1991,30,'Las Palmas'),(1992,30,'Bomboná Nº 1'),(1993,30,'Boston'),(1994,30,'Los Ángeles'),(1995,30,'Villa Nueva'),(1996,30,'San Diego'),(1997,31,'Los Conquistadores'),(1998,31,'Laureles'),(1999,31,'Carlos E. Restrepo'),(2000,31,'Suramericana'),(2001,31,'Naranjal'),(2002,31,'San Joaquín'),(2003,31,'Bolivariana'),(2004,31,'Las Acacias'),(2005,31,'La Castellana'),(2006,31,'Lorena'),(2007,31,'El Velódromo'),(2008,31,'Estadio'),(2009,31,'Los Colores'),(2010,31,'Cuarta Brigada'),(2011,31,'Florida Nueva'),(2012,32,'La América'),(2013,32,'Ferrini'),(2014,32,'Calasanz'),(2015,32,'Los Pinos'),(2016,32,'La Floresta'),(2017,32,'Santa Lucía'),(2018,32,'El Danubio'),(2019,32,'Campo Alegre'),(2020,32,'Santa Mónica'),(2021,32,'Barrio Cristóbal'),(2022,32,'Simón Bolívar'),(2023,32,'Santa Teresita'),(2024,32,'Calasanz Parte Alta'),(2025,33,'San Javier Nº 1'),(2026,33,'San Javier Nº 2'),(2027,33,'El Pesebre'),(2028,33,'Blanquizal'),(2029,33,'Santa Rosa de Lima'),(2030,33,'Los Alcázares'),(2031,33,'Metropolitano'),(2032,33,'La Pradera'),(2033,33,'Juan XXIII'),(2034,33,'La Divisa'),(2035,33,'Veinte de Julio'),(2036,33,'Belencito'),(2037,33,'Betania'),(2038,33,'El Corazón'),(2039,33,'Las Independencias'),(2040,33,'Nuevos Conquistadores'),(2041,33,'El Salado'),(2042,33,'Eduardo Santos'),(2043,33,'Peñitas'),(2044,33,'Antonio Nariño'),(2045,33,'El Socorro'),(2046,33,'Calasania'),(2047,34,'Castropol'),(2048,34,'Barrio Colombia'),(2049,34,'Villa Carlota'),(2050,34,'Lalinde'),(2051,34,'Manila'),(2052,34,'Las Lomas Nº 1'),(2053,34,'Las Lomas Nº 2'),(2054,34,'Altos del Poblado'),(2055,34,'El Tesoro'),(2056,34,'Los Naranjos'),(2057,34,'Los Balsos Nº 1'),(2058,34,'Los Balsos Nº 2'),(2059,34,'San Lucas'),(2060,34,'El Diamante'),(2061,34,'El Castillo'),(2062,34,'Alejandría'),(2063,34,'La Florida'),(2064,34,'El Poblado'),(2065,34,'Astorga'),(2066,34,'Patio Bonito'),(2067,34,'La Aguacatala'),(2068,34,'Santa María de Los Ángeles'),(2069,35,'Tenche'),(2070,35,'Trinidad'),(2071,35,'Santa Fe'),(2072,35,'Campo Amor'),(2073,35,'Cristo Rey'),(2074,35,'Guayabal'),(2075,35,'La Colina'),(2076,36,'Belén'),(2077,36,'Rodeo Alto'),(2078,36,'Aguas Frías'),(2079,36,'Cerro Nutibara'),(2080,36,'Fátima'),(2081,36,'Rosales'),(2082,36,'Granada'),(2083,36,'San Bernardo'),(2084,36,'Las Playas'),(2085,36,'Diego Echavarria'),(2086,36,'La Mota'),(2087,36,'El Rincón'),(2088,36,'La Hondonada'),(2089,36,'La Loma de Los Bernal'),(2090,36,'La Gloria'),(2091,36,'Altavista'),(2092,36,'La Palma'),(2093,36,'Zafra'),(2094,36,'Los Alpes'),(2095,36,'Las Violetas'),(2096,36,'Las Mercedes'),(2097,36,'Nueva Villa de Aburrá'),(2098,36,'Miravalle'),(2099,36,'El Nogal - Los Almendros'),(2100,37,'Terrón Colorado'),(2101,37,'Vista Hermosa'),(2102,37,'Sector Patio Bonito'),(2103,37,'Aguacatal'),(2104,38,'Santa Rita'),(2105,38,'Santa Teresita'),(2106,38,'Arboledas'),(2107,38,'Normandía'),(2108,38,'Juanambú'),(2109,38,'Centenario'),(2110,38,'Granada'),(2111,38,'Versalles'),(2112,38,'San Vicente'),(2113,38,'Santa Mónica'),(2114,38,'Prados del Norte'),(2115,38,'La Flora'),(2116,38,'La Campiña'),(2117,38,'La Paz'),(2118,38,'El Bosque'),(2119,38,'Menga'),(2120,38,'Ciudad Los Alamos'),(2121,38,'Chipichape'),(2122,38,'Brisas de los Alamos'),(2123,38,'Urbanización La Merced'),(2124,38,'Vipasa'),(2125,38,'Urbanización La Flora'),(2126,38,'Altos de Menga'),(2127,38,'Area en desarrollo - Parque del Amor'),(2128,39,'El Nacional'),(2129,39,'El Peñón'),(2130,39,'San Antonio'),(2131,39,'San Cayetano'),(2132,39,'Los Libertadores'),(2133,39,'San Juan Bosco'),(2134,39,'Santa Rosa'),(2135,39,'La Merced'),(2136,39,'San Pascual'),(2137,39,'El Calvario'),(2138,39,'San Pedro'),(2139,39,'San Nicolas'),(2140,39,'El Hoyo'),(2141,39,'El Piloto'),(2142,39,'Navarro - La Chanca'),(2143,40,'Jorge Isaacs'),(2144,40,'Santander'),(2145,40,'Porvenir'),(2146,40,'Las Delicias'),(2147,40,'Manzanares'),(2148,40,'Salomia'),(2149,40,'Fátima'),(2150,40,'Sultana - Berlín - San Francisco'),(2151,40,'Popular'),(2152,40,'Ignacio Rengifo'),(2153,40,'Guillermo Valencia'),(2154,40,'La Isla'),(2155,40,'Marco Fidel Suárez'),(2156,40,'Evaristo García'),(2157,40,'La Esmeralda'),(2158,40,'Bolivariano'),(2159,40,'Olaya Herrera'),(2160,40,'Unidad Residencial Bueno Madrid'),(2161,40,'Flora Industrial'),(2162,40,'Calima'),(2163,40,'Industria de Licores'),(2164,40,'La Alianza'),(2165,41,'El Sena'),(2166,41,'Los Andes'),(2167,41,'Los Guayacanes'),(2168,41,'Chiminangos Segunda Etapa'),(2169,41,'Chiminangos Primera Etapa'),(2170,41,'Metropolitano del Norte'),(2171,41,'Los Parques - Barranquilla'),(2172,41,'Villa del Sol'),(2173,41,'Paseo de Los Almendros'),(2174,41,'Los Andes B - La Riviera'),(2175,41,'Torres de Comfandi'),(2176,41,'Villa del Prado - El Guabito'),(2177,42,'San Luís'),(2178,42,'Jorge Eliecer Gaitán'),(2179,42,'Paso del Comercio'),(2180,42,'Los Alcázares'),(2181,42,'Petecuy Primera Etapa'),(2182,42,'Petecuy Segunda Etapa'),(2183,42,'La Rivera Primera Etapa'),(2184,42,'Los Guaduales'),(2185,42,'Petecuy Tercera Etapa'),(2186,42,'Ciudadela Floralia'),(2187,42,'Fonaviemcali'),(2188,42,'San Luís II'),(2189,42,'Urbanización Calimio'),(2190,42,'Sector Puente del Comercio'),(2191,43,'Alfonso López P. 1a. Etapa'),(2192,43,'Alfonso López P. 2a. Etapa'),(2193,43,'Alfonso López P. 3a. Etapa'),(2194,43,'Puerto Nuevo'),(2195,43,'Puerto Mallarino'),(2196,43,'Urbanización El Angel del Hogar'),(2197,43,'Siete de Agosto'),(2198,43,'Los Pinos'),(2199,43,'San Marino'),(2200,43,'Las Ceibas'),(2201,43,'Base Aérea'),(2202,43,'Parque de la Caña'),(2203,43,'Fepicol'),(2204,44,'Primitivo Crespo'),(2205,44,'Simón Bolívar'),(2206,44,'Saavedra Galindo'),(2207,44,'Uribe Uribe'),(2208,44,'Santa Mónica Popular'),(2209,44,'La Floresta'),(2210,44,'Benjamín Herrera'),(2211,44,'Municipal'),(2212,44,'Industrial'),(2213,44,'El Troncal'),(2214,44,'Las Américas'),(2215,44,'Atanasio Girardot'),(2216,44,'Santa Fe'),(2217,44,'Chapinero'),(2218,44,'Villa Colombia'),(2219,44,'EL Trébol'),(2220,44,'La Base'),(2221,44,'Urbanización La Nueva Base'),(2222,45,'Alameda'),(2223,45,'Bretaña'),(2224,45,'Junín'),(2225,45,'Guayaquil'),(2226,45,'Aranjuez'),(2227,45,'Manuel María Buenaventura'),(2228,45,'Santa Mónica Belalcázar'),(2229,45,'Belalcázar'),(2230,45,'Sucre'),(2231,45,'Barrio Obrero'),(2232,46,'El Dorado'),(2233,46,'El Guabal'),(2234,46,'La Libertad'),(2235,46,'Santa Elena'),(2236,46,'Las Acacias'),(2237,46,'Santo Domingo'),(2238,46,'Jorge Zawadsky'),(2239,46,'Olímpico'),(2240,46,'Cristóbal Colón'),(2241,46,'La Selva'),(2242,46,'Barrio Departamental'),(2243,46,'Pasoancho'),(2244,46,'Panamericano'),(2245,46,'Colseguros Andes'),(2246,46,'San Cristobal'),(2247,46,'Las Granjas'),(2248,46,'San Judas Tadeo I Etapa'),(2249,46,'San Judas Tadeo II Etapa'),(2250,47,'San Carlos'),(2251,47,'Maracaibo'),(2252,47,'La Independencia'),(2253,47,'La Esperanza'),(2254,47,'Urbanización Boyacá'),(2255,47,'El Jardín'),(2256,47,'La Fortaleza'),(2257,47,'El Recuerdo'),(2258,47,'Aguablanca'),(2259,47,'El Prado'),(2260,47,'20 de Julio'),(2261,47,'Prados de Oriente'),(2262,47,'Los Sauces'),(2263,47,'Villa del Sur'),(2264,47,'José Holguín Garcés'),(2265,47,'León XIII'),(2266,47,'José María Cordoba'),(2267,47,'San Pedro Claver'),(2268,47,'Los Conquistadores'),(2269,47,'La Gran Colombia'),(2270,47,'San Benito'),(2271,47,'Primavera'),(2272,48,'Villanueva'),(2273,48,'Asturias'),(2274,48,'Eduardo Santos'),(2275,48,'Alfonso Barberena A.'),(2276,48,'El Paraiso'),(2277,48,'Fenalco Kennedy'),(2278,48,'Nueva Floresta'),(2279,48,'Julio Rincón'),(2280,48,'Doce de Octubre'),(2281,48,'El Rodeo'),(2282,48,'Sindical'),(2283,48,'Bello Horizonte'),(2284,49,'Ulpiano Lloreda'),(2285,49,'El Vergel'),(2286,49,'El Poblado I'),(2287,49,'El Poblado II'),(2288,49,'Los Comuneros Segunda Etapa'),(2289,49,'Ricardo Balcázar'),(2290,49,'Omar Torrijos'),(2291,49,'El Diamante'),(2292,49,'Lleras Restrepo'),(2293,49,'Villa del Lago'),(2294,49,'Los Robles'),(2295,49,'Rodrigo Lara Bonilla'),(2296,49,'Charco Azul'),(2297,49,'Villablanca'),(2298,49,'Calipso'),(2299,49,'Yira Castro'),(2300,49,'Lleras Restrepo II Etapa'),(2301,49,'Marroquín III'),(2302,49,'Los Lagos'),(2303,49,'Sector Laguna del Pondaje'),(2304,49,'El Pondaje'),(2305,49,'Sector Asprosocial-Diamante'),(2306,50,'Alfonso Bonilla Aragón'),(2307,50,'Alirio Mora Beltrán'),(2308,50,'Manuela Beltrán'),(2309,50,'Las Orquídeas'),(2310,50,'José Manuel Marroquín Segunda Etapa'),(2311,50,'José Manuel Marroquín Primera Etapa'),(2312,50,'Puerta del Sol'),(2313,50,'Los Naranjos I'),(2314,50,'Promociones Populares B'),(2315,50,'Los Naranjos II'),(2316,51,'El Retiro'),(2317,51,'Comuneros I'),(2318,51,'Laureano Gómez'),(2319,51,'El Vallado'),(2320,51,'Ciudad Cordoba'),(2321,51,'Mojica'),(2322,51,'El Morichal'),(2323,52,'Mariano Ramos'),(2324,52,'República de Israel'),(2325,52,'Unión de Vivienda Popular'),(2326,52,'Antonio Nariño'),(2327,52,'Brisas del Limonar'),(2328,52,'Área desocupada'),(2329,52,'Ciudad 2000'),(2330,52,'La Alborada'),(2331,53,'La Playa'),(2332,53,'Primero de Mayo'),(2333,53,'Ciudadela Comfandi'),(2334,53,'Ciudad Universitaria'),(2335,53,'Caney'),(2336,53,'Lili'),(2337,53,'Santa Anita - La Selva'),(2338,53,'El Ingenio'),(2339,53,'Mayapan - Las Vegas'),(2340,53,'Las Quintas de Don Simón'),(2341,53,'Ciudad Capri'),(2342,53,'La Hacienda'),(2343,53,'Los Portales - Nuevo Rey'),(2344,53,'Cañaverales - Los Samanes'),(2345,53,'El Limonar'),(2346,53,'Bosques del Limonar'),(2347,53,'El Gran Limonar - Cataya'),(2348,53,'El Gran Limonar'),(2349,53,'Unicentro Cali'),(2350,53,'Ciudadela Pasoancho'),(2351,53,'Prados del Limonar'),(2352,53,'Urbanización San Joaquin'),(2353,54,'Buenos Aires'),(2354,54,'Barrio Caldas'),(2355,54,'Los Chorros'),(2356,54,'Meléndez'),(2357,54,'Los Farallones'),(2358,54,'Francisco Eladio Ramirez'),(2359,54,'Prados del Sur'),(2360,54,'Horizontes'),(2361,54,'Mario Correa Rengifo'),(2362,54,'Lourdes'),(2363,54,'Colinas del Sur'),(2364,54,'Alférez Real'),(2365,54,'Nápoles'),(2366,54,'El Jordán'),(2367,54,'Cuarteles Napoles'),(2368,54,'Sector Alto de Los Chorros'),(2369,54,'Polvorines'),(2370,54,'Sector Meléndez'),(2371,54,'Sector Alto Jordán'),(2372,54,'Alto Nápoles'),(2373,55,'El Refugio'),(2374,55,'La Cascada'),(2375,55,'El Lido'),(2376,55,'Urbanización Tequendama'),(2377,55,'Barrio Eucarístico'),(2378,55,'San Fernando Nuevo'),(2379,55,'Urbanización Nueva Granada'),(2380,55,'Santa Isabel'),(2381,55,'Bellavista'),(2382,55,'San Fernando Viejo'),(2383,55,'Miraflores'),(2384,55,'3 de Julio'),(2385,55,'El Cedro'),(2386,55,'Champagñat'),(2387,55,'Urbanización Colseguros'),(2388,55,'Los Cambulos'),(2389,55,'El Mortiñal'),(2390,55,'Urbanización Militar'),(2391,55,'Cuarto de Legua - Guadalupe'),(2392,55,'Nueva Tequendama'),(2393,55,'Camino Real - Joaquín Borrero Sinisterra'),(2394,55,'Camino Real - Los Fundadores'),(2395,55,'Altos de Santa Isabel -  La Morelia'),(2396,55,'Santa Barbara'),(2397,55,'Tejares - Cristales'),(2398,55,'Unidad Residencial Santiago de Cali'),(2399,55,'Unidad Residencial El Coliseo'),(2400,55,'Cañaveralejo - Seguros Patria'),(2401,55,'Cañaveral'),(2402,55,'Pampa Linda'),(2403,55,'Sector Cañaveralejo Guadalupe'),(2404,55,'U.D. Alberto Galindo -  Plaza de Toros'),(2405,56,'El Cortijo'),(2406,56,'Belisario Caicedo'),(2407,56,'Siloé'),(2408,56,'Lleras Camargo'),(2409,56,'Belén'),(2410,56,'Brisas de Mayo'),(2411,56,'Tierra Blanca'),(2412,56,'Pueblo Joven'),(2413,56,'Carabineros'),(2414,56,'Venezuela - Urbanización Cañaveralejo'),(2415,56,'La Sultana'),(2416,57,'Pízamos I'),(2417,57,'Pízamos II'),(2418,57,'Calimio Desepaz'),(2419,57,'El Remanso'),(2420,57,'Los Líderes'),(2421,57,'Desepaz Invicali'),(2422,57,'Compartir'),(2423,57,'Ciudad Talanga'),(2424,57,'Villamercedes I - Villa Luz - Las Garzas'),(2425,57,'Pízamos III - Las Dalias'),(2426,57,'Potrero Grande'),(2427,57,'Ciudadela del Río'),(2428,57,'Valle Grande'),(2429,57,'Planta de Tratamiento'),(2430,58,'Urbanización Ciudad Jardín'),(2431,58,'Parcelaciones Pance'),(2432,58,'Urbanización Río Lili'),(2433,58,'Ciudad Campestre'),(2434,58,'Club Campestre'),(2438,4,'Guacamayas'),(2439,59,'LAS MERCEDES'),(2440,18,'barrio'),(2441,273,'PABLO BLANCO'),(2442,273,'LA MERCE'),(2443,273,'JOSE OBRERO'),(2444,273,'AURES'),(2445,273,'PRADOS DE JULIA'),(2446,273,'REVOLUCION'),(2447,273,'JORGE GAITAN'),(2448,273,'FUEN MAYOR'),(2449,273,'ALBERGUE'),(2450,273,'BARRIO LA VENTURA'),(2451,273,'BALBOA'),(2452,273,'ALTO BONITO'),(2453,273,'BRISAS DEL NORTE'),(2454,277,'GUTIERREZ Y ARANGO'),(2455,277,'CIUDADELA'),(2456,277,'URBANICACION CENTINELA'),(2457,281,'CALLE DE LOS ARGOS'),(2458,281,'BARRIO EL LLANO'),(2459,281,'BARRIO EMAUS'),(2460,281,'BULEVAR'),(2461,281,'LIMONAR'),(2462,281,'LAS COLINAS'),(2463,281,'ORTEZ'),(2464,281,'JORGE ELICER GAITAN'),(2465,281,'GALERIA'),(2466,281,'CAMBULOS'),(2467,281,'CENTRO'),(2468,284,'EL RECREO'),(2469,284,'MI PUEBLITO'),(2470,284,'LOPEZ'),(2471,284,'WATERLO'),(2472,286,'CENTRAL'),(2473,286,'LA LUISA'),(2474,286,'LA ITALIA'),(2475,267,'LA VEGA'),(2476,267,'DEPARTAMENTAL'),(2477,267,'PORTALES DEL SEMBRADOR'),(2478,267,'BOSQUES VERSALLES'),(2479,267,'BENEDICTA'),(2480,267,'PARQUES DE ITALIA'),(2481,267,'BOSQUE'),(2482,267,'OBRERO'),(2483,288,'CONCORDIA'),(2484,288,'BARRIO ALTO DE LA CRUZ'),(2485,288,'SIRACUSA'),(2486,288,'VILLA LIDA'),(2487,290,' SAN ANTONIO'),(2488,290,'RUBEN CRUZ'),(2489,290,'VICTORIA'),(2490,290,'BOSQUES DE MARACAIBO'),(2491,290,'LA GRACIELA'),(2492,290,'PALMAR'),(2493,290,'ASOAGRIN'),(2494,290,'POPULAR 2'),(2495,290,'NUEVO FARFAN'),(2496,290,'TOMAS URIBE URIBE'),(2497,290,'BOLIVAR'),(2498,290,'PALO BONITO'),(2499,295,'LIBRAIDA'),(2500,9,'hay'),(2501,190,'Villa Gorgona'),(2502,2,'Rio Negro'),(2503,13,'Paloquemado'),(2504,2,'Castellana'),(2505,58,'BOCHELEMA'),(2506,38,'la flo'),(2507,12,'El Polo'),(2508,12,'po'),(2509,12,'polo'),(2510,286,'CEIBA VERDE '),(2511,273,'LA MERCE'),(2512,297,'Barrio Vega 2'),(2513,12,'El Polo'),(2515,273,'LA MERCE'),(2516,273,'LA MERCE'),(2517,38,'Urbanización La Flora'),(2518,298,'Bosques de Pinares'),(2519,12,'El Polo'),(2520,12,'El Polo'),(2521,12,'El Polo'),(2522,12,'El Polo'),(2523,12,'El Polo'),(2524,12,'El Polo'),(2525,12,'El Polo'),(2526,12,'El Polo'),(2527,12,'El Polo'),(2528,12,'El Polo'),(2529,12,'El Polo'),(2530,12,'El Polo');

--
-- Table structure for table `people`
--

CREATE TABLE `people` (
  `person_id` int NOT NULL AUTO_INCREMENT,
  `person_group_id` int NOT NULL,
  `name` varchar(150) NOT NULL,
  `lastname` varchar(150) DEFAULT NULL,
  `document_type_id` int DEFAULT NULL,
  `document` varchar(50) DEFAULT NULL,
  `citizenship` varchar(50) DEFAULT NULL,
  `gender` char(1) DEFAULT NULL,
  `age` int DEFAULT NULL,
  `eye_color` varchar(50) DEFAULT NULL,
  `height` int DEFAULT NULL,
  `description` text,
  `suspect_id` varchar(50) DEFAULT NULL,
  `date` datetime DEFAULT NULL,
  PRIMARY KEY (`person_id`) USING BTREE,
  KEY `person_group_id` (`person_group_id`) USING BTREE,
  CONSTRAINT `people_ibfk_1` FOREIGN KEY (`person_group_id`) REFERENCES `groups` (`group_id`)
) ENGINE=InnoDB AUTO_INCREMENT=80 DEFAULT CHARSET=utf8mb3;

--
-- Dumping data for table `people`
--

INSERT INTO `people` VALUES (1,1,'I. Al-Assaf',NULL,NULL,NULL,NULL,NULL,NULL,NULL,NULL,NULL,'79d416ba-a283-11eb-b5cc-503eaa483e4d','2021-07-28 14:46:48'),(2,1,'S. Mnuchin',NULL,NULL,NULL,NULL,NULL,NULL,NULL,NULL,NULL,'79cba728-a283-11eb-b9aa-503eaa483e4d','2021-07-28 14:46:48'),(3,1,'J. Zuma',NULL,NULL,NULL,NULL,NULL,NULL,NULL,NULL,NULL,'79c0b944-a283-11eb-bcf3-503eaa483e4d','2021-07-28 14:46:48'),(4,1,'M. Al-Jadaan',NULL,NULL,NULL,NULL,NULL,NULL,NULL,NULL,NULL,'79b0dd12-a283-11eb-b4f3-503eaa483e4d','2021-07-28 14:46:48'),(5,1,'L. Hsien-Loong',NULL,NULL,NULL,NULL,NULL,NULL,NULL,NULL,NULL,'79a5bde2-a283-11eb-857b-503eaa483e4d','2021-07-28 14:46:48'),(6,1,'G. Ryder',NULL,NULL,NULL,NULL,NULL,NULL,NULL,NULL,NULL,'79a156ee-a283-11eb-b2ec-503eaa483e4d','2021-07-28 14:46:48'),(7,1,'M. Turnbull',NULL,NULL,NULL,NULL,NULL,NULL,NULL,NULL,NULL,'798d23b8-a283-11eb-940a-503eaa483e4d','2021-07-28 14:46:48'),(8,1,'R. Tayyip Erdogan',NULL,NULL,NULL,NULL,NULL,NULL,NULL,NULL,NULL,'79815556-a283-11eb-bda7-503eaa483e4d','2021-07-28 14:46:48'),(9,1,'N. Xuan Phuc',NULL,NULL,NULL,NULL,NULL,NULL,NULL,NULL,NULL,'79746e2c-a283-11eb-bf64-503eaa483e4d','2021-07-28 14:46:48'),(10,1,'T. May',NULL,NULL,NULL,NULL,NULL,NULL,NULL,NULL,NULL,'796a7566-a283-11eb-8096-503eaa483e4d','2021-07-28 14:46:48'),(11,1,'S. Abe',NULL,NULL,NULL,NULL,NULL,NULL,NULL,NULL,NULL,'795dae08-a283-11eb-bcf3-503eaa483e4d','2021-07-28 14:46:48'),(12,1,'G. Cohn',NULL,NULL,NULL,NULL,NULL,NULL,NULL,NULL,NULL,'79533180-a283-11eb-b976-503eaa483e4d','2021-07-28 14:46:48'),(13,1,'A. Conde',NULL,NULL,NULL,NULL,NULL,NULL,NULL,NULL,NULL,'7947464a-a283-11eb-b4f3-503eaa483e4d','2021-07-28 14:46:48'),(14,1,'M. Temer',NULL,NULL,NULL,NULL,NULL,NULL,NULL,NULL,NULL,'793b1096-a283-11eb-b2ec-503eaa483e4d','2021-07-28 14:46:48'),(15,1,'D. Trump',NULL,NULL,NULL,NULL,NULL,NULL,NULL,NULL,NULL,'7931a5f6-a283-11eb-940a-503eaa483e4d','2021-07-28 14:46:48'),(16,1,'J. Claude Juncker',NULL,NULL,NULL,NULL,NULL,NULL,NULL,NULL,NULL,'791fbcd8-a283-11eb-bda7-503eaa483e4d','2021-07-28 14:46:48'),(17,1,'M. Macri',NULL,NULL,NULL,NULL,NULL,NULL,NULL,NULL,NULL,'7915ea0a-a283-11eb-bf64-503eaa483e4d','2021-07-28 14:46:48'),(18,1,'C. Lagarde',NULL,NULL,NULL,NULL,NULL,NULL,NULL,NULL,NULL,'790c0b84-a283-11eb-8096-503eaa483e4d','2021-07-28 14:46:48'),(19,1,'M. Rajoy Brey',NULL,NULL,NULL,NULL,NULL,NULL,NULL,NULL,NULL,'78fff31c-a283-11eb-bcf3-503eaa483e4d','2021-07-28 14:46:48'),(20,1,'X. Jinping',NULL,NULL,NULL,NULL,NULL,NULL,NULL,NULL,NULL,'78f4bd62-a283-11eb-8d07-503eaa483e4d','2021-07-28 14:46:48'),(21,1,'E. Macron',NULL,NULL,NULL,NULL,NULL,NULL,NULL,NULL,NULL,'78e7ef2e-a283-11eb-b4f3-503eaa483e4d','2021-07-28 14:46:48'),(22,1,'A. Merkel',' Dorothea Merkel ',NULL,'','alemana','f',71,'azul',165,'','78da3280-a283-11eb-968a-503eaa483e4d','2021-08-31 12:33:00'),(23,1,'N. Modi',NULL,NULL,NULL,NULL,NULL,NULL,NULL,NULL,NULL,'78cd9fa2-a283-11eb-b9aa-503eaa483e4d','2021-07-28 14:46:48'),(24,1,'J. Trudeau',NULL,NULL,NULL,NULL,NULL,NULL,NULL,NULL,NULL,'78c215d8-a283-11eb-bda7-503eaa483e4d','2021-07-28 14:46:48'),(25,1,'M. Rutte',NULL,NULL,NULL,NULL,NULL,NULL,NULL,NULL,NULL,'78b9534e-a283-11eb-bf64-503eaa483e4d','2021-07-28 14:46:48'),(26,1,'M. Jae-in',NULL,NULL,NULL,NULL,NULL,NULL,NULL,NULL,NULL,'78ab33ea-a283-11eb-857b-503eaa483e4d','2021-07-28 14:46:48'),(27,1,'J. Widodo',NULL,NULL,NULL,NULL,NULL,NULL,NULL,NULL,NULL,'789f689e-a283-11eb-8133-503eaa483e4d','2021-07-28 14:46:48'),(28,1,'E. Solberg',NULL,NULL,NULL,NULL,NULL,NULL,NULL,NULL,NULL,'7897d05c-a283-11eb-8d07-503eaa483e4d','2021-07-28 14:46:48'),(29,1,'P. Gentiloni',NULL,NULL,NULL,NULL,NULL,NULL,NULL,NULL,NULL,'78890c2a-a283-11eb-9ae0-503eaa483e4d','2021-07-28 14:46:48'),(30,1,'E. Pena Nieto',NULL,NULL,NULL,NULL,NULL,NULL,NULL,NULL,NULL,'787ebaae-a283-11eb-968a-503eaa483e4d','2021-07-28 14:46:48'),(31,1,'V. Putin',NULL,NULL,NULL,NULL,NULL,NULL,NULL,NULL,NULL,'786ef9de-a283-11eb-b9aa-503eaa483e4d','2021-07-28 14:46:48'),(32,1,'M. Sall',NULL,NULL,NULL,NULL,NULL,NULL,NULL,NULL,NULL,'786250c6-a283-11eb-b976-503eaa483e4d','2021-07-28 14:46:48'),(33,1,'D. Tusk',NULL,NULL,NULL,NULL,NULL,NULL,NULL,NULL,NULL,'7857ff86-a283-11eb-bf64-503eaa483e4d','2021-07-28 14:46:48'),(34,1,'J. Yong Kim',NULL,NULL,NULL,NULL,NULL,NULL,NULL,NULL,NULL,'784b732e-a283-11eb-857b-503eaa483e4d','2021-07-28 14:46:48'),(35,1,'R. Azevedo',NULL,NULL,NULL,NULL,NULL,NULL,NULL,NULL,NULL,'783e6a4e-a283-11eb-940a-503eaa483e4d','2021-07-28 14:46:48'),(36,1,'T. A. Ghebreyesus',NULL,NULL,NULL,NULL,NULL,NULL,NULL,NULL,NULL,'7831c37a-a283-11eb-a98a-503eaa483e4d','2021-07-28 14:46:48'),(37,1,'M. Carney',NULL,NULL,NULL,NULL,NULL,NULL,NULL,NULL,NULL,'78208218-a283-11eb-9ae0-503eaa483e4d','2021-07-28 14:46:48'),(38,2,'YeisonLicona',NULL,NULL,NULL,NULL,NULL,NULL,NULL,NULL,NULL,'fe8a6da4-a473-11eb-ba11-503eaa483e4d','2021-07-28 14:46:48'),(39,2,'EdgarOrtiz',NULL,NULL,NULL,NULL,NULL,NULL,NULL,NULL,NULL,'f1d5ad62-a473-11eb-b87b-503eaa483e4d','2021-07-28 14:46:48'),(40,3,'Carlos Holmes',NULL,NULL,NULL,NULL,NULL,NULL,NULL,NULL,NULL,'5d9de786-e9ce-11eb-8316-004e01b992f1','2021-07-28 14:46:48'),(41,3,'Guillermo Botero',NULL,NULL,NULL,NULL,NULL,NULL,NULL,NULL,NULL,'3f8f8cfc-e9cb-11eb-a488-004e01b992f1','2021-07-28 14:46:48'),(42,3,'SImonBOlivar',NULL,NULL,NULL,NULL,NULL,NULL,NULL,NULL,NULL,'7e3ed378-a474-11eb-94ec-503eaa483e4d','2021-07-28 14:46:48'),(43,3,'Santrich',NULL,NULL,NULL,NULL,NULL,NULL,NULL,NULL,NULL,'75dba58a-a474-11eb-9cfd-503eaa483e4d','2021-07-28 14:46:48'),(44,5,'Pablo','Escobar',NULL,'','Colombiano','m',NULL,'',NULL,'','6c0a0de4-a474-11eb-b5f8-503eaa483e4d','2021-08-31 11:52:15'),(45,3,'MonoJojoy',NULL,NULL,NULL,NULL,NULL,NULL,NULL,NULL,NULL,'62a73d62-a474-11eb-87f5-503eaa483e4d','2021-07-28 14:46:48'),(46,3,'FernandoRuiz',NULL,NULL,NULL,NULL,NULL,NULL,NULL,NULL,NULL,'5903a07a-a474-11eb-8fe9-503eaa483e4d','2021-07-28 14:46:48'),(47,3,'MartaLucia',NULL,NULL,NULL,NULL,NULL,NULL,NULL,NULL,NULL,'4f44b5ce-a474-11eb-b87b-503eaa483e4d','2021-07-28 14:46:48'),(48,5,'Manuel Marulanda','',NULL,'','Colombiano','m',NULL,'',NULL,'','4772c5c0-a474-11eb-bf1b-503eaa483e4d','2021-08-31 11:45:54'),(49,3,'Jacobo','Arenas',NULL,'','colombiano','m',76,'cafe',175,'','39991698-a474-11eb-a87c-503eaa483e4d','2021-08-31 12:48:11'),(50,3,'IvanMarquez',NULL,NULL,NULL,NULL,NULL,NULL,NULL,NULL,NULL,'305d59fe-a474-11eb-befe-503eaa483e4d','2021-07-28 14:46:48'),(51,3,'IvanDuque',NULL,NULL,NULL,NULL,NULL,NULL,NULL,NULL,NULL,'26eb4318-a474-11eb-9c79-503eaa483e4d','2021-07-28 14:46:48'),(52,5,'Alfonso','Cano',NULL,'','Colombiano','m',NULL,'',NULL,'','19e40a4c-a474-11eb-97a9-503eaa483e4d','2021-08-31 11:51:33'),(53,4,'Yeimi',NULL,NULL,NULL,NULL,NULL,NULL,NULL,NULL,NULL,'c08547fa-c948-11eb-b510-004e01b992f1','2021-07-28 14:46:48'),(54,4,'Juan',NULL,NULL,NULL,NULL,NULL,NULL,NULL,NULL,NULL,'4074344a-c948-11eb-b510-004e01b992f1','2021-07-28 14:46:48'),(55,4,'German',NULL,NULL,NULL,NULL,NULL,NULL,NULL,NULL,NULL,'380b66e8-c948-11eb-a6f2-004e01b992f1','2021-07-28 14:46:48'),(56,4,'Carolina',NULL,NULL,NULL,NULL,NULL,NULL,NULL,NULL,NULL,'2a87b6e8-c948-11eb-a6f2-004e01b992f1','2021-07-28 14:46:48'),(57,4,'Felipe',NULL,NULL,NULL,NULL,NULL,NULL,NULL,NULL,NULL,'16a8f61e-c948-11eb-a6f2-004e01b992f1','2021-07-28 14:46:48'),(58,4,'Lucia',NULL,NULL,NULL,NULL,NULL,NULL,NULL,NULL,NULL,'0c111808-c948-11eb-b4f8-004e01b992f1','2021-07-28 14:46:48'),(59,4,'Miguel',NULL,NULL,NULL,NULL,NULL,NULL,NULL,NULL,NULL,'0014e4a8-c948-11eb-8db5-004e01b992f1','2021-07-28 14:46:48'),(60,4,'David',NULL,NULL,NULL,NULL,NULL,NULL,NULL,NULL,NULL,'f28bc95a-c947-11eb-bdab-004e01b992f1','2021-07-28 14:46:48'),(61,6,'Guardiola',NULL,NULL,NULL,NULL,NULL,NULL,NULL,NULL,NULL,'fce2c40a-e4f2-11eb-9a9c-004e01b992f1','2021-07-28 14:46:48'),(62,6,'Shakira','Mebarak Ripoll, ',NULL,'','colombiana','f',40,'cafes',157,'','9edec37c-d8fe-11eb-9ef4-004e01b992f1','2021-08-31 12:10:39'),(63,3,'Nancy Patricia','Gutiérrez',NULL,'','','f',NULL,'',NULL,'','3d9b88b6-efe7-11eb-bb66-004e01b992f1','2021-07-28 16:03:22'),(64,5,'Raul Reyes','',NULL,'','','',NULL,'',NULL,'','906d1f90-0a78-11ec-bd1b-004e01b992f1','2021-08-31 11:29:08'),(65,6,'Rodamel ','Falcao',NULL,'','Colombiano','m',NULL,'',NULL,'','b7607098-47e0-11ec-87a7-b4969167a9f1','2021-11-17 14:58:22'),(66,6,'Carlos ','Vives',NULL,'','Colombiano','m',NULL,'',NULL,'','cdfb98b4-47e0-11ec-9d9b-b4969167a9f1','2021-11-17 14:59:00'),(67,6,'Nairo','Quintana',NULL,'','Colombiano','m',NULL,'',NULL,'','e8083230-47e0-11ec-9224-b4969167a9f1','2021-11-17 14:59:44'),(68,5,'Alias GAbino','',NULL,'','Colombiano','m',NULL,'',NULL,'','29bb81f8-47e3-11ec-bd84-b4969167a9f1','2021-11-17 15:15:53'),(69,5,'Alias el Paisa','',NULL,'','','m',NULL,'',NULL,'','a73d2b7c-47e3-11ec-b45c-b4969167a9f1','2021-11-18 09:28:33'),(70,3,'Álvaro','Uribe',NULL,'','','',NULL,'',NULL,'','f2b20c22-487d-11ec-b081-b4969167a9f1','2021-11-18 09:43:52'),(72,6,'Gabriel ','Garcia M',NULL,'','','m',NULL,'',NULL,'','1ea5dd7e-4881-11ec-9177-b4969167a9f1','2021-11-18 10:06:34'),(73,6,'Rodolfo ','Llinas',NULL,'','','m',NULL,'',NULL,'','9e63fe42-4881-11ec-ab92-b4969167a9f1','2021-11-18 10:10:08'),(74,6,'Manuel E','Patarroyo',NULL,'','','m',NULL,'',NULL,'','bbec9370-4881-11ec-bc22-b4969167a9f1','2021-11-18 10:10:58'),(75,5,'Alias Gabino','',NULL,'','','m',NULL,'',NULL,'','224ad33e-4882-11ec-8466-b4969167a9f1','2021-11-18 10:13:50'),(76,6,'Fernando ','Botero',NULL,'','','m',NULL,'',NULL,'','e59d82be-4882-11ec-9026-b4969167a9f1','2021-11-18 10:19:17'),(77,6,'Fonseca','',NULL,'','','m',NULL,'',NULL,'','3c01cc8c-4883-11ec-b465-b4969167a9f1','2021-11-18 10:21:42'),(78,6,'Maria Luisa ','Calle',NULL,'','','f',NULL,'',NULL,'','6f1a7542-4883-11ec-a385-b4969167a9f1','2021-11-18 10:23:08'),(79,5,'Alias Tania','',NULL,'','','f',NULL,'',NULL,'','f98d28a0-4883-11ec-a93f-b4969167a9f1','2021-11-18 10:27:00');

--
-- Table structure for table `plate_files`
--

CREATE TABLE `plate_files` (
  `plate_file_id` int NOT NULL AUTO_INCREMENT,
  `type_id` tinyint NOT NULL,
  `code` varchar(100) NOT NULL,
  `filename` varchar(255) NOT NULL,
  `etag` varchar(50) DEFAULT NULL,
  `date` datetime DEFAULT NULL,
  PRIMARY KEY (`plate_file_id`) USING BTREE,
  KEY `type_id` (`type_id`) USING BTREE,
  CONSTRAINT `plate_files_ibfk_1` FOREIGN KEY (`type_id`) REFERENCES `type` (`type_id`)
) ENGINE=InnoDB AUTO_INCREMENT=24 DEFAULT CHARSET=utf8mb3;

--
-- Dumping data for table `plate_files`
--

INSERT INTO `plate_files` VALUES (12,2,'neural_crop-1646805130827','videos/neural_crop-1646805130827.mp4','3aabe816be5753ef0623abf21ef96234','2022-03-09 00:52:14'),(13,2,'m1-1646805509763','videos/m1-1646805509763.mov','5fd3a28b64afc443539ee17a8bbf9262','2022-03-09 00:58:49'),(14,2,'LPR4-1646805985946','videos/LPR4-1646805985946.avi','e383d92b06f6db0132a166775d85b9d8','2022-03-09 01:06:38'),(15,2,'LPR3-1646843216027','videos/LPR3-1646843216027.avi','3f9a70ecc7dc16204a043a6274b20a14','2022-03-09 11:27:02'),(16,2,'2022_08_03__17_30_00_019__4-1659978310681','videos/2022_08_03__17_30_00_019__4-1659978310681.mp4','feb6737e89fb9d8d973277667dbc6c1c','2022-08-08 12:05:37'),(17,2,'offline','storage/app/public/videos/offline.png',NULL,'2023-08-21 21:14:52'),(18,2,'user','storage/app/public/videos/user.png',NULL,'2023-09-11 07:23:24'),(19,2,'user','storage/app/public/videos/user.png',NULL,'2023-09-12 19:45:30'),(20,2,'radio','storage/app/public/videos/radio.txt',NULL,'2023-09-12 19:52:43'),(21,2,'radio','storage/app/public/videos/radio.txt',NULL,'2023-09-14 10:49:28'),(22,2,'Captura desde 2023-09-12 07-59-42','storage/app/public/videos/Captura desde 2023-09-12 07-59-42.png',NULL,'2023-09-14 12:25:48'),(23,2,'video_placa','storage/app/public/videos/video_placa.mp4',NULL,'2023-11-01 12:00:29');

--
