-- Table structure for table `audit_logs`
--

CREATE TABLE `audit_logs` (
  `audit_log_id` int NOT NULL AUTO_INCREMENT,
  `module_id` int NOT NULL,
  `module` varchar(45) DEFAULT NULL,
  `action` int NOT NULL COMMENT 'Valores para los registros:\n1. Registros Agregados.\n2. Registros Actualizados.\n3. Registros Borrados/Eliminados',
  `action_name` varchar(45) DEFAULT NULL,
  `user_id` int NOT NULL,
  `name` varchar(45) DEFAULT NULL,
  `client_id` int DEFAULT NULL,
  `integrator_id` int DEFAULT NULL,
  `date` datetime NOT NULL,
  `option_id` varchar(20) DEFAULT NULL COMMENT 'Columna donde irá el id de la opcion que se identifica en la columna module_id',
  `option` varchar(200) DEFAULT NULL,
  PRIMARY KEY (`audit_log_id`) USING BTREE,
  KEY `fk_audit1_idx` (`client_id`) USING BTREE,
  KEY `fk_audit2_idx` (`user_id`) USING BTREE,
  KEY `fk_audit3_idx` (`module_id`) USING BTREE,
  KEY `index_created` (`date`) USING BTREE,
  CONSTRAINT `fk_audit1` FOREIGN KEY (`client_id`) REFERENCES `clients` (`client_id`),
  CONSTRAINT `fk_audit2` FOREIGN KEY (`user_id`) REFERENCES `users` (`user_id`),
  CONSTRAINT `fk_audit3` FOREIGN KEY (`module_id`) REFERENCES `module` (`module_id`)
) ENGINE=InnoDB AUTO_INCREMENT=23195 DEFAULT CHARSET=utf8mb3;

--
-- Dumping data for table `audit_logs`
--

INSERT INTO `audit_logs` VALUES (22980,1,'Alarma',2,'Actualizado',1,'Administrador del sistema',1,1,'2021-01-29 08:43:29','862261048681709','Kit Seguridad Colaborativa No2'),(22981,1,'Alarma',2,'Actualizado',1,'Administrador del sistema',1,NULL,'2021-01-27 08:43:52','862261044866148','Kit Seguridad Colaborativa No 1'),(22982,1,'Alarma',1,'Creado',2,'Cliente Viotec',1,NULL,'2021-01-27 08:44:26','8888888888888','Alarma desarrollo'),(22983,1,'Alarma',2,'Actualizado',1,'Administrador del sistema',1,NULL,'2021-01-27 08:47:44','862261048681709','Kit Seguridad Colaborativa No2'),(22984,1,'Alarma',2,'Actualizado',1,'Administrador del sistema',1,NULL,'2021-01-27 08:48:07','862261044866148','Kit Seguridad Colaborativa No 1'),(22985,1,'Alarma',2,'Actualizado',2,'Cliente Viotec',1,NULL,'2021-01-27 08:44:26','8888888888888','Alarma desarrollo'),(22986,1,'Alarma',2,'Actualizado',1,'Administrador del sistema',1,NULL,'2021-01-27 08:52:00','862261048681709','Kit Seguridad Colaborativa No2'),(22987,1,'Alarma',2,'Actualizado',1,'Administrador del sistema',1,NULL,'2021-01-27 08:52:22','862261044866148','Kit Seguridad Colaborativa No 1'),(22988,1,'Alarma',2,'Actualizado',1,'Administrador del sistema',1,NULL,'2021-01-27 08:55:25','869153046565856','Demo Alarma'),(22989,1,'Alarma',2,'Actualizado',1,'Administrador del sistema',1,NULL,'2021-01-27 08:56:18','862261048681709','Kit Seguridad Colaborativa No2'),(22990,1,'Alarma',2,'Actualizado',1,'Administrador del sistema',1,NULL,'2021-01-27 08:56:37','862261044866148','Kit Seguridad Colaborativa No 1'),(22991,1,'Alarma',2,'Actualizado',1,'Administrador del sistema',1,NULL,'2021-01-27 08:58:30','8888888888888','Alarma desarrollo'),(22992,1,'Alarma',2,'Actualizado',1,'Administrador del sistema',1,NULL,'2021-01-27 08:58:30','8888888888888','Alarma desarrollo'),(22993,1,'Alarma',2,'Actualizado',1,'Administrador del sistema',1,NULL,'2021-01-27 09:00:05','8888888888888','Alarma desarrollo'),(22994,1,'Alarma',2,'Actualizado',1,'Administrador del sistema',1,NULL,'2021-01-27 09:00:33','862261048681709','Kit Seguridad Colaborativa No2'),(22995,1,'Alarma',2,'Actualizado',1,'Administrador del sistema',1,NULL,'2021-01-27 09:00:51','862261044866148','Kit Seguridad Colaborativa No 1'),(22996,1,'Alarma',2,'Actualizado',1,'Administrador del sistema',1,NULL,'2021-01-27 09:00:54','8888888888888','Alarma desarrollo'),(22997,1,'Alarma',2,'Actualizado',1,'Administrador del sistema',1,NULL,'2021-01-27 09:00:54','8888888888888','Alarma desarrollo'),(22998,1,'Alarma',2,'Actualizado',1,'Administrador del sistema',1,NULL,'2021-01-27 09:04:49','862261048681709','Kit Seguridad Colaborativa No2'),(22999,1,'Alarma',2,'Actualizado',1,'Administrador del sistema',1,NULL,'2021-01-27 09:04:58','8888888888888','Alarma desarrollo'),(23000,1,'Alarma',2,'Actualizado',1,'Administrador del sistema',1,NULL,'2021-01-27 09:05:06','862261044866148','Kit Seguridad Colaborativa No 1'),(23001,1,'Alarma',3,'Inactivo',1,'Administrador del sistema',1,NULL,'2021-01-27 09:05:12','869153046565856','Demo Alarma'),(23002,1,'Alarma',2,'Actualizado',1,'Administrador del sistema',1,NULL,'2021-01-27 09:04:58','8888888888888','Alarma desarrollo'),(23003,1,'Alarma',2,'Actualizado',1,'Administrador del sistema',1,NULL,'2021-01-27 09:09:07','862261048681709','Kit Seguridad Colaborativa No2'),(23004,1,'Alarma',2,'Actualizado',1,'Administrador del sistema',1,NULL,'2021-01-27 09:09:25','862261044866148','Kit Seguridad Colaborativa No 1'),(23005,1,'Alarma',2,'Actualizado',1,'Administrador del sistema',1,NULL,'2021-01-27 09:13:23','862261048681709','Kit Seguridad Colaborativa No2'),(23006,1,'Alarma',2,'Actualizado',1,'Administrador del sistema',1,NULL,'2021-01-27 09:13:40','862261044866148','Kit Seguridad Colaborativa No 1'),(23007,1,'Alarma',2,'Actualizado',1,'Administrador del sistema',1,NULL,'2021-01-27 09:17:38','862261048681709','Kit Seguridad Colaborativa No2'),(23008,1,'Alarma',2,'Actualizado',1,'Administrador del sistema',1,NULL,'2021-01-27 09:17:55','862261044866148','Kit Seguridad Colaborativa No 1'),(23009,1,'Alarma',2,'Actualizado',1,'Administrador del sistema',1,NULL,'2021-01-27 09:21:53','862261048681709','Kit Seguridad Colaborativa No2'),(23010,1,'Alarma',2,'Actualizado',1,'Administrador del sistema',1,NULL,'2021-01-27 09:22:10','862261044866148','Kit Seguridad Colaborativa No 1'),(23011,1,'Alarma',2,'Actualizado',1,'Administrador del sistema',1,NULL,'2021-01-27 09:26:08','862261048681709','Kit Seguridad Colaborativa No2'),(23012,1,'Alarma',2,'Actualizado',1,'Administrador del sistema',1,NULL,'2021-01-27 09:26:25','862261044866148','Kit Seguridad Colaborativa No 1'),(23013,1,'Alarma',2,'Actualizado',1,'Administrador del sistema',1,NULL,'2021-01-27 09:30:23','862261048681709','Kit Seguridad Colaborativa No2'),(23014,1,'Alarma',2,'Actualizado',1,'Administrador del sistema',1,NULL,'2021-01-27 09:30:39','862261044866148','Kit Seguridad Colaborativa No 1'),(23015,1,'Alarma',2,'Actualizado',1,'Administrador del sistema',1,NULL,'2021-01-27 09:34:39','862261048681709','Kit Seguridad Colaborativa No2'),(23016,1,'Alarma',2,'Actualizado',1,'Administrador del sistema',1,NULL,'2021-01-27 09:34:54','862261044866148','Kit Seguridad Colaborativa No 1'),(23017,1,'Alarma',2,'Actualizado',1,'Administrador del sistema',1,NULL,'2021-01-27 09:35:30','862261044866148','Kit Seguridad Colaborativa No 1'),(23018,1,'Alarma',2,'Actualizado',1,'Administrador del sistema',1,NULL,'2021-01-27 09:36:09','862261044866148','Kit Seguridad Colaborativa No 1'),(23019,1,'Alarma',2,'Actualizado',1,'Administrador del sistema',1,NULL,'2021-01-27 09:38:54','862261048681709','Kit Seguridad Colaborativa No2'),(23020,1,'Alarma',2,'Actualizado',1,'Administrador del sistema',1,NULL,'2021-01-27 09:40:24','862261044866148','Kit Seguridad Colaborativa No 1'),(23021,1,'Alarma',2,'Actualizado',1,'Administrador del sistema',1,NULL,'2021-01-27 09:43:09','862261048681709','Kit Seguridad Colaborativa No2'),(23022,1,'Alarma',2,'Actualizado',1,'Administrador del sistema',1,NULL,'2021-01-27 09:44:39','862261044866148','Kit Seguridad Colaborativa No 1'),(23023,1,'Alarma',2,'Actualizado',1,'Administrador del sistema',1,NULL,'2021-01-27 09:47:25','862261048681709','Kit Seguridad Colaborativa No2'),(23024,1,'Alarma',2,'Actualizado',1,'Administrador del sistema',1,NULL,'2021-01-27 09:48:54','862261044866148','Kit Seguridad Colaborativa No 1'),(23025,1,'Alarma',2,'Actualizado',1,'Administrador del sistema',1,NULL,'2021-01-27 09:51:40','862261048681709','Kit Seguridad Colaborativa No2'),(23026,5,'Cámara',2,'Actualizado',52,'Usuario Maestro',1,NULL,'2024-04-02 08:59:47','204','DEMO LA FLORA'),(23027,6,'Integrador',2,'Actualizado',1,'Administrador del sistema',NULL,NULL,'2024-04-02 10:43:13','1','VIOTEC SAS'),(23028,3,'Cliente',2,'Actualizado',6,'Integrador Viotec',NULL,1,'2024-04-16 07:57:20','40','Municipio Chaparral'),(23029,3,'Cliente',3,'Eliminado',6,'Integrador Viotec',NULL,1,'2024-04-16 08:03:03','15','Constructora Bolivar'),(23030,5,'Cámara',3,'Eliminado',52,'Usuario Maestro',1,NULL,'2024-05-03 07:46:46','204','DEMO LA FLORA'),(23031,5,'Cámara',3,'Eliminado',52,'Usuario Maestro',1,NULL,'2024-05-03 07:46:50','462','Ezytec 2'),(23032,5,'Cámara',3,'Eliminado',52,'Usuario Maestro',1,NULL,'2024-05-03 07:46:56','463','Demo EZYTEC'),(23033,5,'Cámara',3,'Eliminado',52,'Usuario Maestro',1,NULL,'2024-05-03 07:47:01','466','Cam Demo Seg Colaborativa'),(23034,5,'Cámara',3,'Eliminado',52,'Usuario Maestro',1,NULL,'2024-05-03 07:47:28','555','Siera .120'),(23035,5,'Cámara',3,'Eliminado',52,'Usuario Maestro',1,NULL,'2024-05-03 07:47:53','556','PAQUEADERO EXTERNO'),(23036,5,'Cámara',3,'Eliminado',52,'Usuario Maestro',1,NULL,'2024-05-03 07:47:56','557','Siera .121'),(23037,5,'Cámara',3,'Eliminado',52,'Usuario Maestro',1,NULL,'2024-05-03 07:47:59','559','Puerta Principal'),(23038,5,'Cámara',3,'Eliminado',52,'Usuario Maestro',1,NULL,'2024-05-03 07:48:06','562','Oficina Piso 1'),(23039,5,'Cámara',3,'Eliminado',52,'Usuario Maestro',1,NULL,'2024-05-03 07:48:09','564','Perimetral Oriente'),(23040,5,'Cámara',3,'Eliminado',52,'Usuario Maestro',1,NULL,'2024-05-03 07:48:14','580','Cajeros'),(23041,5,'Cámara',3,'Eliminado',52,'Usuario Maestro',1,NULL,'2024-05-03 07:48:17','586','Cámara 1'),(23042,5,'Cámara',3,'Eliminado',52,'Usuario Maestro',1,NULL,'2024-05-03 07:48:25','609','Torre Marval - Hall Piso 19'),(23043,5,'Cámara',3,'Eliminado',52,'Usuario Maestro',1,NULL,'2024-05-03 07:48:29','610','Entrada Principal'),(23044,5,'Cámara',3,'Eliminado',52,'Usuario Maestro',1,NULL,'2024-05-03 07:48:33','613','Oficina Segundo Piso'),(23045,5,'Cámara',3,'Eliminado',52,'Usuario Maestro',1,NULL,'2024-05-03 07:48:35','614','Reja Puerta Principal'),(23046,5,'Cámara',3,'Eliminado',52,'Usuario Maestro',1,NULL,'2024-05-03 07:48:41','616','ENTRADA ACCESO'),(23047,5,'Cámara',3,'Eliminado',52,'Usuario Maestro',1,NULL,'2024-05-03 07:48:45','617','Parquadero Exterior Norte'),(23048,5,'Cámara',3,'Eliminado',52,'Usuario Maestro',1,NULL,'2024-05-03 07:48:48','618','Perimetral Occidente'),(23049,5,'Cámara',3,'Eliminado',52,'Usuario Maestro',1,NULL,'2024-05-03 07:48:52','615','Terraza Viotec'),(23050,5,'Cámara',3,'Eliminado',52,'Usuario Maestro',1,NULL,'2024-05-03 07:48:57','612','Oficina Primer Piso'),(23051,5,'Cámara',3,'Eliminado',52,'Usuario Maestro',1,NULL,'2024-05-03 07:49:21','582','CAJA FUERTE'),(23052,5,'Cámara',3,'Eliminado',52,'Usuario Maestro',1,NULL,'2024-05-03 07:49:30','631','Demo 3G_2'),(23053,5,'Cámara',3,'Eliminado',52,'Usuario Maestro',1,NULL,'2024-05-03 07:49:34','633','Demo 3G_1'),(23054,5,'Cámara',3,'Eliminado',52,'Usuario Maestro',1,NULL,'2024-05-03 07:49:39','634','Prueba'),(23055,5,'Cámara',3,'Eliminado',52,'Usuario Maestro',1,NULL,'2024-05-03 07:49:43','635','Body Cam'),(23056,5,'Cámara',3,'Eliminado',52,'Usuario Maestro',1,NULL,'2024-05-03 07:50:06','630','Perimetral Sur'),(23057,5,'Cámara',3,'Eliminado',52,'Usuario Maestro',1,NULL,'2024-05-03 07:50:11','558','Perimetral Sur'),(23058,1,'Alarma',3,'Eliminado',52,'Usuario Maestro',1,NULL,'2024-05-03 07:50:54','866562069367268','DEMO LA FLORA'),(23059,5,'Cámara',3,'Eliminado',60,'Alarmas comunitarias',14,NULL,'2024-05-03 07:51:57','398','Cámara 2'),(23060,5,'Cámara',3,'Eliminado',60,'Alarmas comunitarias',14,NULL,'2024-05-03 07:52:03','409','Demo Oficina Vio'),(23061,5,'Cámara',3,'Eliminado',60,'Alarmas comunitarias',14,NULL,'2024-05-03 07:52:06','471','BodyCam121'),(23062,5,'Cámara',3,'Eliminado',60,'Alarmas comunitarias',14,NULL,'2024-05-03 07:52:09','470','BodyCam103'),(23063,5,'Cámara',3,'Eliminado',60,'Alarmas comunitarias',14,NULL,'2024-05-03 07:52:13','472','BodyCam121'),(23064,5,'Cámara',3,'Eliminado',60,'Alarmas comunitarias',14,NULL,'2024-05-03 07:52:17','473','BodyCam103'),(23065,5,'Cámara',3,'Eliminado',60,'Alarmas comunitarias',14,NULL,'2024-05-03 07:52:20','474','Body121'),(23066,5,'Cámara',3,'Eliminado',60,'Alarmas comunitarias',14,NULL,'2024-05-03 07:52:23','475','Body 103'),(23067,5,'Cámara',3,'Eliminado',60,'Alarmas comunitarias',14,NULL,'2024-05-03 07:52:26','476','Body121'),(23068,5,'Cámara',3,'Eliminado',60,'Alarmas comunitarias',14,NULL,'2024-05-03 07:52:29','477','Body121'),(23069,5,'Cámara',3,'Eliminado',60,'Alarmas comunitarias',14,NULL,'2024-05-03 07:52:32','478','Body cam test'),(23070,5,'Cámara',3,'Eliminado',60,'Alarmas comunitarias',14,NULL,'2024-05-03 07:52:35','565','Body 103'),(23071,5,'Cámara',3,'Eliminado',60,'Alarmas comunitarias',14,NULL,'2024-05-03 07:52:38','603','Cam 1 - Bodega Azafran'),(23072,5,'Cámara',3,'Eliminado',60,'Alarmas comunitarias',14,NULL,'2024-05-03 07:52:41','575','Body 103'),(23073,5,'Cámara',3,'Eliminado',60,'Alarmas comunitarias',14,NULL,'2024-05-03 07:52:44','604','Cam 1 - Mirador del Valle'),(23074,5,'Cámara',3,'Eliminado',60,'Alarmas comunitarias',14,NULL,'2024-05-03 07:52:48','605','Cali 1'),(23075,5,'Cámara',3,'Eliminado',60,'Alarmas comunitarias',14,NULL,'2024-05-03 07:52:55','606','Cali 2'),(23076,5,'Cámara',3,'Eliminado',98,'VIOTEC - Oficina',35,NULL,'2024-05-03 07:53:41','566','Siera .120'),(23077,5,'Cámara',3,'Eliminado',98,'VIOTEC - Oficina',35,NULL,'2024-05-03 07:53:44','567','PAQUEADERO EXTERNO'),(23078,5,'Cámara',3,'Eliminado',98,'VIOTEC - Oficina',35,NULL,'2024-05-03 07:53:48','568','Siera .121'),(23079,5,'Cámara',3,'Eliminado',98,'VIOTEC - Oficina',35,NULL,'2024-05-03 07:53:51','569','Perimetral Sur'),(23080,5,'Cámara',3,'Eliminado',98,'VIOTEC - Oficina',35,NULL,'2024-05-03 07:53:58','570','Puerta Principal'),(23081,5,'Cámara',3,'Eliminado',98,'VIOTEC - Oficina',35,NULL,'2024-05-03 07:54:01','571','Perimetral Oriente'),(23082,5,'Cámara',3,'Eliminado',98,'VIOTEC - Oficina',35,NULL,'2024-05-03 07:54:04','573','LPR'),(23083,5,'Cámara',3,'Eliminado',98,'VIOTEC - Oficina',35,NULL,'2024-05-03 07:54:07','574','Oficina Piso 1'),(23084,5,'Cámara',3,'Eliminado',98,'VIOTEC - Oficina',35,NULL,'2024-05-03 07:54:10','572','Terraza Vio'),(23085,5,'Cámara',3,'Eliminado',98,'VIOTEC - Oficina',35,NULL,'2024-05-03 07:54:16','576','PAQUEADERO EXTERNO'),(23086,5,'Cámara',3,'Eliminado',98,'VIOTEC - Oficina',35,NULL,'2024-05-03 07:54:19','581','Cajeros'),(23087,5,'Cámara',3,'Eliminado',98,'VIOTEC - Oficina',35,NULL,'2024-05-03 07:54:23','583','CAJA FUERTE'),(23088,5,'Cámara',3,'Eliminado',98,'VIOTEC - Oficina',35,NULL,'2024-05-03 07:54:25','585','Cmatra LPR Viotec'),(23089,5,'Cámara',3,'Eliminado',98,'VIOTEC - Oficina',35,NULL,'2024-05-03 07:54:29','608','Cámara 1'),(23090,5,'Cámara',3,'Eliminado',98,'VIOTEC - Oficina',35,NULL,'2024-05-03 07:54:34','577','Siera .121'),(23091,3,'Cliente',3,'Eliminado',6,'Integrador Viotec',NULL,1,'2024-05-03 07:55:00','37','cliente_prueba'),(23092,5,'Cámara',3,'Eliminado',34,'Administrador',10,NULL,'2024-05-03 07:56:10','202','COMERCIALIZADORA MORACAS'),(23093,3,'Cliente',3,'Eliminado',24,'Solutron SAS',NULL,4,'2024-05-03 07:56:57','10','Comercializadora Moracas'),(23094,3,'Cliente',3,'Eliminado',24,'Solutron SAS',NULL,4,'2024-05-03 07:57:04','20','DEMO Candelaria'),(23095,3,'Cliente',3,'Eliminado',24,'Solutron SAS',NULL,4,'2024-05-03 07:57:12','25','ALTAS DEMO'),(23096,6,'Integrador',3,'Eliminado',1,'Administrador del sistema',NULL,NULL,'2024-05-03 07:57:56','8','Wilson Vargas'),(23097,6,'Integrador',3,'Eliminado',1,'Administrador del sistema',NULL,NULL,'2024-05-03 07:58:03','4','Solutron SAS'),(23098,2,'Cuentas',3,'Eliminado',6,'Integrador Viotec',NULL,1,'2024-05-03 07:58:38','26','roaltopo-OZeWZ'),(23099,2,'Cuentas',2,'Actualizado',6,'Integrador Viotec',NULL,1,'2024-05-03 08:03:26','4','soporte1@viotec.com.co'),(23100,2,'Cuentas',3,'Eliminado',6,'Integrador Viotec',NULL,1,'2024-05-03 08:03:49','1','infraestructura@ebssas.com'),(23101,2,'Cuentas',1,'Creado',6,'Integrador Viotec',NULL,1,'2024-05-03 11:23:12','28','viotec'),(23102,2,'Cuentas',3,'Eliminado',6,'Integrador Viotec',NULL,1,'2024-05-03 14:19:22','24','utvideo2019+vio@gmail.com'),(23103,1,'Alarma',2,'Actualizado',49,'UTCGES - VALLE DEL CAUCA',13,NULL,'2024-05-07 08:24:04','1087222443156','Alarma Cali'),(23104,1,'Alarma',2,'Actualizado',49,'UTCGES - VALLE DEL CAUCA',13,NULL,'2024-05-07 08:26:23','1087222443156','Alarma Cali'),(23105,3,'Cliente',1,'Creado',6,'Integrador Viotec',NULL,1,'2024-05-08 08:13:03','42','Demos Seguridad Colaborativa'),(23106,7,'Usuario',1,'Creado',6,'Integrador Viotec',42,NULL,'2024-05-08 08:13:04','128','Demos Seguridad Colaborativa'),(23107,2,'Cuentas',1,'Creado',6,'Integrador Viotec',NULL,1,'2024-05-08 09:49:42','29','info.viotec@gmail.com'),(23108,1,'Alarma',1,'Creado',52,'Usuario Maestro',1,NULL,'2024-05-09 10:11:49','868450044360061','Alarma Smart'),(23109,1,'Alarma',2,'Actualizado',52,'Usuario Maestro',1,NULL,'2024-05-09 10:12:23','868450044360061','Alarma Smart'),(23110,1,'Alarma',2,'Actualizado',52,'Usuario Maestro',1,NULL,'2024-05-09 10:16:12','868450044360061','Alarma Smart'),(23111,1,'Alarma',3,'Eliminado',52,'Usuario Maestro',1,NULL,'2024-05-09 10:44:02','868450044360061','Alarma Smart'),(23112,1,'Alarma',1,'Creado',52,'Usuario Maestro',1,NULL,'2024-05-09 10:45:44','8648450044360061','Alarma Smart'),(23113,2,'Cuentas',3,'Eliminado',6,'Integrador Viotec',NULL,1,'2024-05-10 09:49:37','9','frentescivicosutcges2021@gmail.com'),(23114,2,'Cuentas',2,'Actualizado',6,'Integrador Viotec',NULL,1,'2024-05-10 10:46:14','4','soporte1@viotec.com.co'),(23115,5,'Cámara',3,'Eliminado',98,'VIOTEC - Oficina',35,NULL,'2024-05-10 10:47:53','553','LABORATORIO_SOL'),(23116,5,'Cámara',3,'Eliminado',98,'VIOTEC - Oficina',35,NULL,'2024-05-10 10:47:56','554','BODEGA_SOL'),(23117,2,'Cuentas',1,'Creado',6,'Integrador Viotec',NULL,1,'2024-05-10 10:48:57','30','info.viotec@gmail.com'),(23118,2,'Cuentas',2,'Actualizado',6,'Integrador Viotec',NULL,1,'2024-05-10 10:58:36','4','soporte1@viotec.com.co'),(23119,3,'Cliente',1,'Creado',6,'Integrador Viotec',NULL,1,'2024-05-10 11:20:04','43','Cliente 10/05'),(23120,7,'Usuario',1,'Creado',6,'Integrador Viotec',43,NULL,'2024-05-10 11:20:04','129','Cliente 10/05'),(23121,2,'Cuentas',1,'Creado',6,'Integrador Viotec',NULL,1,'2024-05-10 11:25:21','31','info.viotec@gmail.com'),(23122,2,'Cuentas',1,'Creado',6,'Integrador Viotec',NULL,1,'2024-05-10 11:26:41','32','soporte1@viotec.com.co'),(23123,9,'Ciudades',1,'Creado',1,'Administrador del sistema',NULL,NULL,'2024-05-10 13:10:58','10990','Rivera'),(23124,3,'Cliente',1,'Creado',6,'Integrador Viotec',NULL,1,'2024-05-10 14:23:23','44','Casa Villa Luz'),(23125,7,'Usuario',1,'Creado',6,'Integrador Viotec',44,NULL,'2024-05-10 14:23:23','130','Casa Villa Luz'),(23126,2,'Cuentas',1,'Creado',6,'Integrador Viotec',NULL,1,'2024-05-10 14:24:03','33','info.viotec+vluz@gmail.com'),(23127,2,'Cuentas',2,'Actualizado',6,'Integrador Viotec',NULL,1,'2024-05-10 15:21:10','4','soporte1@viotec.com.co'),(23128,5,'Cámara',2,'Actualizado',98,'VIOTEC - Oficina',35,NULL,'2024-05-14 10:10:16','647','LABORATORIO_SOL'),(23129,5,'Cámara',2,'Actualizado',98,'VIOTEC - Oficina',35,NULL,'2024-05-14 10:11:27','647','LABORATORIO_SOL'),(23130,5,'Cámara',2,'Actualizado',98,'VIOTEC - Oficina',35,NULL,'2024-05-14 10:19:53','647','LABORATORIO_SOL'),(23131,1,'Alarma',2,'Actualizado',52,'Usuario Maestro',1,NULL,'2024-05-14 10:29:45','353507103','Modulo Apertura C Recuetno'),(23132,1,'Alarma',2,'Actualizado',49,'UTCGES - VALLE DEL CAUCA',13,NULL,'2024-05-15 15:14:25','1087222443156','Alarma Cali'),(23133,7,'Usuario',1,'Creado',52,'Usuario Maestro',1,NULL,'2024-05-17 14:47:02','131','Daniel Becerra'),(23134,3,'Cliente',3,'Eliminado',6,'Integrador Viotec',NULL,1,'2024-05-17 16:07:46','42','Demos Seguridad Colaborativa'),(23135,3,'Cliente',1,'Creado',6,'Integrador Viotec',NULL,1,'2024-05-17 16:10:39','45','Demos Seguridad Colaborativa'),(23136,7,'Usuario',1,'Creado',6,'Integrador Viotec',45,NULL,'2024-05-17 16:10:39','132','Demos Seguridad Colaborativa'),(23137,1,'Alarma',1,'Creado',132,'Demos Seguridad Colaborativa',45,NULL,'2024-05-17 16:14:31','866562069471573','Alarma Villa Luz (1573)'),(23138,1,'Alarma',2,'Actualizado',132,'Demos Seguridad Colaborativa',45,NULL,'2024-05-17 16:21:02','866562069471573','Alarma Villa Luz (1573)'),(23139,1,'Alarma',2,'Actualizado',52,'Usuario Maestro',1,NULL,'2024-05-20 09:20:31','8648450044360061','Alarma Smart'),(23140,9,'Ciudades',2,'Actualizado',1,'Administrador del sistema',NULL,NULL,'2024-05-20 16:13:21','112211','N/A'),(23141,9,'Ciudades',2,'Actualizado',1,'Administrador del sistema',NULL,NULL,'2024-05-20 16:13:41','121211','N / A'),(23142,7,'Usuario',2,'Actualizado',6,'Viotec SAS',NULL,1,'2024-05-20 16:15:33','6','Viotec SAS'),(23143,7,'Usuario',3,'Eliminado',98,'VIOTEC - Oficina',35,NULL,'2024-05-20 16:17:39','99','Operador'),(23144,7,'Usuario',1,'Creado',98,'VIOTEC - Oficina',35,NULL,'2024-05-20 16:28:49','133','John Cuervo'),(23145,7,'Usuario',2,'Actualizado',133,'John Cuervo',35,NULL,'2024-05-20 16:30:59','133','John Cuervo'),(23146,7,'Usuario',2,'Actualizado',133,'John Cuervo',35,NULL,'2024-05-20 16:31:30','133','John Cuervo'),(23147,1,'Alarma',1,'Creado',52,'Usuario Maestro',1,NULL,'2024-05-21 11:35:13','866562069367268','DEMO SEGURIDAD No 7268'),(23148,5,'Cámara',2,'Actualizado',98,'VIOTEC - Oficina',35,NULL,'2024-05-22 16:05:16','648','BODEGA SOL'),(23149,3,'Cliente',2,'Actualizado',6,'Viotec SAS',NULL,1,'2024-05-28 15:34:45','45','Demos Seguridad Colaborativa Barranquilla'),(23150,1,'Alarma',2,'Actualizado',49,'UTCGES - VALLE DEL CAUCA',13,NULL,'2024-05-30 11:12:42','1087222443156','Alarma Cali'),(23151,7,'Usuario',2,'Actualizado',6,'Viotec SAS',NULL,1,'2024-05-31 08:21:53','6','Viotec SAS'),(23152,7,'Usuario',2,'Actualizado',1,'Administrador del sistema',NULL,NULL,'2024-05-31 08:38:02','1','Administrador del sistema'),(23153,7,'Usuario',2,'Actualizado',6,'Viotec SAS',NULL,1,'2024-05-31 08:41:31','6','Viotec SAS'),(23154,9,'Ciudades',2,'Actualizado',1,'Administrador del sistema',NULL,NULL,'2024-05-31 08:51:28','1122','Cundi'),(23155,11,'Barrios',2,'Actualizado',1,'Administrador del sistema',NULL,NULL,'2024-05-31 08:52:15','8','Balmoral Norte'),(23156,6,'Integrador',2,'Actualizado',1,'Administrador del sistema',NULL,NULL,'2024-05-31 08:55:12','1','VIOTEC SAS'),(23157,7,'Usuario',2,'Actualizado',1,'Administrador del sistema',NULL,NULL,'2024-05-31 08:55:45','1','Administrador del sistema'),(23158,9,'Ciudades',2,'Actualizado',1,'Administrador del sistema',NULL,NULL,'2024-05-31 08:57:10','10012','Barranquilla'),(23159,7,'Usuario',2,'Actualizado',6,'Viotec SAS',NULL,1,'2024-05-31 08:57:36','6','Viotec SAS'),(23160,2,'Cuentas',2,'Actualizado',6,'Viotec SAS',NULL,1,'2024-05-31 10:33:50','9','frentescivicosutcges2021@gmail.com'),(23161,7,'Usuario',1,'Creado',132,'Demos Seguridad Colaborativa',45,NULL,'2024-06-04 10:41:24','134','Andrea Acero'),(23162,6,'Integrador',1,'Creado',1,'Administrador del sistema',NULL,NULL,'2024-06-04 13:16:46','9','Integraciones Tecnológicas'),(23163,7,'Usuario',1,'Creado',1,'Administrador del sistema',NULL,9,'2024-06-04 13:16:46','135','Integraciones Tecnológicas'),(23164,6,'Integrador',3,'Eliminado',1,'Administrador del sistema',NULL,NULL,'2024-06-04 13:17:02','9','Integraciones Tecnológicas'),(23165,7,'Usuario',1,'Creado',52,'Usuario Maestro',1,NULL,'2024-06-05 12:16:37','136','Usuario prueba'),(23166,7,'Usuario',1,'Creado',132,'Demos Seguridad Colaborativa',45,NULL,'2024-06-05 12:37:51','137','Andrea Acero'),(23167,7,'Usuario',1,'Creado',98,'VIOTEC - Oficina',35,NULL,'2024-06-05 13:30:38','138','Alejandro Muñoz'),(23168,7,'Usuario',1,'Creado',132,'jorge.arroyave@viotec.com.co',45,NULL,'2024-06-05 14:16:50','139','Prueba Cliente Admin'),(23169,3,'Cliente',1,'Creado',6,'info@viotec.com.co',NULL,1,'2024-06-14 09:43:53','46','Demo Seguridad Tebaida'),(23170,7,'Usuario',1,'Creado',6,'info@viotec.com.co',NULL,1,'2024-06-14 09:43:53','140','Demo Seguridad Tebaida'),(23171,3,'Cliente',3,'Eliminado',6,'info@viotec.com.co',NULL,1,'2024-06-14 10:32:57','46','Demo Seguridad Tebaida'),(23172,3,'Cliente',1,'Creado',6,'info@viotec.com.co',NULL,1,'2024-06-14 10:34:51','47','Demo Portachuelo'),(23173,7,'Usuario',1,'Creado',6,'info@viotec.com.co',NULL,1,'2024-06-14 10:34:52','141','Demo Portachuelo'),(23174,1,'Alarma',1,'Creado',141,'info.viotec+tebaida@gmail.com',47,NULL,'2024-06-14 10:38:09','866562069471854','Alarma Colaborativa  (1854)'),(23175,1,'Alarma',1,'Creado',141,'info.viotec+tebaida@gmail.com',47,NULL,'2024-06-14 10:39:53','866562069471805','Alarma Colaborativa (1805)'),(23176,9,'Ciudades',1,'Creado',1,'admin',NULL,NULL,'2024-06-14 10:41:47','633020','LA TEBAIDA'),(23177,2,'Cuentas',1,'Creado',6,'info@viotec.com.co',NULL,1,'2024-06-14 10:43:19','34','Info.viotec+tebaida@gmail.com'),(23178,1,'Alarma',2,'Actualizado',141,'info.viotec+tebaida@gmail.com',47,NULL,'2024-06-14 10:44:28','866562069471805','Alarma Colaborativa (1805)'),(23179,1,'Alarma',2,'Actualizado',141,'info.viotec+tebaida@gmail.com',47,NULL,'2024-06-14 10:44:51','866562069471854','Alarma Colaborativa  (1854)'),(23180,5,'Cámara',2,'Actualizado',141,'info.viotec+tebaida@gmail.com',47,NULL,'2024-06-14 11:09:11','669','Cámara Alarma 1854'),(23181,5,'Cámara',2,'Actualizado',141,'info.viotec+tebaida@gmail.com',47,NULL,'2024-06-14 11:10:10','670','Cámara Alarma 1805'),(23182,1,'Alarma',2,'Actualizado',141,'info.viotec+tebaida@gmail.com',47,NULL,'2024-06-14 11:10:33','866562069471805','Alarma Colaborativa (1805)'),(23183,1,'Alarma',2,'Actualizado',141,'info.viotec+tebaida@gmail.com',47,NULL,'2024-06-14 11:10:51','866562069471854','Alarma Colaborativa  (1854)'),(23184,5,'Cámara',2,'Actualizado',98,'VIOTEC - Oficina',35,NULL,'2024-06-14 15:04:23','647','LABORATORIO_SOL'),(23185,5,'Cámara',2,'Actualizado',98,'VIOTEC - Oficina',35,NULL,'2024-06-14 15:05:07','648','BODEGA SOL'),(23186,5,'Cámara',2,'Actualizado',98,'VIOTEC - Oficina',35,NULL,'2024-06-14 15:05:40','649','Villa Luz  Cam 1'),(23187,5,'Cámara',2,'Actualizado',98,'VIOTEC - Oficina',35,NULL,'2024-06-14 15:06:15','650','Villa Luz Cam 2'),(23188,2,'Cuentas',3,'Eliminado',6,'info@viotec.com.co',NULL,1,'2024-07-18 14:32:05','32','soporte1@viotec.com.co'),(23189,1,'Alarma',2,'Actualizado',141,'info.viotec+tebaida@gmail.com',47,NULL,'2024-07-24 10:57:17','866562069471854','Alarma Portachuelo (1854)'),(23190,1,'Alarma',2,'Actualizado',141,'info.viotec+tebaida@gmail.com',47,NULL,'2024-07-25 12:01:28','866562069471854','Alarma Portachuelo (1854)'),(23191,1,'Alarma',2,'Actualizado',141,'info.viotec+tebaida@gmail.com',47,NULL,'2024-07-25 16:37:19','866562069471854','Alarma Portachuelo (1854)'),(23192,1,'Alarma',2,'Actualizado',141,'info.viotec+tebaida@gmail.com',47,NULL,'2024-07-31 15:09:56','866562069471805','Alarma Colaborativa (1805)'),(23193,1,'Alarma',2,'Actualizado',141,'info.viotec+tebaida@gmail.com',47,NULL,'2024-08-13 09:39:51','866562069471854','Alarma Portachuelo (1854)'),(23194,2,'Cuentas',1,'Creado',6,'info@viotec.com.co',NULL,1,'2024-08-26 08:14:38','35','ViotecSAS.dxzgd');

--
-- Table structure for table `auth_item_types`
--

CREATE TABLE `auth_item_types` (
  `item_type_id` smallint NOT NULL AUTO_INCREMENT,
  `name` varchar(64) DEFAULT NULL,
  PRIMARY KEY (`item_type_id`) USING BTREE
) ENGINE=InnoDB AUTO_INCREMENT=4 DEFAULT CHARSET=utf8mb3;

--
-- Dumping data for table `auth_item_types`
--

INSERT INTO `auth_item_types` VALUES (1,'Rol'),(2,'Tarea'),(3,'Operación');

--
-- Table structure for table `auth_items`
--

CREATE TABLE `auth_items` (
  `name` varchar(64) CHARACTER SET utf8mb3 COLLATE utf8mb3_unicode_ci NOT NULL,
  `type` smallint NOT NULL,
  `description` text CHARACTER SET utf8mb3 COLLATE utf8mb3_unicode_ci,
  `rule_name` varchar(64) CHARACTER SET utf8mb3 COLLATE utf8mb3_unicode_ci DEFAULT NULL,
  `data` blob,
  `order` int DEFAULT NULL,
  `created_at` int DEFAULT NULL,
  `updated_at` int DEFAULT NULL,
  `icon` varchar(50) CHARACTER SET utf8mb3 COLLATE utf8mb3_unicode_ci DEFAULT NULL,
  `permission_type` smallint DEFAULT '0' COMMENT 'Columna para identificar qué opciones saldrán para asignación de permisos para Clientes e Integradores:\n0: Permiso no asociado - No carga para asignación en dichos módulos\n1: Permiso asociado - Carga para asignación en dichos módulos',
  PRIMARY KEY (`name`) USING BTREE,
  KEY `idx-auth_item-type` (`type`) USING BTREE,
  KEY `auth_item_ibfk_1` (`rule_name`) USING BTREE,
  CONSTRAINT `auth_item_ibfk_2` FOREIGN KEY (`type`) REFERENCES `auth_item_types` (`item_type_id`) ON UPDATE CASCADE
) ENGINE=InnoDB DEFAULT CHARSET=utf8mb3 COLLATE=utf8mb3_unicode_ci;

--
-- Dumping data for table `auth_items`
--

INSERT INTO `auth_items` VALUES ('account',2,'Cuentas',NULL,NULL,20,NULL,NULL,NULL,0),('activateAlarm-person',3,'Activar alarma',NULL,NULL,NULL,NULL,NULL,NULL,0),('adminClient',3,'Administrar Cliente',NULL,NULL,NULL,NULL,NULL,NULL,0),('adminIntegrator',3,'Administrar Integrador',NULL,NULL,NULL,NULL,NULL,NULL,0),('alarm',2,'Alarmas',NULL,NULL,22,NULL,NULL,NULL,0),('alarm-log',2,'Log alarmas',NULL,NULL,32,NULL,NULL,'fas bullhorn',0),('answerAlarm-log',3,'Responder Alarma',NULL,NULL,NULL,NULL,NULL,NULL,0),('answerPlate',3,'Responder Detección de Placa',NULL,'',NULL,NULL,NULL,NULL,0),('audit-log',2,'Auditoría',NULL,NULL,5,NULL,NULL,'fas file-invoice',0),('brivo-log',2,'Log Brivo',NULL,NULL,35,NULL,NULL,'fas bullhorn',0),('camera',2,'Cámaras',NULL,NULL,21,NULL,NULL,NULL,0),('camera-log',2,'Log Camaras',NULL,NULL,34,NULL,NULL,'fas bullhorn',0),('city',2,'Ciudades',NULL,NULL,23,NULL,NULL,NULL,0),('client',2,'Clientes',NULL,NULL,2,NULL,NULL,NULL,0),('client_admin',1,'Cliente - Administrador',NULL,NULL,NULL,NULL,NULL,NULL,0),('client_alarm',1,'Cliente - Pánico',NULL,NULL,NULL,NULL,NULL,NULL,0),('client_operator',1,'Cliente - Operador',NULL,NULL,NULL,NULL,NULL,NULL,0),('createAccount',3,'Crear Cuenta',NULL,NULL,NULL,NULL,NULL,NULL,0),('createAlarm',3,'Crear Alarma',NULL,NULL,NULL,1566688587,1566688587,NULL,0),('createAlarm-person',3,'Registrar Persona',NULL,NULL,NULL,NULL,NULL,NULL,0),('createCity',3,'Crear Ciudad',NULL,NULL,NULL,NULL,NULL,NULL,0),('createClient',3,'Crear Cliente',NULL,NULL,NULL,NULL,NULL,NULL,0),('createDistrict',3,'Crear Localidad / Comuna',NULL,NULL,NULL,NULL,NULL,NULL,0),('createIntegrator',3,'Crear Integrador',NULL,NULL,NULL,NULL,NULL,NULL,0),('createNeighborhood',3,'Crear Barrio',NULL,NULL,NULL,NULL,NULL,NULL,0),('createPerson',3,'Registrar',NULL,NULL,NULL,NULL,NULL,NULL,0),('createPerson-group',3,'Crear Grupo',NULL,NULL,NULL,NULL,NULL,NULL,0),('createPlate',3,'Registrar video',NULL,NULL,NULL,NULL,NULL,NULL,0),('createUser',3,'Crear Usuario',NULL,NULL,NULL,1566688587,1566688587,NULL,0),('deleteAlarm',3,'Eliminar Alarma',NULL,NULL,NULL,1566688587,1566688587,NULL,0),('deleteAlarm-person',3,'Eliminar Persona',NULL,NULL,NULL,NULL,NULL,NULL,0),('deleteCamera',3,'Eliminar camara',NULL,NULL,NULL,NULL,NULL,NULL,0),('deleteClient',3,'Eliminar Cliente',NULL,NULL,NULL,NULL,NULL,NULL,0),('deleteIntegrator',3,'Eliminar Integrador',NULL,NULL,NULL,NULL,NULL,NULL,0),('deleteNeighborhood',3,'Eliminar Barrio',NULL,NULL,NULL,NULL,NULL,NULL,0),('deleteUser',3,'Eliminar Usuario',NULL,NULL,NULL,1566688587,1566688587,NULL,0),('district',2,'Localidades / Comunas',NULL,NULL,23,NULL,NULL,NULL,0),('download-video',2,'Descarga de video',NULL,NULL,29,NULL,NULL,NULL,0),('downloadAlarm-log',3,'Descargar Video',NULL,NULL,NULL,NULL,NULL,NULL,0),('downloadAlarm-person',3,'Descarga de Documento de Autorización',NULL,NULL,NULL,NULL,NULL,NULL,0),('downloadIntegration',3,'Descarga Documento Integración',NULL,NULL,NULL,NULL,NULL,NULL,0),('exportAudit-log',3,'Exportar CSV',NULL,NULL,NULL,NULL,NULL,NULL,0),('exportPdfReport',3,'Exportar Reporte PDF',NULL,NULL,NULL,NULL,NULL,NULL,0),('exportReport',3,'Exportar CSV',NULL,NULL,NULL,NULL,NULL,NULL,0),('face-log',2,'Log Facial',NULL,NULL,33,NULL,NULL,'fas bullhorn',0),('forensicsearch',3,'Búsqueda Forense',NULL,NULL,43,NULL,NULL,'fas search',0),('forensicsearchPerson',3,'Búsqueda Forense',NULL,NULL,NULL,NULL,NULL,NULL,0),('fullcloud_admin',1,'Fullcloud - Administrador',NULL,NULL,NULL,1566688587,1566688587,NULL,0),('fullcloud_operator',1,'Fullcloud - Operador',NULL,NULL,NULL,NULL,NULL,NULL,0),('fullcloud_supervisor',1,'Fullcloud - Supervisor',NULL,NULL,NULL,NULL,NULL,NULL,0),('imagePlate',3,'Imagen de Placa',NULL,'',NULL,NULL,NULL,NULL,0),('indexAccount',3,'Cuentas',NULL,NULL,NULL,NULL,NULL,NULL,0),('indexAlarm',3,'Alarmas',NULL,NULL,NULL,1566688587,1566688587,NULL,0),('indexAlarm-log',3,'Log alarmas',NULL,NULL,NULL,NULL,NULL,NULL,0),('indexAudit-log',3,'Log de auditorías',NULL,NULL,NULL,NULL,NULL,NULL,0),('indexBrivo-log',3,'Log Brivo',NULL,NULL,NULL,NULL,NULL,NULL,0),('indexCamera',3,'Cámaras',NULL,NULL,NULL,NULL,NULL,NULL,0),('indexCamera-log',3,'Log Camaras',NULL,NULL,NULL,NULL,NULL,NULL,0),('indexCity',3,'Ciudades',NULL,NULL,NULL,NULL,NULL,NULL,0),('indexClient',3,'Clientes',NULL,NULL,NULL,NULL,NULL,NULL,0),('indexDistrict',3,'Localidades / Comunas',NULL,NULL,NULL,NULL,NULL,NULL,0),('indexDownload-video',3,'Descarga de video',NULL,NULL,NULL,NULL,NULL,NULL,0),('indexFace-log',3,'Log Facial',NULL,NULL,NULL,NULL,NULL,NULL,0),('indexIntegration',3,'Integración con Terceros',NULL,NULL,NULL,NULL,NULL,NULL,0),('indexIntegrator',3,'Integradores',NULL,NULL,NULL,NULL,NULL,NULL,0),('indexMap',3,'Map',NULL,NULL,NULL,NULL,NULL,NULL,0),('indexNeighborhood',3,'Barrios',NULL,NULL,NULL,NULL,NULL,NULL,0),('indexPerson',2,'Consultar Identidad',NULL,NULL,NULL,NULL,NULL,NULL,0),('indexPerson-group',3,'Grupos',NULL,NULL,NULL,NULL,NULL,NULL,0),('indexPlate',3,'Log de Placas',NULL,'',NULL,NULL,NULL,NULL,0),('indexReport',3,'Módulo de Reportes',NULL,NULL,NULL,NULL,NULL,NULL,0),('indexSetup',3,'Comunidades Seguras',NULL,NULL,NULL,NULL,NULL,NULL,0),('indexUser',3,'Usuarios',NULL,NULL,NULL,1566688587,1566688587,NULL,0),('indexVideo',3,'Videoverificación',NULL,NULL,NULL,NULL,NULL,NULL,0),('indexVisual',3,'Identificación Facial',NULL,NULL,NULL,NULL,NULL,NULL,0),('integration',2,'Integración con Terceros',NULL,NULL,15,NULL,NULL,'fas file-export',0),('integrator',2,'Integradores',NULL,NULL,2,NULL,NULL,NULL,0),('integrator_admin',1,'Integrador - Administrador',NULL,NULL,NULL,NULL,NULL,NULL,0),('integrator_operator',1,'Integrador - Operador',NULL,NULL,NULL,NULL,NULL,NULL,0),('integrator_supervisor',1,'Integrador - Supervisor',NULL,NULL,NULL,NULL,NULL,NULL,0),('listAlarm-log',3,'Alarmas pendientes',NULL,NULL,NULL,NULL,NULL,NULL,0),('map',2,'Mapa',NULL,NULL,31,NULL,NULL,'fas globe',0),('neighborhood',2,'Barrios',NULL,NULL,24,NULL,NULL,NULL,0),('parameters',2,'Parámetros',NULL,NULL,2,NULL,NULL,'fas cog',0),('person',2,'Consultar Identidad',NULL,NULL,41,NULL,NULL,'fas search',0),('person-group',2,'Grupos',NULL,NULL,24,NULL,NULL,NULL,0),('plate',2,'Registros de Placas',NULL,'',6,NULL,NULL,'fas file-invoice',0),('register',3,'Registrar',NULL,NULL,42,NULL,NULL,'fab wpforms',0),('registerPerson',3,'Registrar',NULL,NULL,NULL,NULL,NULL,NULL,0),('report',2,'Módulo de Reportes',NULL,NULL,6,NULL,NULL,'far file-excel',0),('reportAudit-log',3,'Reporte de Auditoría',NULL,NULL,NULL,NULL,NULL,NULL,0),('reportReport',3,'Exportar Reporte PDF',NULL,NULL,NULL,NULL,NULL,NULL,0),('searchPerson',3,'Buscar por imagen',NULL,NULL,NULL,NULL,NULL,NULL,0),('setup',2,'Comunidades Seguras',NULL,NULL,2,NULL,NULL,'fas users',0),('updateAccount',3,'Actualizar Cuenta',NULL,NULL,NULL,NULL,NULL,NULL,0),('updateAlarm',3,'Actualizar Alarma',NULL,NULL,NULL,1566688587,1566688587,NULL,0),('updateCamera',3,'Actualizar Cámara',NULL,NULL,NULL,NULL,NULL,NULL,0),('updateCity',3,'Actualizar Ciudad',NULL,NULL,NULL,NULL,NULL,NULL,0),('updateClient',3,'Actualizar Cliente',NULL,NULL,NULL,NULL,NULL,NULL,0),('updateDistrict',3,'Actualizar Localidad / Comuna',NULL,NULL,NULL,NULL,NULL,NULL,0),('updateIntegrator',3,'Actualizar Integrador',NULL,NULL,NULL,NULL,NULL,NULL,0),('updateNeighborhood',3,'Actualizar Barrio',NULL,NULL,NULL,NULL,NULL,NULL,0),('updatePerson',3,'Actualizar Datos',NULL,NULL,NULL,NULL,NULL,NULL,0),('updatePerson-group',3,'Actualizar Grupo',NULL,NULL,NULL,NULL,NULL,NULL,0),('updateUser',3,'Actualizar Usuario',NULL,NULL,NULL,1566688587,1566688587,NULL,0),('uploadAlarm-person',3,'Carga de Documento de Autorización',NULL,NULL,NULL,NULL,NULL,NULL,0),('user',2,'Usuarios',NULL,NULL,1,NULL,NULL,'far user',0),('video',2,'Videoverificación',NULL,NULL,3,NULL,NULL,'fas video',1),('viewAccount',3,'Ver Cuenta',NULL,NULL,NULL,NULL,NULL,NULL,0),('viewAlarm',3,'Ver Alarma',NULL,NULL,NULL,1566688587,1566688587,NULL,0),('viewAlarm-log',3,'Ver Alarm-log',NULL,NULL,NULL,1566688587,1566688587,NULL,0),('viewAudit-log',3,'Ver log de auditoría',NULL,NULL,NULL,NULL,NULL,NULL,0),('viewBrivo-log',3,'Ver Evento',NULL,NULL,NULL,NULL,NULL,NULL,0),('viewCamera',3,'Ver Cámara',NULL,NULL,NULL,NULL,NULL,NULL,0),('viewCity',3,'Ver Ciudad',NULL,NULL,NULL,NULL,NULL,NULL,0),('viewClient',3,'Ver Cliente',NULL,NULL,NULL,NULL,NULL,NULL,0),('viewDistrict',3,'Ver Localidad / Comuna',NULL,NULL,NULL,NULL,NULL,NULL,0),('viewIntegrator',3,'Ver Integrador',NULL,NULL,NULL,NULL,NULL,NULL,0),('viewNeighborhood',3,'Ver Barrio',NULL,NULL,NULL,NULL,NULL,NULL,0),('viewPerson',3,'Ver Datos',NULL,NULL,NULL,NULL,NULL,NULL,0),('viewPerson-group',3,'Ver Grupo',NULL,NULL,NULL,NULL,NULL,NULL,0),('viewPlate',3,'Información de Placa',NULL,'',NULL,NULL,NULL,NULL,0),('viewUser',3,'Ver Usuario',NULL,NULL,NULL,1566688587,1566688587,NULL,0),('visual',2,'Identificación Facial',NULL,NULL,4,NULL,NULL,'fas address-card',1);

--
-- Table structure for table `bridges`
--

CREATE TABLE `bridges` (
  `bridge_id` varchar(50) NOT NULL,
  `name` varchar(100) NOT NULL,
  `account_id` varchar(50) NOT NULL,
  `client_id` int NOT NULL,
  `service_status` varchar(10) NOT NULL,
  `guid` varchar(100) NOT NULL,
  `serial_number` varchar(100) NOT NULL,
  `device_status` int NOT NULL,
  `location` varchar(700) NOT NULL,
  PRIMARY KEY (`bridge_id`) USING BTREE,
  KEY `client_id` (`client_id`) USING BTREE,
  CONSTRAINT `bridges_ibfk_1` FOREIGN KEY (`client_id`) REFERENCES `clients` (`client_id`) ON UPDATE CASCADE
) ENGINE=InnoDB DEFAULT CHARSET=utf8mb3;

--
-- Dumping data for table `bridges`
--

INSERT INTO `bridges` VALUES ('1001af90','OFICINA VIOTEC','00036534',1,'ATTD','dc234cd0-6d17-11ee-9298-00e01b0aa291','EEN-BR304-116738',1179649,'{\"latitude\":4.605088,\"longitude\":-74.0903,\"azimuth\":null,\"range\":null,\"street_address\":\"Carrera 22 #81-95, Bogot\\u00e1, Colombia\",\"floor\":null,\"location_name\":\"\"}'),('10033374','BR304-47783','00036534',43,'ATTD','0646e064-bb80-46bf-a364-ba8ffa7dcc8a','EEN-BR304-47783',1179649,'{\"latitude\":null,\"longitude\":null,\"azimuth\":null,\"range\":null,\"street_address\":null,\"floor\":null,\"location_name\":null}'),('100344fb','Demo LPR Viotec','00036534',1,'ATTD','1259a89a-3686-11ed-ad57-042b58041bad','EEN-BR401-91783',1179649,'{\"latitude\":null,\"longitude\":null,\"azimuth\":null,\"range\":null,\"street_address\":null,\"floor\":null,\"location_name\":null}'),('10036333','BR304-47780','00036534',43,'ATTD','19c36a20-9f7d-4bfb-875a-32f970912279','EEN-BR304-47780',1179649,'{\"latitude\":null,\"longitude\":null,\"azimuth\":null,\"range\":null,\"street_address\":\"\",\"floor\":null,\"location_name\":\"\"}'),('1003d673','Demo BELCORP','00036534',1,'ATTD','9a2290bd-9ea8-4075-bef2-382a199e4f00','EEN-BR304-43305',139264,'{\"latitude\":null,\"longitude\":null,\"azimuth\":null,\"range\":null,\"street_address\":\"\",\"floor\":null,\"location_name\":\"\"}'),('10066461','OFICINA VIOTEC','00036534',33,'ATTD','5ae4de9c-9e93-4371-9712-6bc035625036','EEN-BR304-44107',1179649,'{\"latitude\":4.669167,\"longitude\":-74.061705,\"azimuth\":null,\"range\":null,\"street_address\":\"Carrera 22 #81-95, Bogot\\u00e1, Colombia\",\"floor\":null,\"location_name\":\"\"}'),('1007346f','Demo Redval','00036534',1,'ATTD','bfdc165f-b3d5-4d5f-9f5b-9bd9b2cb8b93','EEN-BR324-65450',139264,'{\"latitude\":null,\"longitude\":null,\"azimuth\":null,\"range\":null,\"street_address\":null,\"floor\":null,\"location_name\":null}'),('10075bb8','TOSTAO QUIRIGUA','00036534',33,'ATTD','9a2290bd-9ea8-4075-bef2-382a199e4f00','EEN-BR304-43305',139264,'{\"latitude\":4.706717,\"longitude\":-74.107222,\"azimuth\":null,\"range\":null,\"street_address\":\"Tv. 94 #No 80 A-16, Bogot\\u00e1, Colombia\",\"floor\":null,\"location_name\":\"TOSTAO\"}'),('10089444','Demo MARVAL','00036534',1,'ATTD','19c36a20-9f7d-4bfb-875a-32f970912279','EEN-BR304-47780',1212417,'{\"latitude\":7.118101,\"longitude\":-73.11214,\"azimuth\":null,\"range\":null,\"street_address\":\"Carrera 29 # 45-45, Bucaramanga,\",\"floor\":null,\"location_name\":\"Torre MARVAL\"}'),('100d8b08','DEMO LPR','00036534',33,'ATTD','4c60d59c-0de4-11ed-a716-18c04d82150f','EEN-BR401-88006',139264,'{\"latitude\":74.061688,\"longitude\":4.669545,\"azimuth\":null,\"range\":null,\"street_address\":\"Carrera 22 # 82-95\",\"floor\":1,\"location_name\":\"POLO CLUB\"}');

--
-- Table structure for table `brivo_sites`
--

CREATE TABLE `brivo_sites` (
  `id` int NOT NULL,
  `site_name` varchar(150) CHARACTER SET utf8mb3 COLLATE utf8mb3_unicode_ci NOT NULL,
  `street_address1` varchar(150) CHARACTER SET utf8mb3 COLLATE utf8mb3_unicode_ci NOT NULL,
  `street_address2` varchar(150) CHARACTER SET utf8mb3 COLLATE utf8mb3_unicode_ci NOT NULL,
  `city` varchar(150) CHARACTER SET utf8mb3 COLLATE utf8mb3_unicode_ci NOT NULL,
  `state` varchar(150) CHARACTER SET utf8mb3 COLLATE utf8mb3_unicode_ci NOT NULL,
  `postal_code` varchar(10) CHARACTER SET utf8mb3 COLLATE utf8mb3_unicode_ci NOT NULL,
  PRIMARY KEY (`id`) USING BTREE
) ENGINE=InnoDB DEFAULT CHARSET=utf8mb3 COLLATE=utf8mb3_unicode_ci;

--
-- Dumping data for table `brivo_sites`
--

INSERT INTO `brivo_sites` VALUES (28546806,'OFICINA VIOTEC','carrera 22#81-95','POLO CLUB','Bogota','CUNDINAMARA','1');

--
-- Table structure for table `cameras`
--

CREATE TABLE `cameras` (
  `camera_id` int NOT NULL AUTO_INCREMENT,
  `id` varchar(20) NOT NULL,
  `client_id` int NOT NULL DEFAULT '1',
  `account_id` int DEFAULT NULL,
  `type` varchar(20) DEFAULT NULL,
  `name` varchar(100) DEFAULT NULL,
  `address` varchar(100) DEFAULT NULL,
  `district_id` int DEFAULT NULL,
  `neighborhood` varchar(150) DEFAULT NULL,
  `city_id` varchar(6) DEFAULT NULL,
  `business_type` varchar(255) DEFAULT NULL,
  `latitude` decimal(18,15) DEFAULT NULL,
  `longitude` decimal(18,15) DEFAULT NULL,
  `analytics` text,
  `data` text,
  `status` tinyint DEFAULT NULL,
  `user_id` int DEFAULT '1',
  `zone_id` int DEFAULT NULL,
  `bridge_id` varchar(50) DEFAULT NULL,
  `snapshot_path` varchar(255) DEFAULT NULL,
  `active` int DEFAULT '1',
  `date` datetime DEFAULT NULL,
  `created` datetime DEFAULT NULL,
  PRIMARY KEY (`camera_id`) USING BTREE,
  KEY `account_id` (`account_id`) USING BTREE,
  KEY `client_id` (`client_id`) USING BTREE,
  KEY `camera_ibfk_5` (`user_id`),
  KEY `cameras_ibfk_1` (`city_id`),
  KEY `cameras_ibfk_2` (`district_id`),
  KEY `camera_ibfk_7` (`bridge_id`),
  CONSTRAINT `camera_ibfk_1` FOREIGN KEY (`account_id`) REFERENCES `accounts` (`account_id`),
  CONSTRAINT `camera_ibfk_4` FOREIGN KEY (`client_id`) REFERENCES `clients` (`client_id`),
  CONSTRAINT `camera_ibfk_5` FOREIGN KEY (`user_id`) REFERENCES `users` (`user_id`),
  CONSTRAINT `camera_ibfk_7` FOREIGN KEY (`bridge_id`) REFERENCES `bridges` (`bridge_id`),
  CONSTRAINT `cameras_ibfk_1` FOREIGN KEY (`city_id`) REFERENCES `cities` (`city_id`),
  CONSTRAINT `cameras_ibfk_2` FOREIGN KEY (`district_id`) REFERENCES `districts` (`district_id`)
) ENGINE=InnoDB AUTO_INCREMENT=698 DEFAULT CHARSET=utf8mb3;

--
-- Dumping data for table `cameras`
--

INSERT INTO `cameras` VALUES (4,'937056',30,2,'Fija','La Alborada','Vereda Argenzul',NULL,'','11001','Residencial',4.675051000000000,-75.670959000000000,'N/A','{\"cameraId\":937056,\"name\":\"Hayuelos\",\"deviceTypeId\":802,\"zoneId\":411658,\"accountId\":77855,\"ethMacAddress\":\"00-1C-27-14-0F-DC\"}',2,2,NULL,NULL,NULL,0,'2021-01-06 15:30:30',NULL),(5,'1046121',30,2,'Fija','Demo Ed Magenta','',10,'','11001','',NULL,NULL,'N/A',NULL,2,1,NULL,NULL,NULL,0,'2020-11-26 15:25:01',NULL),(6,'1003255a',30,1,'Fija','Bodega-7-Simoni','Unnamed Road, Mosquera, Cundinamarca, Colombia',NULL,'','54321','',4.693858000000000,-74.214771000000000,'N/A','{\"account_id\":\"00036534\",\"id\":\"1003255a\",\"name\":\"Bodega-7-Simoniz\",\"type\":\"camera\",\"bridges\":[{\"esn\":\"10075bb8\",\"status\":\"ATTD\"}],\"service_status\":\"ATTD\",\"permissions\":\"czGgfhMsNpSZ\",\"tags\":[\"alistamiento\"],\"guid\":\"3c03ac3d-b335-b079-2e1b-1df1c2472cec\",\"serial_number\":null,\"camera_status\":8192,\"timezone\":\"America\\/Bogota\",\"timezone_utc_offset\":-18000,\"is_unsupported\":1,\"ip_address\":\"\",\"is_shared\":0,\"owner_account_name\":\"CUENTA DEMO\",\"is_upnp\":false,\"video_input\":null,\"video_status\":null,\"location\":{\"latitude\":4.693858,\"longitude\":-74.214771,\"azimuth\":356.119534,\"range\":28.852982,\"street_address\":\"Unnamed Road, Mosquera, Cundinamarca, Colombia\",\"floor\":1,\"location_name\":\"Centro Log\\u00edstico Milano 1\"},\"parent_camera_id\":null,\"child_camera_view\":null,\"is_hidden\":0,\"ignored_inputs\":[],\"responder_camera\":0}',0,1,NULL,NULL,NULL,1,'2021-01-21 15:40:03',NULL),(108,'1',30,NULL,NULL,'HOTEL GUADALUPE','Calle 14N # 8N-26',NULL,'Granada','76001','Comercial',3.459118000000000,-76.533720000000000,'N/A',NULL,0,1,NULL,NULL,NULL,1,'2020-11-26 15:20:01',NULL),(109,'2',30,NULL,NULL,'NACARADA','Av. 9 N # 14 - 52',NULL,'Granada','76001','Comercial',3.459442000000000,-76.534158000000000,'N/A',NULL,0,1,NULL,NULL,NULL,1,'2020-11-26 15:20:01',NULL),(110,'3',30,NULL,NULL,'D´TOLUCA','Cl. 17 N # 8N - 42',NULL,'Granada','76001','Comercial',3.460793000000000,-76.532671000000000,'N/A',NULL,0,1,NULL,NULL,NULL,1,'2020-11-26 15:20:01',NULL),(111,'4',30,NULL,NULL,'Juan Valdez Granada','Av 9 N #17-11',NULL,'Granada','76001','Comercial',3.461117000000000,-76.532951000000000,'N/A',NULL,0,1,NULL,NULL,NULL,1,'2020-11-26 15:20:01',NULL),(112,'5',30,NULL,NULL,'MAMBO Estudio','Calle 16 Norte # 9n-10',NULL,'Granada','76001','Comercial',3.460455000000000,-76.533468000000000,'N/A',NULL,0,1,NULL,NULL,NULL,1,'2020-11-26 15:20:01',NULL),(113,'6',30,NULL,NULL,'Faró Granada','Av 9 N # 15AN-02',NULL,'Granada','76001','Comercial',3.459886000000000,-76.533887000000000,'N/A',NULL,0,1,NULL,NULL,NULL,1,'2020-11-26 15:20:01',NULL),(114,'7',30,NULL,NULL,'EL RANCHO','Cl. 15A N # 9N - 10',NULL,'Granada','76001','Comercial',3.459932000000000,-76.534037000000000,'N/A',NULL,0,1,NULL,NULL,NULL,1,'2020-11-26 15:20:01',NULL),(115,'8',30,NULL,NULL,'RESTAURANTE VIU','Av 9N 13-17',NULL,'Granada','76001','Comercial',3.458359000000000,-76.535062000000000,'N/A',NULL,0,1,NULL,NULL,NULL,1,'2020-11-26 15:20:01',NULL),(116,'9',30,NULL,NULL,'Hotel Granada Inn','Av 9 AN # 14N-70',NULL,'Granada','76001','Comercial',3.459853000000000,-76.534904000000000,'N/A',NULL,0,1,NULL,NULL,NULL,1,'2020-11-26 15:20:01',NULL),(117,'10',30,NULL,NULL,'Molle Pizza','Av 9 AN # 15BN-51',NULL,'Granada','76001','Comercial',3.461067000000000,-76.534090000000000,'N/A',NULL,0,1,NULL,NULL,NULL,1,'2020-11-26 15:20:01',NULL),(118,'11',30,NULL,NULL,'HELADERIA LA SUIZA','Carrera 46 # 56-70',NULL,NULL,'05615','Comercial',6.156901000000000,-75.370238000000000,'N/A',NULL,0,1,NULL,NULL,NULL,1,'2020-11-26 15:20:01',NULL),(119,'12',30,NULL,NULL,'FERRETERIA LA REBAJA','Cra. 45 # 52-12',NULL,NULL,'05615','Comercial',6.155434000000000,-75.369737000000000,'N/A',NULL,0,1,NULL,NULL,NULL,1,'2020-11-26 15:20:01',NULL),(120,'13',30,NULL,NULL,'FERRETERIA DEL ORIENTE','Cl. 52 # 45-11',NULL,NULL,'05615','Comercial',6.155273000000000,-75.369865000000000,'N/A',NULL,0,1,NULL,NULL,NULL,1,'2020-11-26 15:20:01',NULL),(121,'14',30,NULL,NULL,'FERRETERIA LA CASONA','Calle 56 # 45-83',NULL,NULL,'05615','Comercial',6.157191000000000,-75.369602000000000,'N/A',NULL,0,1,NULL,NULL,NULL,1,'2020-11-26 15:20:01',NULL),(122,'15',30,NULL,NULL,'ELECTRICOS Y MAS','Carrera 47 # 52-27',NULL,NULL,'05615','Comercial',6.155458000000000,-75.371507000000000,'N/A',NULL,0,1,NULL,NULL,NULL,1,'2020-11-26 15:20:01',NULL),(123,'16',30,NULL,NULL,'P MERCADO GALERIAS','Carrera 46 con Calle 56',NULL,NULL,'05615','Comercial',6.157157000000000,-75.369855000000000,'N/A',NULL,0,1,NULL,NULL,NULL,1,'2020-11-26 15:20:01',NULL),(124,'17',30,NULL,NULL,'ELECTRICOS ARBELAEZ','Cl. 52 #45-12',NULL,NULL,'05615','Comercial',6.155443000000000,-75.369970000000000,'N/A',NULL,0,1,NULL,NULL,NULL,1,'2020-11-26 15:20:01',NULL),(125,'18',30,NULL,NULL,'P MERCADO GALERIAS','Carrera 46 #55-72',NULL,NULL,'05615','Comercial',6.156898000000000,-75.370058000000000,'N/A',NULL,0,1,NULL,NULL,NULL,1,'2020-11-26 15:20:01',NULL),(126,'19',30,NULL,NULL,'P MERCADO GALERIAS','Calle 55 con Carrera 45',NULL,NULL,'05615','Comercial',6.156279000000000,-75.369162000000000,'N/A',NULL,0,1,NULL,NULL,NULL,1,'2020-11-26 15:20:01',NULL),(127,'20',30,NULL,NULL,'440 ORIENTAL','Cra. 13 # 83-47',NULL,NULL,'11001','Comercial',4.668230000000000,-74.054249000000000,'N/A',NULL,0,1,NULL,NULL,NULL,1,'2020-11-26 15:20:01',NULL),(128,'21',30,NULL,NULL,'Marquez Bar','Cra. 13 # 83-47',NULL,NULL,'11001','Comercial',4.668234000000000,-74.054240000000000,'N/A',NULL,0,1,NULL,NULL,NULL,1,'2020-11-26 15:20:01',NULL),(129,'22',30,NULL,NULL,'Quinto Bar','Cl. 84 # 13-47',NULL,NULL,'11001','Comercial',4.668753000000000,-74.054310000000000,'N/A',NULL,0,1,NULL,NULL,NULL,1,'2020-11-26 15:20:01',NULL),(130,'23',30,NULL,NULL,'Hotel V Bar','Cl. 84 # 13-17',NULL,NULL,'11001','Comercial',4.668763000000000,-74.054327000000000,'N/A',NULL,0,1,NULL,NULL,NULL,1,'2020-11-26 15:20:01',NULL),(131,'24',30,NULL,NULL,'Black Sheep','Carrera 13 84-71',NULL,NULL,'11001','Comercial',4.668451000000000,-74.054198000000000,'N/A',NULL,0,1,NULL,NULL,NULL,1,'2020-11-26 15:20:01',NULL),(132,'25',30,NULL,NULL,'Beer Market','Carrera 13 84-71',NULL,NULL,'11001','Comercial',4.668440000000000,-74.054180000000000,'N/A',NULL,0,1,NULL,NULL,NULL,1,'2020-11-26 15:20:01',NULL),(133,'26',30,NULL,NULL,'Matilde Lina','Calle 81 11-34',NULL,NULL,'11001','Comercial',4.665277000000000,-74.053729000000000,'N/A',NULL,0,1,NULL,NULL,NULL,1,'2020-11-26 15:20:01',NULL),(134,'27',30,NULL,NULL,'Archies','Cl. 82 # 13-70',NULL,NULL,'11001','Comercial',4.666905000000000,-74.054988000000000,'N/A',NULL,0,1,NULL,NULL,NULL,1,'2020-11-26 15:20:01',NULL),(135,'28',30,NULL,NULL,'FURIA','Calle 81 13-26',NULL,NULL,'11001','Comercial',4.666474000000000,-74.055555000000000,'N/A',NULL,0,1,NULL,NULL,NULL,1,'2020-11-26 15:20:01',NULL),(136,'29',30,NULL,NULL,'BAR ROCKET','Carrera 13 # 82-74',NULL,NULL,'11001','Comercial',4.667276000000000,-74.054701000000000,'N/A',NULL,0,1,NULL,NULL,NULL,1,'2020-11-26 15:20:01',NULL),(137,'30',30,NULL,NULL,'LA CHULA','Carrera 13 # 82-82',NULL,NULL,'11001','Comercial',4.667375000000000,-74.054653000000000,'N/A',NULL,0,1,NULL,NULL,NULL,1,'2020-11-26 15:20:01',NULL),(138,'31',30,NULL,NULL,'NACIONAL JESÚS MARÍA OCAMPO','Calle 30 29-40',NULL,NULL,'63001','Educativo ',4.531450000000000,-75.689619000000000,'N/A',NULL,0,1,NULL,NULL,NULL,1,'2020-11-26 15:20:01',NULL),(139,'32',30,NULL,NULL,'NACIONAL JESÚS MARÍA OCAMPO','Calle 30 29-40',NULL,NULL,'63001','Educativo ',4.531450000000000,-75.689609000000000,'N/A',NULL,0,1,NULL,NULL,NULL,1,'2020-11-26 15:20:01',NULL),(140,'33',30,NULL,NULL,'Institución Educativa los Quindos',NULL,NULL,NULL,'63001','Residencial',4.523219000000000,-75.704264000000000,'N/A',NULL,0,1,NULL,NULL,NULL,1,'2020-11-26 15:20:01',NULL),(141,'34',30,NULL,NULL,'Institución Educativa los Quindos',NULL,NULL,NULL,'63001','Residencial',4.523209000000000,-75.704244000000000,'N/A',NULL,0,1,NULL,NULL,NULL,1,'2020-11-26 15:20:01',NULL),(142,'35',30,NULL,NULL,'Intitucion Educativa Ciudadela del Sur',NULL,NULL,NULL,'63001','Residencial',4.516178000000000,-75.712315000000000,'N/A',NULL,0,1,NULL,NULL,NULL,1,'2020-11-26 15:20:01',NULL),(143,'36',30,NULL,NULL,'Intitucion Educativa Ciudadela del Sur',NULL,NULL,NULL,'63001','Residencial',4.516158000000000,-75.712305000000000,'N/A',NULL,0,1,NULL,NULL,NULL,1,'2020-11-26 15:20:01',NULL),(144,'37',30,NULL,NULL,'Colegio Rufino José Cuervo','Calle 48 #25-39',NULL,NULL,'63001','Residencial',4.523349000000000,-75.694240000000000,'N/A',NULL,0,1,NULL,NULL,NULL,1,'2020-11-26 15:20:01',NULL),(145,'38',30,NULL,NULL,'Colegio Rufino José Cuervo','Calle 48 #25-39',NULL,NULL,'63001','Residencial',4.523084000000000,-75.694224000000000,'N/A',NULL,0,1,NULL,NULL,NULL,1,'2020-11-26 15:20:01',NULL),(146,'39',30,NULL,NULL,'Colegio Teresita Montes','Carrera 20 53-25',NULL,NULL,'63001','Residencial',4.518467000000000,-75.693638000000000,'N/A',NULL,0,1,NULL,NULL,NULL,1,'2020-11-26 15:20:01',NULL),(147,'40',30,NULL,NULL,'Colegio Teresita Montes','Carrera 20 53-25',NULL,NULL,'63001','Residencial',4.518020000000000,-75.693361000000000,'N/A',NULL,0,1,NULL,NULL,NULL,1,'2020-11-26 15:20:01',NULL),(148,'41',30,NULL,NULL,'Colegio Bosques de Pinares','Carrera 18  58-43',NULL,NULL,'63001','Residencial',4.513201000000000,-75.697538000000000,'N/A',NULL,0,1,NULL,NULL,NULL,1,'2020-11-26 15:20:01',NULL),(149,'42',30,NULL,NULL,'Colegio Bosques de Pinares','Carrera 18  58-43',NULL,NULL,'63001','Residencial',4.513277000000000,-75.697297000000000,'N/A',NULL,0,1,NULL,NULL,NULL,1,'2020-11-26 15:20:01',NULL),(150,'43',30,NULL,NULL,'Instituto Técnico Industrial','Carrera 5 # 65-03',NULL,NULL,'63001','Residencial',4.503433000000000,-75.697349000000000,'N/A',NULL,0,1,NULL,NULL,NULL,1,'2020-11-26 15:20:01',NULL),(151,'44',30,NULL,NULL,'Instituto Técnico Industrial','Carrera 5 # 65-03',NULL,NULL,'63001','Residencial',4.503467000000000,-75.696894000000000,'N/A',NULL,0,1,NULL,NULL,NULL,1,'2020-11-26 15:20:01',NULL),(152,'45',30,NULL,NULL,'Colegio Rufino Jose Cuervo Centro','Carrera 27 #22-21',NULL,NULL,'63001','Residencial',4.539898000000000,-75.680990000000000,'N/A',NULL,0,1,NULL,NULL,NULL,1,'2020-11-26 15:20:01',NULL),(153,'46',30,NULL,NULL,'Colegio Rufino Jose Cuervo Centro','Carrera 27 #22-21',NULL,NULL,'63001','Residencial',4.539522000000000,-75.680692000000000,'N/A',NULL,0,1,NULL,NULL,NULL,1,'2020-11-26 15:20:01',NULL),(154,'47',30,NULL,NULL,'Escuela Normal Superior Del Quindío','Calle 21 # 33-82',NULL,NULL,'63001','Residencial',4.543778000000000,-75.685213000000000,'N/A',NULL,0,1,NULL,NULL,NULL,1,'2020-11-26 15:20:01',NULL),(155,'48',30,NULL,NULL,'Escuela Normal Superior Del Quindío','Calle 21 # 33-82',NULL,NULL,'63001','Residencial',4.543816000000000,-75.684797000000000,'N/A',NULL,0,1,NULL,NULL,NULL,1,'2020-11-26 15:20:01',NULL),(156,'49',30,NULL,NULL,'CASD','Carrera 27 # 8-20',NULL,NULL,'63001','Residencial',4.546049000000000,-75.677170000000000,'N/A',NULL,0,1,NULL,NULL,NULL,1,'2020-11-26 15:20:01',NULL),(157,'50',30,NULL,NULL,'CASD','Carrera 27 # 8-20',NULL,NULL,'63001','Residencial',4.546286000000000,-75.677103000000000,'N/A',NULL,0,1,NULL,NULL,NULL,1,'2020-11-26 15:20:01',NULL),(158,'1145197',30,2,'Fija','Kit Seguridad Colaborativa 1 Cam 2','Vereda Argenzul',NULL,'','12345','Rural',NULL,NULL,'N/A',NULL,2,2,NULL,NULL,NULL,0,'2021-01-13 12:09:47',NULL),(171,'1195496',30,2,'Fija','Kit Seguridad Colaborativa 2 CAM 1','Alcladia',9,'Hayuelos','11001','',4.666233000000000,-74.132485000000000,'N/A','{\"cameraId\":1195496,\"name\":\"Kit Seguridad Colaborativa No2\",\"deviceTypeId\":801,\"zoneId\":613613,\"accountId\":77855,\"ethMacAddress\":\"00-1C-27-11-87-A8\"}',2,1,NULL,NULL,NULL,0,'2021-01-26 09:15:05',NULL),(177,'1202886',30,2,'Fija','Guacamayas Cam 3','Calle 38 B sur # 2m 14',4,'Las Guacamayas','11001','',4.557840000000000,-74.100440000000000,'N/A',NULL,2,2,NULL,NULL,NULL,0,'2020-12-03 08:54:32',NULL),(178,'1204800',30,2,'Fija','Los Libertadores 1','Barrio Los Libertadores Manzana A Casa No 6',NULL,'Los Libertadores','63001','Vivienda',4.543773000000000,-75.676921000000000,'N/A','{\"cameraId\":1204800,\"name\":\"Los Libertadores 1\",\"deviceTypeId\":801,\"ethMacAddress\":\"00-1C-27-14-D1-93\",\"zoneId\":613613,\"accountId\":77855}',2,1,NULL,NULL,NULL,1,'2022-07-02 08:15:04',NULL),(179,'1204841',30,2,'Fija','Los Libertadores 2','Cl. 17 N No 8N-42',38,'Los Libertadores','63001','Residencial',4.543768000000000,-75.676886000000000,'N/A','{\"cameraId\":1204841,\"name\":\"Los Libertadores 2\",\"deviceTypeId\":801,\"ethMacAddress\":\"00-1C-27-14-D1-9E\",\"zoneId\":613613,\"accountId\":77855}',2,1,NULL,NULL,NULL,1,'2022-07-02 08:15:04','2021-01-13 11:10:07'),(182,'100556ab',30,1,'Fija','Kennedy Centro','Cl. 26 Sur #73b40, Bogotá, Cundinamarca, Colombia',8,'Ciudad Kennedy Central','11001','',4.622378000000000,-74.144371000000000,'N/A','{\"account_id\":\"00036534\",\"id\":\"100556ab\",\"name\":\"Kennedy Centro\",\"type\":\"camera\",\"bridges\":[{\"esn\":\"10075bb8\",\"status\":\"ATTD\"}],\"service_status\":\"ATTD\",\"permissions\":\"czGgfhMsNpSZ\",\"tags\":[\"v\\u00eda publica\"],\"guid\":\"2e934580-649f-11e6-a84b-001c271030cc\",\"serial_number\":\"2020-05-11T19:16:36.949636\",\"camera_status\":32803,\"timezone\":\"America\\/Bogota\",\"timezone_utc_offset\":-18000,\"is_unsupported\":0,\"ip_address\":\"*10.143.213.67\",\"is_shared\":0,\"owner_account_name\":\"CUENTA DEMO\",\"is_upnp\":false,\"video_input\":null,\"video_status\":null,\"location\":{\"latitude\":4.622378,\"longitude\":-74.144371,\"azimuth\":252.532377,\"range\":81.377506,\"street_address\":\"Cl. 26 Sur #73b40, Bogot\\u00e1, Cundinamarca, Colombia\",\"floor\":1,\"location_name\":\"OFICINA SOLUTRON\"},\"parent_camera_id\":null,\"child_camera_view\":null,\"is_hidden\":0,\"ignored_inputs\":[],\"responder_camera\":0}',0,1,NULL,NULL,NULL,1,'2021-01-07 10:55:02','2020-11-19 17:57:20'),(183,'1268663',30,2,'Fija','Constructora Bolivar','Carrera 6 Calle 16A',NULL,'','11001','Residencial',4.860712000000000,-74.046196000000000,'N/A','{\"cameraId\":1268663,\"name\":\"Constructora Bol\\u00edvar \",\"deviceTypeId\":801,\"ethMacAddress\":\"00-1C-27-14-D1-A3\",\"zoneId\":1081042,\"accountId\":77855}',2,1,NULL,NULL,NULL,1,'2022-06-22 14:55:18','2020-11-19 17:59:58'),(184,'1272032',30,2,'Fija','SAMPER MENDOZA CAM1','Cl. 22c #25-56',14,'Samper Mendoza','11001','Industrial',4.619479000000000,-74.081654000000000,'N/A','{\"cameraId\":1272032,\"name\":\"SAMPER MENDOZA CAM1\",\"deviceTypeId\":801,\"ethMacAddress\":\"00-1C-27-14-D1-96\",\"zoneId\":691428,\"accountId\":77855}',2,1,NULL,NULL,NULL,1,'2022-07-02 08:20:02','2020-11-19 17:59:58'),(187,'100e8a59',30,25,NULL,'Siera ','Roberto Laplace, Don Torcuato, Buenos Aires',NULL,NULL,NULL,NULL,-34.491398600000000,-58.609552400000000,'N/A','{\"account_id\":\"00036534\",\"id\":\"100e8a59\",\"name\":\"Siera .120\",\"type\":\"camera\",\"bridges\":[{\"esn\":\"1006d8de\",\"status\":\"ATTD\"}],\"service_status\":\"ATTD\",\"permissions\":\"cZdghMpsz\",\"tags\":[\"parqueadero\"],\"guid\":\"5e5fd39d-788b-cbfa-ee7d-647366006775\",\"serial_number\":null,\"camera_status\":1966143,\"timezone\":\"America\\/Argentina\\/Buenos_Aires\",\"timezone_utc_offset\":-10800,\"is_unsupported\":0,\"ip_address\":\"*192.168.70.120\",\"is_shared\":1,\"owner_account_name\":\"Cliente1\",\"is_upnp\":false,\"video_input\":null,\"video_status\":null,\"location\":{\"latitude\":-34.4913986,\"longitude\":-58.60955239999999,\"azimuth\":null,\"range\":null,\"street_address\":\"Roberto Laplace, Don Torcuato, Buenos Aires\",\"floor\":null,\"location_name\":\"Torcuato, Provincia de Buenos Aires\"},\"parent_camera_id\":null,\"child_camera_view\":null,\"is_hidden\":0,\"ignored_inputs\":[],\"responder_camera\":0}',2,1,NULL,NULL,NULL,1,'2022-08-10 10:08:35','2020-11-30 10:40:02'),(190,'1389877',30,3,NULL,'EEN EN-CCUC-002a',NULL,NULL,NULL,NULL,NULL,NULL,NULL,'N/A','{\"cameraId\":1389877,\"name\":\"EEN EN-CCUC-002a\",\"deviceTypeId\":10024,\"zoneId\":787050,\"accountId\":253253,\"ethMacAddress\":\"BC-32-5F-3B-CD-5D\"}',2,1,NULL,NULL,NULL,0,'2021-01-22 15:25:02','2021-01-22 11:55:06'),(191,'1390218',30,3,NULL,'EEN EN-CCUC-002a',NULL,NULL,NULL,NULL,NULL,NULL,NULL,'N/A','{\"cameraId\":1390218,\"name\":\"EEN EN-CCUC-002a\",\"deviceTypeId\":10024,\"zoneId\":787050,\"accountId\":253253,\"ethMacAddress\":\"BC-32-5F-3B-CD-5D\"}',2,1,NULL,NULL,NULL,0,'2021-02-05 09:15:11','2021-01-22 15:35:06'),(192,'1395145',30,3,NULL,'EEN EN-CDUB-009',NULL,NULL,NULL,NULL,NULL,NULL,NULL,'N/A','{\"cameraId\":1395145,\"name\":\"EEN EN-CDUB-009\",\"deviceTypeId\":458,\"zoneId\":785816,\"accountId\":253253,\"ethMacAddress\":\"00-1C-27-14-D1-9D\"}',2,1,NULL,NULL,NULL,0,'2021-01-25 10:15:11','2021-01-25 10:15:08'),(193,'1395199',9,5,'Fija','AVICOLA MILU','Cl. 16c #15-28',8,'Andalucía I y II','11001','Comercial',4.652881100000000,-74.134871500000000,'N/A','{\"cameraId\":1395199,\"name\":\"EDS TERPEL LA 17\",\"deviceTypeId\":458,\"ethMacAddress\":\"00-1C-27-14-D1-9D\",\"zoneId\":785816,\"accountId\":253253}',2,1,785816,NULL,NULL,1,'2024-05-10 08:37:29','2021-01-25 10:40:06'),(194,'1395294',30,3,NULL,'CAM - 02',NULL,NULL,NULL,NULL,NULL,NULL,NULL,'N/A','{\"cameraId\":1395294,\"name\":\"Fendipetrolero 2\",\"deviceTypeId\":458,\"zoneId\":785816,\"accountId\":253253,\"ethMacAddress\":\"00-1C-27-14-D1-A1\"}',2,1,NULL,NULL,NULL,0,'2021-02-05 09:15:11','2021-01-25 11:15:05'),(195,'1413984',30,2,'Fija','Arroyave-smartphone','',NULL,'','11001','',NULL,NULL,'N/A','{\"cameraId\":1413984,\"name\":\"Arroyave-smartphone\",\"deviceTypeId\":10031,\"zoneId\":687334,\"accountId\":77855,\"ethMacAddress\":\"33-22-11-22-02-04\"}',2,1,NULL,NULL,NULL,1,'2021-06-02 09:05:05','2021-02-04 04:20:04'),(201,'1505589',8,6,'Fija','SBA','Cra. 71d #3 Sur-14 a 3 Sur-2',8,'Las Américas','11001','Comercial',4.620315000000000,74.137296000000000,'N/A','{\"cameraId\":1505589,\"name\":\"SBA\",\"deviceTypeId\":10027,\"ethMacAddress\":\"00-1C-27-14-F4-A1\",\"zoneId\":884335,\"accountId\":253253}',2,1,NULL,NULL,NULL,1,'2022-05-06 09:35:10','2021-05-20 11:17:40'),(203,'1482092',6,8,'Fija','Domo PT',NULL,NULL,NULL,'11001',NULL,10.986401000000000,-74.791004000000000,'N/A','{\"cameraId\":1482092,\"name\":\"Domo PT\",\"deviceTypeId\":10029,\"zoneId\":764699,\"accountId\":253253,\"ethMacAddress\":\"BC-32-5F-3C-EE-74\"}',2,1,NULL,NULL,NULL,1,'2021-08-26 08:35:17','2021-06-16 00:00:00'),(207,'1007743e',30,25,NULL,'Siera .121','Roberto Laplace, Don Torcuato, Buenos Aires',NULL,NULL,NULL,NULL,-34.491399000000000,-58.609552000000000,'N/A','{\"account_id\":\"00036534\",\"id\":\"1007743e\",\"name\":\"Siera .121\",\"type\":\"camera\",\"bridges\":[{\"esn\":\"1006d8de\",\"status\":\"ATTD\"}],\"service_status\":\"ATTD\",\"permissions\":\"cZdghMpsz\",\"tags\":[],\"guid\":\"73edfb6d-8492-fa61-453f-647366006774\",\"serial_number\":null,\"camera_status\":1966143,\"timezone\":\"America\\/Argentina\\/Buenos_Aires\",\"timezone_utc_offset\":-10800,\"is_unsupported\":0,\"ip_address\":\"*192.168.70.121\",\"is_shared\":1,\"owner_account_name\":\"Cliente1\",\"is_upnp\":false,\"video_input\":null,\"video_status\":null,\"location\":{\"latitude\":-34.491399,\"longitude\":-58.609552,\"azimuth\":null,\"range\":null,\"street_address\":\"Roberto Laplace, Don Torcuato, Buenos Aires\",\"floor\":null,\"location_name\":\"Torcuato, Provincia de Buenos Aires\"},\"parent_camera_id\":null,\"child_camera_view\":null,\"is_hidden\":0,\"ignored_inputs\":[],\"responder_camera\":0}',2,1,NULL,NULL,NULL,1,'2022-08-10 10:08:35','2021-06-17 15:47:12'),(217,'217',30,8,'Fija','Kit Seguridad Colaborativa No 1','Cl. 53b #44-61',38,'Granada','10012','Comercial',10.980000000000000,-74.823025000000000,'N/A','{\"cameraId\":1371172,\"name\":\"D\\u00b4Toluca\",\"deviceTypeId\":458,\"ethMacAddress\":\"00-1C-27-11-87-B4\",\"zoneId\":1099965,\"accountId\":253253}',0,52,NULL,NULL,NULL,1,'2022-07-01 14:59:35','2021-06-18 15:54:17'),(219,'219',30,8,'Fija','Kit Seguridad Comunitaria No 2','Cl. 53b #44-61',NULL,'','10012','vComercial',10.994266000000000,-74.818865000000000,'N/A','{\"cameraId\":1452468,\"name\":\"Alarma Comunitaria Granada\",\"deviceTypeId\":458,\"ethMacAddress\":\"00-1C-27-11-87-A8\",\"zoneId\":1099965,\"accountId\":253253}',0,52,NULL,NULL,NULL,1,'2022-07-01 14:57:33','2021-06-18 15:54:17'),(223,'1505589',6,8,'Fija','SBA','Cl. 53b #44-61',38,'Granada','10012','Comercial',10.986401000000000,10.986401000000000,'N/A','{\"cameraId\":1505589,\"name\":\"SBA\",\"deviceTypeId\":10027,\"ethMacAddress\":\"00-1C-27-14-F4-A1\",\"zoneId\":884335,\"accountId\":253253}',2,1,NULL,NULL,NULL,1,'2022-05-06 09:35:12','2021-06-18 15:54:20'),(225,'225',4,3,'Fija','EDS  Terpel la 17','Cl. 17 #18-96',NULL,'','10012','Comercial',10.957245200000000,74.774356300000000,'N/A','{\"cameraId\":1701868,\"name\":\"EDS Terpel la 17\",\"deviceTypeId\":458,\"ethMacAddress\":\"00-1C-27-11-87-B0\",\"zoneId\":1069964,\"accountId\":253253}',0,25,NULL,NULL,NULL,1,'2022-02-05 10:45:25','2021-07-17 15:00:06'),(228,'1842214',13,9,'Fija','FC LA MERCE - P.A 3','CALLE 29 9-171',273,'LA MERCE','763041','VÍA PÚBLICA',3.896951000000000,-76.307466000000000,'N/A','{\"cameraId\":1842214,\"name\":\"FC LA MERCE\",\"deviceTypeId\":806,\"ethMacAddress\":\"00-1C-27-15-70-5C\",\"zoneId\":1156585,\"accountId\":783796}',1,1,1156585,NULL,NULL,1,'2024-02-29 14:39:00','2021-10-21 09:19:11'),(229,'1842238',13,9,'Fija','FC BARRIO LA VENTURA - P.A 15','CALLE 19 CON 19 B',273,'BARRIO LA VENTURA','763041','VÍA PÚBLICA',3.912533000000000,-76.302130000000000,'N/A','{\"cameraId\":1842238,\"name\":\"FC BARRIO LA VENTURA\",\"deviceTypeId\":806,\"ethMacAddress\":\"00-1C-27-15-70-5A\",\"zoneId\":1156585,\"accountId\":783796}',1,1,1156585,NULL,NULL,1,'2023-07-14 17:25:30','2021-10-21 09:19:11'),(230,'1842251',13,9,'Fija','FC ALTO BONITO - P.A 19','Cra. 7 Este ##12-23',274,'ALTO BONITO2','10154','VÍA PÚBLICA',3.899913000000000,-76.286409000000000,'N/A','{\"cameraId\":1842251,\"name\":\"FC ALTO BONITO\",\"deviceTypeId\":806,\"ethMacAddress\":\"00-1C-27-15-70-54\",\"zoneId\":1156585,\"accountId\":783796}',1,1,1156585,NULL,NULL,1,'2023-08-10 11:16:27','2021-10-21 09:19:11'),(231,'1842253',13,9,'Fija','FC BALBOA - P.A 16','CALLE 23 CON 8',273,'BALBOA','763041','VÍA PÚBLICA',3.911091000000000,-76.291084000000000,'N/A','{\"cameraId\":1842253,\"name\":\"FC BALBOA\",\"deviceTypeId\":806,\"ethMacAddress\":\"00-1C-27-15-70-58\",\"zoneId\":1156585,\"accountId\":783796}',1,1,1156585,NULL,NULL,1,'2022-12-21 13:15:29','2021-10-21 09:19:11'),(232,'1842281',13,9,'Fija','FC DIVINO NIÑO - P.A 20','CALLE 14 17-56',273,'DIVINO NIÑO','763041','VÍA PÚBLICA',3.907410000000000,-76.302452000000000,'N/A','{\"cameraId\":1842281,\"name\":\"FC DIVINO NI\\u00d1O\",\"deviceTypeId\":806,\"ethMacAddress\":\"00-1C-27-15-70-57\",\"zoneId\":1156585,\"accountId\":783796}',1,1,1156585,NULL,NULL,1,'2022-12-21 13:15:29','2021-10-21 09:19:11'),(233,'1854903',13,9,'Fija','PABLO BLANCO - PA 2','CALLE 15 # 28 - 12',273,'PABLO BLANCO','763041','',3.912768400000000,-76.307170400000000,'N/A','{\"cameraId\":1854903,\"name\":\"FC PABLO BLANCO\",\"deviceTypeId\":806,\"ethMacAddress\":\"00-1C-27-15-70-59\",\"zoneId\":1156585,\"accountId\":783796}',1,1,1156585,NULL,NULL,1,'2023-07-14 17:25:30','2021-10-25 11:05:11'),(234,'1854935',13,9,'Fija','FC JOSE OBRERO P.A 4','CALLE 29 9-171',273,'JOSE OBRERO','763041','',3.915352400000000,-76.290175600000000,'N/A','{\"cameraId\":1854935,\"name\":\"FC JOSE OBRERO\",\"deviceTypeId\":806,\"ethMacAddress\":\"00-1C-27-15-70-62\",\"zoneId\":1156585,\"accountId\":783796}',1,1,1156585,NULL,NULL,1,'2022-12-21 13:15:29','2021-10-25 11:20:14'),(235,'1854968',13,9,'Fija','FC DIVINO NIÑO 2 - P.A 5','CALLE 21 ',273,'DIVINO NIÑO','763041','URBANO',3.895683300000000,-76.308837100000000,'N/A','{\"cameraId\":1854968,\"name\":\"FC DIVINO NI\\u00d1O 2\",\"deviceTypeId\":806,\"ethMacAddress\":\"00-1C-27-15-70-5B\",\"zoneId\":1156585,\"accountId\":783796}',1,1,1156585,NULL,NULL,1,'2022-12-21 13:15:29','2021-10-25 11:35:13'),(236,'1855023',13,9,'Fija','FC AURES - P.A 6','CALLE 1 DN 20 -04',273,'AURES','763041','VÍA PÚBLICA',3.895683300000000,-76.308837100000000,'N/A','{\"cameraId\":1855023,\"name\":\"FC AURES \",\"deviceTypeId\":806,\"ethMacAddress\":\"00-1C-27-15-70-61\",\"zoneId\":1156585,\"accountId\":783796}',2,1,1156585,NULL,NULL,1,'2023-07-14 17:19:56','2021-10-25 12:00:11'),(237,'1855048',13,9,'Fija','FC PRADOS DE LA JULIA - P.A 7','CALLE 3 SUR 13-C 03',273,'PRADOS DE JULIA','763041','VÍA PÚBLICA',3.891316400000000,-76.304040000000000,'N/A','{\"cameraId\":1855048,\"name\":\"FC PRADOS DE LA JULIA\",\"deviceTypeId\":806,\"ethMacAddress\":\"00-1C-27-15-6F-D2\",\"zoneId\":1156585,\"accountId\":783796}',1,1,1156585,NULL,NULL,1,'2023-11-10 10:56:03','2021-10-25 12:25:22'),(238,'1855088',13,9,'Fija','FC SANTA BARBARA - P.A 8','CARRERA 8 11-31',273,'SANTA BARBARA','763041','VÍA PÚBLICA',3.901328600000000,-76.292220800000000,'N/A','{\"cameraId\":1855088,\"name\":\"FC SANTA BARBARA 2\",\"deviceTypeId\":806,\"ethMacAddress\":\"00-1C-27-15-6F-DA\",\"zoneId\":1156585,\"accountId\":783796}',1,1,1156585,NULL,NULL,1,'2023-07-14 17:25:30','2021-10-25 12:40:12'),(239,'1855100',13,9,'Fija','FC SANTA RITA - P.A 9','CALLE 4 A SUR 17-37',273,'SANTA RITA','763041','VÍA PÚBLICA',3.890788500000000,-76.309159300000000,'N/A','{\"cameraId\":1855100,\"name\":\"FC SANTA RITA\",\"deviceTypeId\":806,\"ethMacAddress\":\"00-1C-27-15-6F-DF\",\"zoneId\":1156585,\"accountId\":783796}',2,1,1156585,NULL,NULL,1,'2023-11-16 09:15:15','2021-10-25 12:55:12'),(240,'1855118',13,9,'Fija','FC REVOLUCION - P.A 10','CALLE 11 3-28',273,'REVOLUCION','763041','VÍA PÚBLICA',3.899486200000000,-76.290205800000000,'N/A','{\"cameraId\":1855118,\"name\":\"FC REVOLUCION\",\"deviceTypeId\":806,\"ethMacAddress\":\"00-1C-27-15-6F-E5\",\"zoneId\":1156585,\"accountId\":783796}',1,1,1156585,NULL,NULL,1,'2023-07-14 17:25:31','2021-10-25 13:10:12'),(241,'1855148',13,9,'Fija','FC  JORGE GAITAN - P.A 11 ','CALLE 26 12-19',273,'JORGE GAITAN','763041','VÍA PÚBLICA',3.766539900000000,-76.335376200000000,'N/A','{\"cameraId\":1855148,\"name\":\"FC JORGE GAITAN\",\"deviceTypeId\":806,\"ethMacAddress\":\"00-1C-27-15-6F-E1\",\"zoneId\":1156585,\"accountId\":783796}',1,1,1156585,NULL,NULL,1,'2023-07-14 17:25:31','2021-10-25 13:30:20'),(242,'1855158',13,9,'Fija','FC REVOLUCION - P.A 12','CALLE 12 1-17E',273,'REVOLUCION','763041','VÍA PÚBLICA',3.900049500000000,-76.289241900000000,'N/A','{\"cameraId\":1855158,\"name\":\"FC REVOLUCION 2\",\"deviceTypeId\":806,\"ethMacAddress\":\"00-1C-27-15-6F-DD\",\"zoneId\":1156585,\"accountId\":783796}',1,1,1156585,NULL,NULL,1,'2023-07-14 17:25:31','2021-10-25 13:45:15'),(243,'1855164',13,9,'Fija','FC FUEN MAYOR - P.A 13','CALLE 17 CON 8',273,'FUEN MAYOR','763041','VÍA PÚBLICA',3.907035900000000,-76.293815400000000,'N/A','{\"cameraId\":1855164,\"name\":\"FC FUEN MAYOR\",\"deviceTypeId\":806,\"ethMacAddress\":\"00-1C-27-15-6F-EB\",\"zoneId\":1156585,\"accountId\":783796}',2,1,1156585,NULL,NULL,1,'2023-11-16 09:15:15','2021-10-25 14:00:13'),(244,'1855180',13,9,'Fija','FC ALBERGUE - P.A 14','CALLE 1 SUR CON 5 A',273,'ALBERGUE','763041','VÍA PÚBLICA',3.891257500000000,-76.292573000000000,'N/A','{\"cameraId\":1855180,\"name\":\"FC ALBERGUE\",\"deviceTypeId\":806,\"ethMacAddress\":\"00-1C-27-15-70-3E\",\"zoneId\":1156585,\"accountId\":783796}',1,1,1156585,NULL,NULL,1,'2022-12-21 13:15:29','2021-10-25 14:10:15'),(245,'1855288',13,9,'Fija','FC LOS ROSALES - P.A 17','CALLE 31 14-41',273,'ROSALES','763041','VÍA PÚBLICA',3.919057600000000,-76.294161400000000,'N/A','{\"cameraId\":1855288,\"name\":\"FC LOS ROSALES\",\"deviceTypeId\":806,\"ethMacAddress\":\"00-1C-27-15-6F-D7\",\"zoneId\":1156585,\"accountId\":783796}',1,1,1156585,NULL,NULL,1,'2023-07-14 17:25:31','2021-10-25 15:55:12'),(246,'1855318',13,9,'Fija','FC NUEVO HORIZONTE - P.A 18','CARRERA 19 B 24 -82',273,'NUEVO HORIZONTE','763041','VÍA PÚBLICA',3.916746600000000,-76.300194300000000,'N/A','{\"cameraId\":1855318,\"name\":\"FC NUEVO HORIZONTE\",\"deviceTypeId\":806,\"ethMacAddress\":\"00-1C-27-15-6F-CD\",\"zoneId\":1156585,\"accountId\":783796}',1,1,1156585,NULL,NULL,1,'2022-12-21 13:15:29','2021-10-25 16:15:13'),(247,'1855337',13,9,'Fija','FC BRISAS DEL NORTE - P.A 21','CARRE 7C 26C - 17',273,'BRISAS DEL NORTE','763041','VÍA PÚBLICA',3.913097200000000,-76.288752000000000,'N/A','{\"cameraId\":1855337,\"name\":\"FC BRISAS DEL NORTE\",\"deviceTypeId\":806,\"ethMacAddress\":\"00-1C-27-15-6F-9A\",\"zoneId\":1156585,\"accountId\":783796}',1,1,1156585,NULL,NULL,1,'2022-12-21 13:15:29','2021-10-25 16:30:12'),(248,'1855349',13,9,'Fija','FC COLOMBIA - P.A 57','CALLE 35 NO 29-68',267,'COLOMBIA','7635','VÍA PÚBLICA',3.532185100000000,-76.299298800000000,'N/A','{\"cameraId\":1855349,\"name\":\"FC COLOMBIA\",\"deviceTypeId\":806,\"ethMacAddress\":\"00-1C-27-15-6F-8A\",\"zoneId\":1167500,\"accountId\":783796}',1,1,1167500,NULL,NULL,1,'2023-11-16 09:18:12','2021-10-25 16:45:11'),(249,'1855376',13,9,'Fija','FC PRADO - P.A 58','CALLE 35 NO 42-88',267,'PRADO','7635','VÍA PÚBLICA',3.321878000000000,-76.313493700000000,'N/A','{\"cameraId\":1855376,\"name\":\"FC PRADO\",\"deviceTypeId\":806,\"ethMacAddress\":\"00-1C-27-15-70-27\",\"zoneId\":1167500,\"accountId\":783796}',1,1,1167500,NULL,NULL,1,'2022-12-21 13:15:29','2021-10-25 17:10:10'),(250,'1855425',13,9,'Fija','FC EL RECREO - P.A 59','CARRERA 24 CON CALLES 21 Y 22',267,'EL RECREO','7635','VÍA PÚBLICA',3.521815300000000,-76.294087600000000,'N/A','{\"cameraId\":1855425,\"name\":\"FC EL RECREO\",\"deviceTypeId\":806,\"ethMacAddress\":\"00-1C-27-15-6F-9B\",\"zoneId\":1167500,\"accountId\":783796}',1,1,1167500,NULL,NULL,1,'2023-07-14 17:25:31','2021-10-25 17:55:11'),(251,'1855450',13,9,'Fija','FC SANTA BARBARA - PA 1','CALLE 12 CON 15',273,'SANTA BARBARA','763041','VÍA PÚBLICA',3.901328600000000,-76.292220800000000,'N/A','{\"cameraId\":1855450,\"name\":\"FC SANTA BARBARA\",\"deviceTypeId\":806,\"ethMacAddress\":\"00-1C-27-15-70-64\",\"zoneId\":1156585,\"accountId\":783796}',1,1,1156585,NULL,NULL,1,'2022-12-21 13:15:29','2021-10-25 18:15:13'),(252,'1856343',13,9,'Fija','FC LA VEGA - P.A 60','CARRERA 28 CALLE 74 Y 74A',267,'LA VEGA','7635','VÍA PÚBLICA',3.558968300000000,-76.292247600000000,'N/A','{\"cameraId\":1856343,\"name\":\"FC LA VEGA\",\"deviceTypeId\":806,\"ethMacAddress\":\"00-1C-27-15-6F-90\",\"zoneId\":1167500,\"accountId\":783796}',1,1,1167500,NULL,NULL,1,'2022-12-21 13:15:29','2021-10-26 06:25:14'),(253,'1856385',13,9,'Fija','DEPARTAMENTAL- P.A 61','CRA 32 # 52-25',267,'DEPARTAMENTAL','7635','VÍA PÚBLICA',3.545961100000000,-76.300383100000000,'N/A','{\"cameraId\":1856385,\"name\":\"FC DEPARTAMENTAL\",\"deviceTypeId\":806,\"ethMacAddress\":\"00-1C-27-15-70-1B\",\"zoneId\":1167500,\"accountId\":783796}',1,1,1167500,NULL,NULL,1,'2023-07-14 17:25:31','2021-10-26 06:45:11'),(254,'1856402',13,9,'Fija','FC PORTALES DEL SEMBRADOR - P.A 62','calle 24 con carrera 21',267,'PORTALES DEL SEMBRADOR','7635','VÍA PÚBLICA',3.518931600000000,-76.295945000000000,'N/A','{\"cameraId\":1856402,\"name\":\"FC PORTALES DEL SEMBRADOR\",\"deviceTypeId\":806,\"ethMacAddress\":\"00-1C-27-15-6F-98\",\"zoneId\":1167500,\"accountId\":783796}',1,1,1167500,NULL,NULL,1,'2022-12-21 13:15:29','2021-10-26 07:00:16'),(255,'1856433',13,9,'Fija','FC BOSQUES DE VERSALLES - P.A 63','CALLE 59 # 42A-14',267,'BOSQUES VERSALLES','7635','VÍA PÚBLICA',3.538421800000000,-76.295212500000000,'N/A','{\"cameraId\":1856433,\"name\":\"FC BOSQUES DE VERSALLES\",\"deviceTypeId\":806,\"ethMacAddress\":\"00-1C-27-15-6F-C8\",\"zoneId\":1167500,\"accountId\":783796}',1,1,1167500,NULL,NULL,1,'2023-07-14 17:25:31','2021-10-26 07:15:10'),(256,'1856455',13,9,'Fija','FC CENTRO - P.A 64','CALLE 31 CARRERA 25',267,'CENTRO','7635','VÍA PÚBLICA',3.527587200000000,-76.296569000000000,'N/A','{\"cameraId\":1856455,\"name\":\"FC CENTRO\",\"deviceTypeId\":806,\"ethMacAddress\":\"00-1C-27-15-70-1A\",\"zoneId\":1167500,\"accountId\":783796}',1,1,1167500,NULL,NULL,1,'2022-12-21 13:15:29','2021-10-26 07:30:11'),(257,'1856485',13,9,'Fija','FC BENEDICTA - P.A 65','CALLE 48 CARRERA 34',267,'BENEDICTA','7635','VÍA PÚBLICA',3.543199400000000,-76.302849700000000,'N/A','{\"cameraId\":1856485,\"name\":\"FC BENEDICTA\",\"deviceTypeId\":806,\"ethMacAddress\":\"00-1C-27-15-6F-8D\",\"zoneId\":1167500,\"accountId\":783796}',1,1,1167500,NULL,NULL,1,'2023-07-14 17:25:31','2021-10-26 07:45:11'),(258,'1857374',13,9,'Fija','FC CENTRO - P.A 66','CALLE  28 CARRERA 28',267,'CENTRO ','7635','VÍA PÚBLICA',3.525263100000000,-76.299082600000000,'N/A','{\"cameraId\":1857374,\"name\":\"FC CENTRO 2\",\"deviceTypeId\":806,\"ethMacAddress\":\"00-1C-27-15-70-09\",\"zoneId\":1167500,\"accountId\":783796}',1,1,1167500,NULL,NULL,1,'2023-07-14 17:25:31','2021-10-26 20:20:11'),(259,'259',13,9,'Fija','FC SAN CARLOS- P.A 67','CALLE 41 NO 8-71',267,'SAN CARLOS ','7635','VÍA PÚBLICA',3.536291800000000,-76.282243000000000,'N/A','{\"cameraId\":1857376,\"name\":\"FC SAN CARLOS\",\"deviceTypeId\":806,\"ethMacAddress\":\"00-1C-27-15-70-0A\",\"zoneId\":1167500,\"accountId\":783796}',0,49,1167500,NULL,NULL,1,'2022-09-22 07:56:46','2021-10-26 20:30:12'),(260,'1857396',13,9,'Fija','FC LAS AMERICAS - P.A 68','CALLE 15 CARRERA 26 Y 26A ',267,'LAS AMERICAS','7635','VÍA PÚBLICA',3.513885900000000,-76.300121900000000,'N/A','{\"cameraId\":1857396,\"name\":\"FC LAS AMERICAS\",\"deviceTypeId\":806,\"ethMacAddress\":\"00-1C-27-15-70-3B\",\"zoneId\":1167500,\"accountId\":783796}',1,1,1167500,NULL,NULL,1,'2022-12-21 13:15:29','2021-10-26 20:45:10'),(261,'1857404',13,9,'Fija','FC PARQUES DE LA ITALIA - P.A 69','DIAGONAL 26 CALLE 6 ',267,'PARQUES DE ITALIA','7635','VÍA PÚBLICA',3.506297700000000,-76.298575600000000,'N/A','{\"cameraId\":1857404,\"name\":\"FC PARQUES DE LA ITALIA\",\"deviceTypeId\":806,\"ethMacAddress\":\"00-1C-27-15-70-2A\",\"zoneId\":1167500,\"accountId\":783796}',1,1,1167500,NULL,NULL,1,'2023-11-16 09:30:07','2021-10-26 20:55:13'),(262,'1857407',13,9,'Fija','FC BOSQUE - P.A 70','CALLE 33C NO 7-71',267,'BOSQUE','7635','VÍA PÚBLICA',3.529340700000000,-76.281276700000000,'N/A','{\"cameraId\":1857407,\"name\":\"FC BOSQUE\",\"deviceTypeId\":806,\"ethMacAddress\":\"00-1C-27-15-70-35\",\"zoneId\":1167500,\"accountId\":783796}',1,1,1167500,NULL,NULL,1,'2022-12-21 13:15:29','2021-10-26 21:05:13'),(263,'1857409',13,9,'Fija','FC OBRERO - P.A 71','CALLE 35 # CRA 26 Y 27',267,'OBRERO','7635','VÍA PÚBLICA',3.531779900000000,-76.296493600000000,'N/A','{\"cameraId\":1857409,\"name\":\"FC OBRERO\",\"deviceTypeId\":806,\"ethMacAddress\":\"00-1C-27-15-6F-79\",\"zoneId\":1167500,\"accountId\":783796}',1,1,1167500,NULL,NULL,1,'2023-07-14 17:25:31','2021-10-26 21:20:11'),(264,'1857422',13,9,'Fija','FC LAS DELICIAS - P.A 72','INTERIOR DE LA GALERIA ',267,'LAS DELICIAS','7635','VÍA PÚBLICA',3.524692500000000,-76.297167100000000,'N/A','{\"cameraId\":1857422,\"name\":\"FC LAS DELICIAS\",\"deviceTypeId\":806,\"ethMacAddress\":\"00-1C-27-15-70-30\",\"zoneId\":1167500,\"accountId\":783796}',2,1,1167500,NULL,NULL,1,'2023-11-10 10:56:03','2021-10-26 21:35:15'),(265,'1857430',13,9,'Fija','FC BOSQUES DE VERSALLES - P.A 73','Calle 43 No 25-88 ',267,'BOSQUES VERSALLES','7635','VÍA PÚBLICA',3.538421800000000,-76.295212500000000,'N/A','{\"cameraId\":1857430,\"name\":\"FC BOSQUES DE VERSALLES 2\",\"deviceTypeId\":806,\"ethMacAddress\":\"00-1C-27-15-70-08\",\"zoneId\":1167500,\"accountId\":783796}',1,1,1167500,NULL,NULL,1,'2022-12-21 13:15:29','2021-10-26 21:50:11'),(266,'1857441',13,9,'Fija','FC SANTA ISABEL - P.A 74','CALLE 45B CON CARRERA 30 ',267,'SANTA ISABEL','7635','VÍA PÚBLICA',3.541244400000000,-76.298361700000000,'N/A','{\"cameraId\":1857441,\"name\":\"FC SANTA ISABEL\",\"deviceTypeId\":806,\"ethMacAddress\":\"00-1C-27-15-70-01\",\"zoneId\":1167500,\"accountId\":783796}',1,1,1167500,NULL,NULL,1,'2023-11-16 09:29:06','2021-10-26 22:00:13'),(267,'1858605',13,9,'Fija','FC GUTIERREZ Y ARANGO - P.A 22','CARRERA 15 CALL 12 Y 13',277,'GUTIERREZ Y ARANGO','76122','VÍA PÚBLICA',4.334528400000000,-75.829174000000000,'N/A','{\"cameraId\":1858605,\"name\":\"FC GUTIERREZ Y ARANGO\",\"deviceTypeId\":806,\"ethMacAddress\":\"00-1C-27-15-70-37\",\"zoneId\":1169912,\"accountId\":783796}',1,1,1169912,NULL,NULL,1,'2022-12-21 13:15:29','2021-10-27 10:55:15'),(268,'1858643',13,9,'Fija','FC CIUDADELA - P.A 23','Calle 11  8-40',277,'CIUDADELA','76122','VÍA PÚBLICA',4.334655800000000,-75.824240700000000,'N/A','{\"cameraId\":1858643,\"name\":\"FC CIUDADELA\",\"deviceTypeId\":806,\"ethMacAddress\":\"00-1C-27-15-70-10\",\"zoneId\":1169912,\"accountId\":783796}',1,1,1169912,NULL,NULL,1,'2023-07-14 17:19:56','2021-10-27 11:15:13'),(269,'1858657',13,9,'Fija','FC EL CARMEN - P.A 24','CRA 16 Y 15 CON CALLES 7,8,9,10 Y 11',277,'EL CARMEN','76122','VÍA PÚBLICA',4.329174600000000,-75.829073000000000,'N/A','{\"cameraId\":1858657,\"name\":\"FC EL CARMEN\",\"deviceTypeId\":806,\"ethMacAddress\":\"00-1C-27-15-70-03\",\"zoneId\":1169912,\"accountId\":783796}',1,1,1169912,NULL,NULL,1,'2022-12-21 13:15:30','2021-10-27 11:25:14'),(270,'1858670',13,9,'Fija','FC URBANICACION CENTINELA - P.A 25','Carrera 17 # 18-56',277,'URBANICACION CENTINELA','76122','VIA PUBLICA',4.339668800000000,-75.831564100000000,'N/A','{\"cameraId\":1858670,\"name\":\"FC URBANICACION CENTINELA\",\"deviceTypeId\":806,\"ethMacAddress\":\"00-1C-27-15-70-07\",\"zoneId\":1169912,\"accountId\":783796}',1,1,1169912,NULL,NULL,1,'2022-12-21 13:15:30','2021-10-27 11:35:15'),(271,'271',13,9,'Fija','FC LA PRADERA - P.A 26','Cl. 5 #20-71',281,'LA PRADERA','76147','',4.733507300000000,-75.907824000000000,'N/A','{\"cameraId\":1858681,\"name\":\"FC LA PRADERA\",\"deviceTypeId\":806,\"ethMacAddress\":\"00-1C-27-15-70-3C\",\"zoneId\":1169912,\"accountId\":783796}',0,49,NULL,NULL,NULL,1,'2022-09-07 09:32:35','2021-10-27 11:45:12'),(272,'1858702',13,9,'Fija','FC CALLE DE LOS ARGOS - P.A 27','Carrera 9 No 22-24',281,'CALLE DE LOS ARGOS','76147','VÍA PÚBLICA',4.747007100000000,-75.925304000000000,'N/A','{\"cameraId\":1858702,\"name\":\"FC CALLE DE LOS ARGOS\",\"deviceTypeId\":806,\"ethMacAddress\":\"00-1C-27-15-70-0C\",\"zoneId\":1169974,\"accountId\":783796}',1,1,1169974,NULL,NULL,1,'2023-11-10 12:38:02','2021-10-27 12:00:14'),(273,'1858732',13,9,'Fija','FC BARRIO EL LLANO - P.A 28','Cra. 2 #17-105',281,'BARRIO EL LLANO','76147','',4.751742300000000,-75.919957000000000,'N/A','{\"cameraId\":1858732,\"name\":\"FC BARRIO EL LLANO\",\"deviceTypeId\":806,\"ethMacAddress\":\"00-1C-27-15-70-12\",\"zoneId\":1169974,\"accountId\":783796}',1,1,1169974,NULL,NULL,1,'2022-12-21 13:15:30','2021-10-27 12:25:12'),(274,'1858738',13,9,'Fija','FC BARRIO EMAUS - P.A 29','Cl. 14 #23-161',281,'BARRIO EMAUS','76147','VÍA PÚBLICA',4.730515400000000,-75.914646900000000,'N/A','{\"cameraId\":1858738,\"name\":\"FC BARRIO EMAUS\",\"deviceTypeId\":806,\"ethMacAddress\":\"00-1C-27-15-70-2D\",\"zoneId\":1169974,\"accountId\":783796}',1,1,1169974,NULL,NULL,1,'2022-12-21 13:15:30','2021-10-27 12:35:14'),(275,'1858759',13,9,'Fija','FC BULEVAR - P.A 30','CARRERA 2 B NO. 28-02',281,'BULEVAR','76147','',4.756221600000000,-75.929892600000000,'N/A','{\"cameraId\":1858759,\"name\":\"FC BULEVAR\",\"deviceTypeId\":806,\"ethMacAddress\":\"00-1C-27-15-70-2C\",\"zoneId\":1169974,\"accountId\":783796}',1,1,1169974,NULL,NULL,1,'2023-07-14 17:19:56','2021-10-27 12:50:11'),(276,'1858837',13,9,'Fija','FC LIMONAR - P.A 31','MAZ M CASA 19 NO. 15-45',281,'LIMONAR','76147','',4.743345100000000,-75.925052200000000,'N/A','{\"cameraId\":1858837,\"name\":\"FC LIMONAR\",\"deviceTypeId\":806,\"ethMacAddress\":\"00-1C-27-15-70-14\",\"zoneId\":1169974,\"accountId\":783796}',1,1,1169974,NULL,NULL,1,'2022-12-21 13:15:30','2021-10-27 14:00:12'),(277,'1860072',13,9,'Fija','FC LOS ANGELES - P.A 32','MAZ 6 CAS 15',281,'LOS ANGELES','76147','',4.760952700000000,-75.936918000000000,'N/A','{\"cameraId\":1860072,\"name\":\"FC LOS ANGELES\",\"deviceTypeId\":806,\"ethMacAddress\":\"00-1C-27-15-70-34\",\"zoneId\":1169974,\"accountId\":783796}',1,1,1169974,NULL,NULL,1,'2022-12-21 13:15:30','2021-10-28 09:15:08'),(278,'1860663',13,9,'Fija','FC VILLA HELENA  - P.A 33','CALLE 18 ENTRE CARRERA 11 Y 13 NORTE',281,'VILLA HELENA','76147','',4.759626600000000,-75.918801700000000,'N/A','{\"cameraId\":1860663,\"name\":\"FC VILLA HELENA \",\"deviceTypeId\":806,\"ethMacAddress\":\"00-1C-27-15-70-24\",\"zoneId\":1169974,\"accountId\":783796}',1,1,1169974,NULL,NULL,1,'2022-12-21 13:15:30','2021-10-28 16:15:07'),(279,'1860696',13,9,'Fija','FC LAS COLINAS - P.A 34','BLOQUES 10,11,12 #1-47',281,'LAS COLINAS','76147','VÍA PÚBLICA',4.740365300000000,-75.903436300000000,'N/A','{\"cameraId\":1860696,\"name\":\"FC LAS COLINAS\",\"deviceTypeId\":806,\"ethMacAddress\":\"00-1C-27-15-6F-96\",\"zoneId\":1169974,\"accountId\":783796}',1,1,1169974,NULL,NULL,1,'2023-07-14 17:25:31','2021-10-28 16:30:09'),(280,'1860704',13,9,'Fija','FC CIUDADELA COMFANDI - P.A 35','CALLE 2 A NO. 22 D-34',281,'CIUDADELA COMFANDI','76147','',4.731646200000000,-75.905061000000000,'N/A','{\"cameraId\":1860704,\"name\":\"FC CIUDADELA COMFANDI\",\"deviceTypeId\":806,\"ethMacAddress\":\"00-1C-27-15-6F-D5\",\"zoneId\":1169974,\"accountId\":783796}',1,1,1169974,NULL,NULL,1,'2023-11-10 11:22:53','2021-10-28 16:45:09'),(281,'1860710',13,9,'Fija','FC ORTEZ - P.A 36','CALLE 1 E 2-09',281,'ORTEZ','76147','VIA PUBLICA',4.754645900000000,-75.898401100000000,'N/A','{\"cameraId\":1860710,\"name\":\"FC ORTEZ\",\"deviceTypeId\":806,\"ethMacAddress\":\"00-1C-27-15-6F-8C\",\"zoneId\":1169974,\"accountId\":783796}',1,1,1169974,NULL,NULL,1,'2022-12-21 13:15:30','2021-10-28 16:55:07'),(282,'1860723',13,9,'Fija','FC JORGE ELIECER GAITAN - P.A 37','CARRERA 6 CALLE 7',281,'JORGE ELICER GAITAN','76147','VIA PUBLICA',4.748501600000000,-75.907791900000000,'N/A','{\"cameraId\":1860723,\"name\":\"FC JORGE ELIECER GAITAN\",\"deviceTypeId\":806,\"ethMacAddress\":\"00-1C-27-15-70-21\",\"zoneId\":1169974,\"accountId\":783796}',1,1,1169974,NULL,NULL,1,'2022-12-21 13:15:30','2021-10-28 17:05:08'),(283,'1860753',13,9,'Fija','FC GALERIA - P.A 38','CALLE 13 NO. 5 B -25',281,'GALERIA','76147','VIA PUBLICA',4.748083300000000,-75.914801500000000,'N/A','{\"cameraId\":1860753,\"name\":\"FC GALERIA\",\"deviceTypeId\":806,\"ethMacAddress\":\"00-1C-27-15-70-28\",\"zoneId\":1169974,\"accountId\":783796}',1,1,1169974,NULL,NULL,1,'2023-07-14 17:25:31','2021-10-28 17:15:08'),(284,'1860778',13,9,'Fija','FC ALAMEDA - P.A 39','CALLE 2 ESTE NO. 2 A -51',281,'ALAMEDA','76147','',4.752793100000000,-75.898903700000000,'N/A','{\"cameraId\":1860778,\"name\":\"FC ALAMEDA\",\"deviceTypeId\":806,\"ethMacAddress\":\"00-1C-27-15-70-22\",\"zoneId\":1169974,\"accountId\":783796}',1,1,1169974,NULL,NULL,1,'2023-11-16 09:15:15','2021-10-28 17:30:08'),(285,'1860782',13,9,'Fija','FC CAMBULOS - P.A 40','CARRERA 1 NORTE CALLE 27 ESQUINA ',281,'CAMBULOS','76147','VÍA PÚBLICA',4.757953000000000,-75.929249200000000,'N/A','{\"cameraId\":1860782,\"name\":\"FC CAMBULOS\",\"deviceTypeId\":806,\"ethMacAddress\":\"00-1C-27-15-70-23\",\"zoneId\":1169974,\"accountId\":783796}',1,1,1169974,NULL,NULL,1,'2022-12-21 13:15:30','2021-10-28 17:40:08'),(286,'286',13,9,'Fija','FC  SANTA MONICA - P.A 41','CARRERA 14 C#18-13',281,'SANTA MONICA','76147','VÍA PÚBLICA',4.742459300000000,-75.922266100000000,'N/A','{\"cameraId\":1860787,\"name\":\"CENTRO\",\"deviceTypeId\":806,\"ethMacAddress\":\"00-1C-27-15-6F-85\",\"zoneId\":1169974,\"accountId\":783796}',0,49,NULL,NULL,NULL,1,'2022-08-18 09:42:44','2021-10-28 17:50:07'),(287,'1860821',13,9,'Fija','FC CENTRO - P.A 42','CALLE 13 ENTRE 4 Y 5 ',281,'CENTRO','76147','VÍA PÚBLICA',4.750167600000000,-75.914828000000000,'N/A','{\"cameraId\":1860821,\"name\":\"FC CENTRO\",\"deviceTypeId\":806,\"ethMacAddress\":\"00-1C-27-15-6F-97\",\"zoneId\":1169974,\"accountId\":783796}',1,1,1169974,NULL,NULL,1,'2022-12-21 13:15:30','2021-10-28 18:15:11'),(288,'1862001',13,9,'Fija','FC ARANJUEZ - P.A 52','CARRERA 2 D CALLE 2',286,'CENTRAL','76318','VÍA PÚBLICA',3.759763200000000,-76.328507400000000,'N/A','{\"cameraId\":1862001,\"name\":\"FC CENTRAL (1)\",\"deviceTypeId\":806,\"ethMacAddress\":\"00-1C-27-15-6F-78\",\"zoneId\":1172757,\"accountId\":783796}',1,1,1172757,NULL,NULL,1,'2023-07-14 17:25:31','2021-10-29 07:15:21'),(289,'1862017',13,9,'Fija','FC CENTRAL - P.A 51','CALLE 5 CON 3 E',286,'ARANJUEZ','76318','VÍA PÚBLICA',3.763017000000000,-76.325144600000000,'N/A','{\"cameraId\":1862017,\"name\":\"FC ARANJUEZ\",\"deviceTypeId\":806,\"ethMacAddress\":\"00-1C-27-15-6F-82\",\"zoneId\":1172757,\"accountId\":783796}',1,1,1172757,NULL,NULL,1,'2023-07-14 17:19:56','2021-10-29 07:35:08'),(290,'1862027',13,9,'Fija','FC LIMONAL - P.A 53','CALLE 5 CARRERA 6 Y 7',286,'LIMONAR','76318','VÍA PÚBLICA',3.763864100000000,-76.332145100000000,'N/A','{\"cameraId\":1862027,\"name\":\"FC CENTRAL (2)\",\"deviceTypeId\":806,\"ethMacAddress\":\"00-1C-27-15-6F-F3\",\"zoneId\":1172757,\"accountId\":783796}',1,1,1172757,NULL,NULL,1,'2022-12-21 13:15:30','2021-10-29 07:45:11'),(291,'291',13,9,'Fija','FC LA LUISA - P.A 54','CALLE 7 CARRERA 10 Y 11',286,'LIMONAR','76318','',3.766539900000000,-76.335376200000000,'N/A','{\"cameraId\":1862050,\"name\":\"FC EL LIMONAR\",\"deviceTypeId\":806,\"ethMacAddress\":\"00-1C-27-15-6F-9C\",\"zoneId\":1172757,\"accountId\":783796}',0,49,1172757,NULL,NULL,1,'2022-09-28 07:48:43','2021-10-29 08:00:09'),(292,'1862079',13,9,'Fija','FC LA ITALIA - P.A 56','CARRERA 3 D CALLE 4 SUR Y 6',286,'LA ITALIA','76318','VÍA PÚBLICA',3.757097100000000,-76.331521900000000,'','{\"cameraId\":1862079,\"name\":\"FC LA LUISA\",\"deviceTypeId\":806,\"ethMacAddress\":\"00-1C-27-15-6F-E2\",\"zoneId\":1172757,\"accountId\":783796}',1,1,1172757,NULL,NULL,1,'2023-07-14 17:25:31','2021-10-29 08:10:09'),(293,'1862096',13,9,'Fija','FC CEIBA VERDE - P.A 56','Cl. 9ª #2-11',286,'CEIBA VERDE ','76318','VÍA PÚBLICA',3.767155800000000,-76.327951800000000,'N/A','{\"cameraId\":1862096,\"name\":\"FC LA ITALIA\",\"deviceTypeId\":806,\"ethMacAddress\":\"00-1C-27-15-6F-80\",\"zoneId\":1172757,\"accountId\":783796}',1,1,1172757,NULL,NULL,1,'2022-12-21 13:15:30','2021-10-29 08:30:11'),(294,'1862133',13,9,'Fija','FC LAS MERCEDES - P.A 107','CRA 11 CLL 14',295,'LAS MERCEDES ','76895','VÍA PÚBLICA',4.398880700000000,-76.070142300000000,'N/A','{\"cameraId\":1862133,\"name\":\"FC LAS MERCEDES \",\"deviceTypeId\":806,\"ethMacAddress\":\"00-1C-27-15-6F-F7\",\"zoneId\":1172854,\"accountId\":783796}',1,1,1172854,NULL,NULL,1,'2023-11-10 10:57:45','2021-10-29 08:55:08'),(295,'1862168',13,9,'Fija','FC LOS LAGOS - P.A 108','CALLE2 #2 8-59',295,'LOS LAGOS','76895','VÍA PÚBLICA',4.388350900000000,-76.075407800000000,'N/A','{\"cameraId\":1862168,\"name\":\"FC LOS LAGOS\",\"deviceTypeId\":806,\"ethMacAddress\":\"00-1C-27-15-6F-83\",\"zoneId\":1172854,\"accountId\":783796}',1,1,1172854,NULL,NULL,1,'2023-11-16 09:31:07','2021-10-29 09:10:09'),(296,'1862180',13,9,'Fija','FC LIBRAIDA - P.A 109','CALLE 9 16-41',295,'LIBRAIDA','76895','VÍA PÚBLICA',4.396486900000000,-76.076579200000000,'N/A','{\"cameraId\":1862180,\"name\":\"FC LIBRAIDA\",\"deviceTypeId\":806,\"ethMacAddress\":\"00-1C-27-15-70-33\",\"zoneId\":1172854,\"accountId\":783796}',1,1,1172854,NULL,NULL,1,'2023-07-14 17:25:31','2021-10-29 09:15:08'),(297,'1862208',13,9,'Fija','FC BOLIVAR - P.A 110','CARRERA 5 CALLE 16',295,'BOLIVAR','76895','VÍA PÚBLICA',4.396167600000000,-76.065083600000000,'N/A','{\"cameraId\":1862208,\"name\":\"FC BOLIVAR\",\"deviceTypeId\":806,\"ethMacAddress\":\"00-1C-27-15-70-15\",\"zoneId\":1172854,\"accountId\":783796}',2,1,1172854,NULL,NULL,1,'2023-11-10 10:56:03','2021-10-29 09:30:08'),(300,'1875165',13,9,'Fija','FC BARRIO ALTO DE LA CRUZ - P.A 76','CARRERA 54 CON CALLE 53',288,'BARRIO ALTO DE LA CRUZ','76736','VÍA PÚBLICA',4.266667300000000,-75.937198300000000,'N/A','{\"cameraId\":1875165,\"name\":\"FC BARRIO ALTO DE LA CRUZ\",\"deviceTypeId\":806,\"ethMacAddress\":\"00-1C-27-15-70-4F\",\"zoneId\":1184041,\"accountId\":783796}',1,1,1184041,NULL,NULL,1,'2023-11-10 11:22:53','2021-11-09 11:15:11'),(301,'1875217',13,9,'Fija','FC CONCORDIA - P.A 75','CALLE 50 # 50-21',288,'CONCORDIA','76736','VÍA PÚBLICA',4.263918300000000,-75.934823200000000,'N/A','{\"cameraId\":1875217,\"name\":\"FC CONCORDIA\",\"deviceTypeId\":806,\"ethMacAddress\":\"00-1C-27-15-70-04\",\"zoneId\":1184041,\"accountId\":783796}',1,1,1184041,NULL,NULL,1,'2022-12-21 13:15:30','2021-11-09 11:30:29'),(302,'1875243',13,9,'Fija','FC SAN VICENTE - P.A 77','CALLE 62 CARRERA 50 ',288,'SAN VICENTE ','76736','VÍA PÚBLICA',4.273995500000000,-75.934118100000000,'N/A','{\"cameraId\":1875243,\"name\":\"FC SAN VICENTE \",\"deviceTypeId\":806,\"ethMacAddress\":\"00-1C-27-15-70-36\",\"zoneId\":1184041,\"accountId\":783796}',1,1,1184041,NULL,NULL,1,'2022-12-21 13:15:30','2021-11-09 11:45:13'),(303,'1875259',13,9,'Fija','FC EL CARMEN - P.A 78','Calle 59 #51 - 16',288,'EL CARMEN','76736','VÍA PÚBLICA',4.271409000000000,-75.934346100000000,'N/A','{\"cameraId\":1875259,\"name\":\"FC EL CARMEN\",\"deviceTypeId\":806,\"ethMacAddress\":\"00-1C-27-15-6F-EF\",\"zoneId\":1184041,\"accountId\":783796}',1,1,1184041,NULL,NULL,1,'2022-12-21 13:15:30','2021-11-09 11:55:11'),(304,'1875282',13,9,'Fija','FC SIRACUSA - P.A 79','CALLE. 56 # 45-09',288,'SIRACUSA','76736','VÍA PÚBLICA',4.268576500000000,-75.929760200000000,'N/A','{\"cameraId\":1875282,\"name\":\"FC SIRACUSA\",\"deviceTypeId\":806,\"ethMacAddress\":\"00-1C-27-15-70-50\",\"zoneId\":1184041,\"accountId\":783796}',2,1,1184041,NULL,NULL,1,'2023-11-10 10:56:03','2021-11-09 12:05:12'),(305,'1875305',13,9,'Fija','FC MIRANDA - P.A 80','CARRERA 51 # 55-42',288,'MIRANDA','76736','VÍA PÚBLICA',4.264971900000000,-75.934752400000000,'N/A','{\"cameraId\":1875305,\"name\":\"FC MIRANDA\",\"deviceTypeId\":806,\"ethMacAddress\":\"00-1C-27-15-70-05\",\"zoneId\":1184041,\"accountId\":783796}',2,1,1184041,NULL,NULL,1,'2023-11-10 10:56:03','2021-11-09 12:15:11'),(306,'1875327',13,9,'Fija','FC VILLA LIDA - P.A 81','CONDOMINIO VILLA LINDA',288,'VILLA LIDA','76736','VÍA PÚBLICA',4.267399900000000,-75.928221900000000,'N/A','{\"cameraId\":1875327,\"name\":\"FC VILLA LIDA\",\"deviceTypeId\":806,\"ethMacAddress\":\"00-1C-27-15-6F-7B\",\"zoneId\":1184041,\"accountId\":783796}',1,1,1184041,NULL,NULL,1,'2022-12-21 13:15:30','2021-11-09 12:25:11'),(307,'1875343',13,9,'Fija','FC VILLANUEVA - P.A 82','CALLE 21 28A-41',290,'VILLANUEVA','76834','VÍA PÚBLICA',4.089329600000000,-76.193680100000000,'N/A','{\"cameraId\":1875343,\"name\":\"FC VILLANUEVA\",\"deviceTypeId\":806,\"ethMacAddress\":\"00-1C-27-15-6F-F4\",\"zoneId\":1184109,\"accountId\":783796}',2,1,1184109,NULL,NULL,1,'2023-11-10 10:56:03','2021-11-09 12:35:11'),(308,'1875348',13,9,'Fija','FC SAN ANTONIO - P.A 83','CALLE 11 28A 204',290,' SAN ANTONIO','76834','VÍA PÚBLICA',4.097997500000000,-76.193041400000000,'N/A','{\"cameraId\":1875348,\"name\":\"FC SAN ANTONIO\",\"deviceTypeId\":806,\"ethMacAddress\":\"00-1C-27-15-70-0B\",\"zoneId\":1184109,\"accountId\":783796}',1,1,1184109,NULL,NULL,1,'2022-12-21 13:15:30','2021-11-09 12:45:11'),(309,'1875354',13,9,'Fija','FC RUBEN CRUZ - P.A 84','CARRERA 14 # 23 11 ',290,'RUBEN CRUZ','76834','VÍA PÚBLICA',4.091754800000000,-76.203831300000000,'N/A','{\"cameraId\":1875354,\"name\":\"FC RUBEN CRUZ\",\"deviceTypeId\":806,\"ethMacAddress\":\"00-1C-27-15-6F-BA\",\"zoneId\":1184109,\"accountId\":783796}',1,1,1184109,NULL,NULL,1,'2022-12-21 13:15:30','2021-11-09 12:55:12'),(310,'1875361',13,9,'Fija','FC FATIMA - P.A 85','CALLE 40 # 35 - 62',290,'FATIMA','76834','VÍA PÚBLICA',4.073430000000000,-76.192087600000000,'N/A','{\"cameraId\":1875361,\"name\":\"FC FATIMA\",\"deviceTypeId\":806,\"ethMacAddress\":\"00-1C-27-15-6F-B6\",\"zoneId\":1184109,\"accountId\":783796}',1,1,1184109,NULL,NULL,1,'2022-12-21 13:15:30','2021-11-09 13:05:12'),(311,'1875381',13,9,'Fija','FC VICTORIA - P.A 86','CARRERA 30 29-45',290,'VICTORIA','76834','VÍA PÚBLICA',4.081453600000000,-76.194333200000000,'N/A','{\"cameraId\":1875381,\"name\":\"FC VICTORIA\",\"deviceTypeId\":806,\"ethMacAddress\":\"00-1C-27-15-70-2E\",\"zoneId\":1184109,\"accountId\":783796}',1,1,1184109,NULL,NULL,1,'2023-11-16 09:18:12','2021-11-09 13:10:14'),(312,'1875395',13,9,'Fija','FC PANAMERICANO - P.A 87','CARRERA 37 28-28',290,'PANAMERICANO','76834','VÍA PÚBLICA',4.081929500000000,-76.189311100000000,'N/A','{\"cameraId\":1875395,\"name\":\"FC PANAMERICANO\",\"deviceTypeId\":806,\"ethMacAddress\":\"00-1C-27-15-6F-A3\",\"zoneId\":1184109,\"accountId\":783796}',1,1,1184109,NULL,NULL,1,'2022-12-21 13:15:30','2021-11-09 13:20:15'),(313,'1875421',13,9,'Fija','FC VILLA COLOMBIA - P.A 88','CRA 22A 6A-05',290,'VILLA COLOMBIA','76834','VÍA PÚBLICA',4.099600000000000,-76.201604700000000,'N/A','{\"cameraId\":1875421,\"name\":\"FC VILLA COLOMBIA\",\"deviceTypeId\":806,\"ethMacAddress\":\"00-1C-27-15-6F-B1\",\"zoneId\":1184109,\"accountId\":783796}',1,1,1184109,NULL,NULL,1,'2022-12-21 13:15:30','2021-11-09 14:00:19'),(314,'1875439',13,9,'Fija','FC BOSQUES DE MARACAIBO - P.A 89','MAZ 55 CASA 11',290,'BOSQUES DE MARACAIBO','76834','VÍA PÚBLICA',4.103940100000000,-76.207353400000000,'N/A','{\"cameraId\":1875439,\"name\":\"FC BOSQUES DE MARACAIBO\",\"deviceTypeId\":806,\"ethMacAddress\":\"00-1C-27-15-6F-A2\",\"zoneId\":1184109,\"accountId\":783796}',1,1,1184109,NULL,NULL,1,'2022-12-21 13:15:30','2021-11-09 14:10:11'),(315,'1875450',13,9,'Fija','FC CENTRO - P.A 90','CALLE 24 N. 24-39',290,'CENTRO','76834','VÍA PÚBLICA',4.087021400000000,-76.197554600000000,'N/A','{\"cameraId\":1875450,\"name\":\"FC CENTRO\",\"deviceTypeId\":806,\"ethMacAddress\":\"00-1C-27-15-6F-BF\",\"zoneId\":1184109,\"accountId\":783796}',1,1,1184109,NULL,NULL,1,'2023-11-10 14:34:32','2021-11-09 14:15:12'),(316,'1875458',13,9,'Fija','FC POPULAR - P.A 91','CALLE 28 A 16-19',290,'POPULAR','76834','VÍA PÚBLICA',4.092297300000000,-76.192710200000000,'N/A','{\"cameraId\":1875458,\"name\":\"FC POPULAR 3\",\"deviceTypeId\":806,\"ethMacAddress\":\"00-1C-27-15-6F-AB\",\"zoneId\":1184109,\"accountId\":783796}',1,1,1184109,NULL,NULL,1,'2023-07-14 17:25:31','2021-11-09 14:25:12'),(317,'1875461',13,9,'Fija','FC LA GRACIELA - P.A 92','Cra. 25d #13-21',290,'LA GRACIELA','76834','VÍA PÚBLICA',4.095627100000000,-76.197615300000000,'N/A','{\"cameraId\":1875461,\"name\":\"FC LA CRACIELA\",\"deviceTypeId\":806,\"ethMacAddress\":\"00-1C-27-15-6F-B0\",\"zoneId\":1184109,\"accountId\":783796}',1,1,1184109,NULL,NULL,1,'2022-12-21 13:15:30','2021-11-09 14:35:23'),(318,'1875471',13,9,'Fija','FC EL PALMAR - P.A 93','CALLE 4A 22B-04',290,'PALMAR','76834','VÍA PÚBLICA',4.101766700000000,-76.201246000000000,'N/A','{\"cameraId\":1875471,\"name\":\"FC EL PALMAR\",\"deviceTypeId\":806,\"ethMacAddress\":\"00-1C-27-15-6F-B2\",\"zoneId\":1184109,\"accountId\":783796}',1,1,1184109,NULL,NULL,1,'2022-12-21 13:15:30','2021-11-09 14:45:12'),(319,'1875476',13,9,'Fija','FC ASOAGRIN - P.A 94','CALLE 22F 2W-10',290,'ASOAGRIN','76834','VÍA PÚBLICA',4.087656100000000,-76.213441600000000,'N/A','{\"cameraId\":1875476,\"name\":\"FC ASOAGRIN\",\"deviceTypeId\":806,\"ethMacAddress\":\"00-1C-27-15-6F-9E\",\"zoneId\":1184109,\"accountId\":783796}',1,1,1184109,NULL,NULL,1,'2023-11-10 10:56:03','2021-11-09 14:55:12'),(320,'1876718',13,9,'Fija','FC POPULAR - P.A 95','CALLE 16 29-56',290,'POPULAR','76834','VÍA PÚBLICA',4.091348800000000,-76.190653600000000,'N/A','{\"cameraId\":1876718,\"name\":\"FC POPULAR 1\",\"deviceTypeId\":806,\"ethMacAddress\":\"00-1C-27-15-6F-91\",\"zoneId\":1184109,\"accountId\":783796}',1,1,1184109,NULL,NULL,1,'2022-12-21 13:15:31','2021-11-10 09:40:20'),(321,'1876731',13,9,'Fija','FC POPULAR - P.A 96','CARRERA 29 15-45',290,'POPULAR','76834','VÍA PÚBLICA',4.091748100000000,-76.190914100000000,'N/A','{\"cameraId\":1876731,\"name\":\"FC POPULAR 2\",\"deviceTypeId\":806,\"ethMacAddress\":\"00-1C-27-15-6F-8E\",\"zoneId\":1184109,\"accountId\":783796}',1,1,1184109,NULL,NULL,1,'2022-12-21 13:15:31','2021-11-10 09:55:11'),(322,'1876740',13,9,'Fija','FC LA ESPERANZA - P.A 97','CALLE 26C N 12A-13',290,'LA ESPERANZA','76834','VÍA PÚBLICA',4.087938100000000,-76.208740400000000,'N/A','{\"cameraId\":1876740,\"name\":\"FC LA ESPERANZA\",\"deviceTypeId\":806,\"ethMacAddress\":\"00-1C-27-15-6F-7E\",\"zoneId\":1184109,\"accountId\":783796}',1,1,1184109,NULL,NULL,1,'2023-11-10 14:25:25','2021-11-10 10:05:22'),(323,'1876761',13,9,'Fija','FC NUEVO FARFAN - P.A 98','CARRERA 3A OESTE 22-34',290,'NUEVO FARFAN','76834','VÍA PÚBLICA',4.093257400000000,-76.215129400000000,'N/A','{\"cameraId\":1876761,\"name\":\"FC NUEVO FARFAN\",\"deviceTypeId\":806,\"ethMacAddress\":\"00-1C-27-15-70-26\",\"zoneId\":1184109,\"accountId\":783796}',1,1,1184109,NULL,NULL,1,'2023-11-10 14:25:25','2021-11-10 10:10:14'),(324,'1876786',13,9,'Fija','FC TOMAS URIBE URIBE - P.A 99','CALLE 21 25-28',290,'TOMAS URIBE URIBE','76834','VÍA PÚBLICA',4.089392800000000,-76.196314700000000,'N/A','{\"cameraId\":1876786,\"name\":\"FC TOMAS URIBE URIBE\",\"deviceTypeId\":806,\"ethMacAddress\":\"00-1C-27-15-70-1E\",\"zoneId\":1184109,\"accountId\":783796}',1,1,1184109,NULL,NULL,1,'2022-12-21 13:15:31','2021-11-10 10:25:10'),(325,'1876805',13,9,'Fija','FC SANTA ISABEL - P.A 100','CARRERA 20 A # 7- 42',290,'SANTA ISABEL','76834','VÍA PÚBLICA',4.098510500000000,-76.204425400000000,'N/A','{\"cameraId\":1876805,\"name\":\"FC SANTA ISABEL\",\"deviceTypeId\":806,\"ethMacAddress\":\"00-1C-27-15-70-20\",\"zoneId\":1184109,\"accountId\":783796}',1,1,1184109,NULL,NULL,1,'2022-12-21 13:15:31','2021-11-10 10:35:11'),(326,'1876828',13,9,'Fija','FC BOLIVAR - P.A 101','CALLE 26A 10-40',290,'BOLIVAR','76834','VÍA PÚBLICA',4.090548900000000,-76.209102000000000,'N/A','{\"cameraId\":1876828,\"name\":\"FC BOLIVAR\",\"deviceTypeId\":806,\"ethMacAddress\":\"00-1C-27-15-70-25\",\"zoneId\":1184109,\"accountId\":783796}',1,1,1184109,NULL,NULL,1,'2023-11-10 14:34:32','2021-11-10 10:45:17'),(327,'1876850',13,9,'Fija','FC PALO BONITO - P.A 102','CARRERA 22 # 21 A 04',290,'PALO BONITO','76834','VÍA PÚBLICA',4.089418600000000,-76.199389500000000,'N/A','{\"cameraId\":1876850,\"name\":\"FC PALO BONITO\",\"deviceTypeId\":806,\"ethMacAddress\":\"00-1C-27-15-6F-FC\",\"zoneId\":1184109,\"accountId\":783796}',2,1,1184109,NULL,NULL,1,'2022-12-21 13:15:31','2021-11-10 10:55:11'),(328,'1876866',13,9,'Fija','FC POPULAR - P.A 103','CALLE 18 17-49',290,'POPULAR','76834','VÍA PÚBLICA',4.090939500000000,-76.192795700000000,'N/A','{\"cameraId\":1876866,\"name\":\"FC POPULAR 4\",\"deviceTypeId\":806,\"ethMacAddress\":\"00-1C-27-15-6F-87\",\"zoneId\":1184109,\"accountId\":783796}',1,1,1184109,NULL,NULL,1,'2023-07-14 17:25:31','2021-11-10 11:05:12'),(329,'1876896',13,9,'Fija','FC VICTORIA - P.A 104','CARRERA 31 28A-23',290,'VICTORIA','76834','VÍA PÚBLICA',4.082673200000000,-76.194022800000000,'N/A','{\"cameraId\":1876896,\"name\":\"FC VICTORIA 2\",\"deviceTypeId\":806,\"ethMacAddress\":\"00-1C-27-15-70-1C\",\"zoneId\":1184109,\"accountId\":783796}',1,1,1184109,NULL,NULL,1,'2023-07-14 17:25:31','2021-11-10 11:15:11'),(330,'1876945',13,9,'Fija','FC FATIMA - P.A 105','CALLE 38 34-12',290,'FATIMA','76834','VÍA PÚBLICA',4.074793500000000,-76.193517900000000,'N/A','{\"cameraId\":1876945,\"name\":\"FC F\\u00c1TIMA\",\"deviceTypeId\":806,\"ethMacAddress\":\"00-1C-27-15-6F-F5\",\"zoneId\":1184109,\"accountId\":783796}',1,1,1184109,NULL,NULL,1,'2022-12-21 13:15:31','2021-11-10 11:35:16'),(331,'1876974',13,9,'Fija','FC LAS NIEVES - P.A 106','CARRERA 7A OESTE 25-86',290,'LAS NIEVES','76834','VÍA PÚBLICA',4.089919500000000,-76.217907200000000,'N/A','{\"cameraId\":1876974,\"name\":\"FC LAS NIEVES\",\"deviceTypeId\":806,\"ethMacAddress\":\"00-1C-27-15-70-1D\",\"zoneId\":1184109,\"accountId\":783796}',1,1,1184109,NULL,NULL,1,'2023-11-16 09:15:15','2021-11-10 11:55:13'),(333,'1877120',13,9,'Fija','EL PARAISO - P.A 44','CALLE 06 CON CARRERA 17',284,'EL PARAISO','76275','',3.321667000000000,-76.235556000000000,'N/A','{\"cameraId\":1877120,\"name\":\"FC EL PARAISO\",\"deviceTypeId\":806,\"ethMacAddress\":\"00-1C-27-15-6F-FD\",\"zoneId\":1185856,\"accountId\":783796}',1,1,1185856,NULL,NULL,1,'2023-07-14 17:25:31','2021-11-10 13:55:12'),(334,'1877144',13,9,'Fija','FC EL RECREO - P.A 45','CARRERA 02 No. 12-67',284,'EL RECREO','76275','VÍA PÚBLICA',3.320833000000000,-76.222500000000000,'N/A','{\"cameraId\":1877144,\"name\":\"FC EL RECREO\",\"deviceTypeId\":806,\"ethMacAddress\":\"00-1C-27-15-6F-95\",\"zoneId\":1185856,\"accountId\":783796}',1,1,1185856,NULL,NULL,1,'2022-12-21 13:15:31','2021-11-10 14:15:11'),(335,'1877156',13,9,'Fija','FC MI PUEBLITO - P.A 46','CARRERA 42 No 10-32',284,'MI PUEBLITO','76275','VÍA PÚBLICA',3.338611000000000,-76.248611000000000,'N/A','{\"cameraId\":1877156,\"name\":\"FC MI PUEBLITO\",\"deviceTypeId\":806,\"ethMacAddress\":\"00-1C-27-15-6F-FF\",\"zoneId\":1185856,\"accountId\":783796}',1,1,1185856,NULL,NULL,1,'2022-12-21 13:15:31','2021-11-10 14:25:13'),(336,'1877160',13,9,'Fija','FC LOPEZ - P.A 47','CALLE 11 No. 15-69',284,'LOPEZ','76275','VÍA PÚBLICA',3.325278000000000,-76.232500000000000,'N/A','{\"cameraId\":1877160,\"name\":\"FC LOPEZ\",\"deviceTypeId\":806,\"ethMacAddress\":\"00-1C-27-15-6F-7A\",\"zoneId\":1185856,\"accountId\":783796}',1,1,1185856,NULL,NULL,1,'2022-12-21 13:15:31','2021-11-10 14:35:14'),(337,'1877164',13,9,'Fija','FC LA CABAÑA - P.A 48','CARRERA 11 CON CALLE 5',284,'LA CABAÑA','76275','',3.318611000000000,-76.231389000000000,'N/A','{\"cameraId\":1877164,\"name\":\"FC LA CABA\\u00d1A\",\"deviceTypeId\":806,\"ethMacAddress\":\"00-1C-27-15-70-00\",\"zoneId\":1185856,\"accountId\":783796}',1,1,1185856,NULL,NULL,1,'2022-12-21 13:15:31','2021-11-10 14:45:12'),(338,'1877173',13,9,'Fija','FC LIMONAR - P.A 50','CALLE 12 CON CARRERA 23',284,'LIMONAR','76275','',3.328889000000000,-76.238056000000000,'N/A','{\"cameraId\":1877173,\"name\":\"FC LIMONAR\",\"deviceTypeId\":806,\"ethMacAddress\":\"00-1C-27-15-6F-99\",\"zoneId\":1185856,\"accountId\":783796}',1,1,1185856,NULL,NULL,1,'2022-12-21 13:15:31','2021-11-10 14:55:11'),(339,'1877176',13,9,'Fija','FC WATERLO - P.A 49','CALLE  12B # 32A-31',284,'WATERLO','76275','Comercial',3.332500000000000,-76.238056000000000,'N/A','{\"cameraId\":1877176,\"name\":\"FC WATERLO\",\"deviceTypeId\":806,\"ethMacAddress\":\"00-1C-27-15-6F-E8\",\"zoneId\":1185856,\"accountId\":783796}',1,1,1185856,NULL,NULL,1,'2023-07-14 17:19:56','2021-11-10 15:05:15'),(340,'1878530',13,9,'Fija','FC PUERTO NUEVO - P.A 43','CALLE 9 No. 19-41',284,'PUERTO NUEVO','76275','VÍA PÚBLICA',3.546111000000000,-76.398333000000000,'Ninguna','{\"cameraId\":1878530,\"name\":\"FC PUERTO NUEVO\",\"deviceTypeId\":806,\"ethMacAddress\":\"00-1C-27-15-70-56\",\"zoneId\":1185856,\"accountId\":783796}',1,1,1185856,NULL,NULL,1,'2022-12-21 13:15:31','2021-11-11 11:45:13'),(386,'1371172',4,3,NULL,NULL,NULL,NULL,NULL,NULL,NULL,NULL,NULL,'N/A',NULL,2,1,NULL,NULL,NULL,1,'2022-06-17 13:20:02','2021-12-10 14:07:20'),(387,'1395199',4,3,NULL,NULL,NULL,NULL,NULL,NULL,NULL,NULL,NULL,'N/A',NULL,2,1,NULL,NULL,NULL,1,'2022-06-17 13:20:02','2021-12-10 14:07:20'),(388,'1452468',4,3,NULL,NULL,NULL,NULL,NULL,NULL,NULL,NULL,NULL,'N/A',NULL,2,1,NULL,NULL,NULL,1,'2022-06-17 13:20:02','2021-12-10 14:07:20'),(389,'1505589',4,3,NULL,NULL,NULL,NULL,NULL,NULL,NULL,NULL,NULL,'N/A',NULL,2,1,NULL,NULL,NULL,1,'2022-05-06 09:35:07','2021-12-10 14:07:20'),(390,'1609053',4,3,NULL,NULL,NULL,NULL,NULL,NULL,NULL,NULL,NULL,'N/A',NULL,2,1,NULL,NULL,NULL,1,'2022-06-17 13:20:02','2021-12-10 14:07:20'),(391,'1768555',4,3,NULL,NULL,NULL,NULL,NULL,NULL,NULL,NULL,NULL,'N/A',NULL,2,1,NULL,NULL,NULL,1,'2022-05-11 09:40:05','2021-12-10 14:07:20'),(392,'1916184',4,3,NULL,NULL,NULL,NULL,NULL,NULL,NULL,NULL,NULL,'N/A',NULL,2,1,NULL,NULL,NULL,1,'2022-06-17 13:20:02','2021-12-10 14:07:20'),(394,'1701868',4,3,NULL,'EDS Terpel la 17',NULL,NULL,NULL,NULL,NULL,NULL,NULL,'N/A','{\"cameraId\":1701868,\"name\":\"EDS Terpel la 17\",\"deviceTypeId\":458,\"ethMacAddress\":\"00-1C-27-11-87-B0\",\"zoneId\":1069964,\"accountId\":253253}',2,1,NULL,NULL,NULL,1,'2022-04-19 12:40:09','2022-02-05 10:45:36'),(395,'2140064',4,3,NULL,'EEN EN-CDUB-009',NULL,NULL,NULL,NULL,NULL,NULL,NULL,NULL,'{\"cameraId\":2140064,\"name\":\"EEN EN-CDUB-009\",\"deviceTypeId\":458,\"ethMacAddress\":\"00-1C-27-14-D1-A5\",\"zoneId\":1069964,\"accountId\":253253}',2,1,NULL,NULL,NULL,1,'2022-04-19 14:50:06','2022-04-19 14:45:04'),(396,'2140091',4,3,NULL,'EEN EN-CDUB-009',NULL,NULL,NULL,NULL,NULL,NULL,NULL,NULL,'{\"cameraId\":2140091,\"name\":\"EEN EN-CDUB-009\",\"deviceTypeId\":458,\"ethMacAddress\":\"00-1C-27-14-D1-A5\",\"zoneId\":1069964,\"accountId\":253253}',2,1,NULL,NULL,NULL,1,'2022-06-17 13:15:05','2022-04-19 15:35:03'),(397,'2146085',14,10,'Fija','El naranjo, Loteka Don Carlos','El naranjo, Loteka Don Carlos',NULL,'','101001','Comercial',18.616928400000000,-68.720571200000000,'','{\"cameraId\":2146085,\"name\":\"EEN EN-CDUB-009\",\"deviceTypeId\":801,\"ethMacAddress\":\"00-1C-27-11-87-CE\",\"zoneId\":1383497,\"accountId\":783677}',2,1,1383497,NULL,NULL,1,'2022-12-21 13:15:32','2022-04-22 17:20:15'),(399,'2153290',14,10,'Fija','Higüey Sport 5','Higüey Sport 5',NULL,'','101001','',18.616969600000000,-68.713969300000000,'','{\"cameraId\":2153290,\"name\":\"Hig\\u00fcey Sport 5\",\"deviceTypeId\":801,\"ethMacAddress\":\"00-1C-27-11-87-DF\",\"zoneId\":1383497,\"accountId\":783677}',1,1,1383497,NULL,NULL,1,'2024-08-25 13:26:07','2022-04-27 09:50:17'),(400,'2153294',14,10,'Fija','Higüey Sport 2','Gastón Fernando del Leligne  ',NULL,'','101001','Comercial',18.636583000000000,-68.715138000000000,'','{\"cameraId\":2153294,\"name\":\"Hig\\u00fcey Sport 2\",\"deviceTypeId\":801,\"ethMacAddress\":\"00-1C-27-11-87-D2\",\"zoneId\":1383497,\"accountId\":783677}',1,1,1383497,NULL,NULL,1,'2024-08-25 22:48:18','2022-04-27 09:55:16'),(402,'2156322',14,10,'Fija','Loteka 697 La Sirena','José Audilio Snatana ',NULL,'','101001','Comercial',18.599393000000000,-68.716421000000000,'','{\"cameraId\":2156322,\"name\":\"Loteka 697 La Sirena\",\"deviceTypeId\":801,\"ethMacAddress\":\"00-1C-27-11-87-93\",\"zoneId\":1383497,\"accountId\":783677}',1,1,1383497,NULL,NULL,1,'2024-08-24 05:33:11','2022-04-28 15:05:14'),(405,'2163817',14,10,'Fija','Loteka Plaza Platium','Plaza Platium Local 12',NULL,'','101001','Establecimiento Comercial',18.616161000000000,-68.720338000000000,'','{\"cameraId\":2163817,\"name\":\"Loteka Plaza Platinum\",\"deviceTypeId\":801,\"ethMacAddress\":\"00-1C-27-11-87-A0\",\"zoneId\":1383497,\"accountId\":783677}',1,1,1383497,NULL,NULL,1,'2024-08-26 11:21:06','2022-05-03 14:50:13'),(406,'2168389',4,3,NULL,'EEN EN-CDUE-002',NULL,NULL,NULL,NULL,NULL,NULL,NULL,NULL,'{\"cameraId\":2168389,\"name\":\"EEN EN-CDUE-002\",\"deviceTypeId\":463,\"ethMacAddress\":\"00-1C-27-15-6F-EC\",\"zoneId\":884335,\"accountId\":253253}',2,1,NULL,NULL,NULL,1,'2022-05-06 09:55:11','2022-05-06 09:55:06'),(407,'2168449',4,3,NULL,'Demo Monteria',NULL,NULL,NULL,NULL,NULL,NULL,NULL,NULL,'{\"cameraId\":2168449,\"name\":\"Demo Monteria\",\"deviceTypeId\":463,\"ethMacAddress\":\"00-1C-27-15-6F-EC\",\"zoneId\":884335,\"accountId\":253253}',2,1,NULL,NULL,NULL,1,'2022-06-14 09:00:10','2022-05-06 10:20:16'),(408,'2176414',4,3,NULL,'Demo Monteria 2',NULL,NULL,NULL,NULL,NULL,NULL,NULL,NULL,'{\"cameraId\":2176414,\"name\":\"Demo Monteria 2\",\"deviceTypeId\":10009,\"ethMacAddress\":\"00-1C-27-12-C0-C3\",\"zoneId\":884335,\"accountId\":253253}',2,1,NULL,NULL,NULL,1,'2022-06-17 13:15:05','2022-05-11 09:55:05'),(412,'100f0416',18,13,NULL,'Cmara Frente Casa','Carrera 22 #81-95, Bogotá, Colombia',NULL,NULL,NULL,NULL,4.669566000000000,-74.061897000000000,NULL,'{\"account_id\":\"00036534\",\"id\":\"100f0416\",\"name\":\"Cmara Frente Casa\",\"type\":\"camera\",\"bridges\":[{\"esn\":\"10066461\",\"status\":\"ATTD\"}],\"service_status\":\"ATTD\",\"permissions\":\"chMNps\",\"tags\":[\"viotec\",\"exterior\",\"parqueadero\"],\"guid\":\"34754fc7-70ed-d51b-45fd-6a216ef408c6\",\"serial_number\":null,\"camera_status\":1180677,\"timezone\":\"America\\/Bogota\",\"timezone_utc_offset\":-18000,\"is_unsupported\":0,\"ip_address\":\"\",\"is_shared\":0,\"owner_account_name\":\"Demo Justo & Bueno\",\"is_upnp\":false,\"video_input\":null,\"video_status\":null,\"location\":{\"latitude\":4.669566,\"longitude\":-74.061897,\"azimuth\":156.693427,\"range\":30.846287,\"street_address\":\"Carrera 22 #81-95, Bogot\\u00e1, Colombia\",\"floor\":1,\"location_name\":\"\"},\"parent_camera_id\":null,\"child_camera_view\":null,\"is_hidden\":0,\"ignored_inputs\":[],\"responder_camera\":0}',2,1,NULL,NULL,NULL,1,'2022-06-17 12:50:01','2022-05-13 16:18:08'),(413,'10060b84',18,22,NULL,'Parqueadero Externo','Carrera 22 #81-95, Bogotá, Colombia',NULL,NULL,NULL,NULL,4.669582000000000,-74.061912000000000,NULL,'{\"account_id\":\"00036534\",\"id\":\"10060b84\",\"name\":\"Parqueadero Externo\",\"type\":\"camera\",\"bridges\":[{\"esn\":\"10066461\",\"status\":\"ATTD\"}],\"service_status\":\"ATTD\",\"permissions\":\"chMNps\",\"tags\":[],\"guid\":\"383c22b6-80d4-1d48-2a7d-bf038d2945d3\",\"serial_number\":null,\"camera_status\":1474615,\"timezone\":\"America\\/Bogota\",\"timezone_utc_offset\":-18000,\"is_unsupported\":0,\"ip_address\":\"*192.168.0.29\",\"is_shared\":0,\"owner_account_name\":\"Demos Viotec SAS\",\"is_upnp\":false,\"video_input\":null,\"video_status\":null,\"location\":{\"latitude\":4.669582,\"longitude\":-74.061912,\"azimuth\":296.661024,\"range\":57.083512,\"street_address\":\"Carrera 22 #81-95, Bogot\\u00e1, Colombia\",\"floor\":1,\"location_name\":\"\"},\"parent_camera_id\":null,\"child_camera_view\":null,\"is_hidden\":0,\"ignored_inputs\":[],\"responder_camera\":0}',2,1,NULL,NULL,NULL,1,'2022-08-05 16:10:01','2022-05-13 16:18:08'),(414,'100f591a',18,13,NULL,'Oficina Piso 2','',NULL,NULL,NULL,NULL,NULL,NULL,NULL,'{\"account_id\":\"00036534\",\"id\":\"100f591a\",\"name\":\"Oficina Piso 2\",\"type\":\"camera\",\"bridges\":[{\"esn\":\"10066461\",\"status\":\"ATTD\"}],\"service_status\":\"ATTD\",\"permissions\":\"chMNps\",\"tags\":[],\"guid\":\"a35f55df-4c37-b899-00e6-9782ed78ab14\",\"serial_number\":null,\"camera_status\":1441847,\"timezone\":\"America\\/Bogota\",\"timezone_utc_offset\":-18000,\"is_unsupported\":0,\"ip_address\":\"*192.168.0.26\",\"is_shared\":0,\"owner_account_name\":\"Demos Viotec SAS\",\"is_upnp\":false,\"video_input\":null,\"video_status\":null,\"location\":{\"latitude\":null,\"longitude\":null,\"azimuth\":null,\"range\":null,\"street_address\":\"\",\"floor\":null,\"location_name\":\"\"},\"parent_camera_id\":null,\"child_camera_view\":null,\"is_hidden\":0,\"ignored_inputs\":[],\"responder_camera\":0}',2,1,NULL,NULL,NULL,1,'2022-08-04 15:00:02','2022-05-13 16:18:08'),(415,'100156cd',18,1,NULL,'Oficina Bosa','Cl. 15a Nte. ##9N-10, Cali, Valle del Cauca, Colombia',NULL,NULL,NULL,NULL,3.459934000000000,-76.534016000000000,NULL,'{\"account_id\":\"00036534\",\"id\":\"100156cd\",\"name\":\"Oficina Bosa\",\"type\":\"camera\",\"bridges\":[{\"esn\":\"10075bb8\",\"status\":\"ATTD\"}],\"service_status\":\"ATTD\",\"permissions\":\"czGgfhMsNpSZ\",\"tags\":[],\"guid\":\"e07a3bdb-aefb-067f-69f9-303482269405\",\"serial_number\":null,\"camera_status\":1180677,\"timezone\":\"America\\/Bogota\",\"timezone_utc_offset\":-18000,\"is_unsupported\":0,\"ip_address\":\"\",\"is_shared\":0,\"owner_account_name\":\"Demo Justo & Bueno\",\"is_upnp\":false,\"video_input\":null,\"video_status\":null,\"location\":{\"latitude\":3.459934,\"longitude\":-76.534016,\"azimuth\":0,\"range\":0,\"street_address\":\"Cl. 15a Nte. ##9N-10, Cali, Valle del Cauca, Colombia\",\"floor\":null,\"location_name\":\"\"},\"parent_camera_id\":null,\"child_camera_view\":null,\"is_hidden\":0,\"ignored_inputs\":[],\"responder_camera\":0}',2,1,NULL,NULL,NULL,1,'2022-05-17 16:10:01','2022-05-13 16:18:08'),(416,'100cc592',21,16,'Fija','Bodega General','Trv. 94 No. 80A - 58 Bogota, Bogotá, Colombia',10,'Quirigua','11001','Comercial',4.706683000000000,-74.106975000000000,'','{\"account_id\":\"00036534\",\"id\":\"100cc592\",\"name\":\"Bodega General\",\"type\":\"camera\",\"bridges\":[{\"esn\":\"10075bb8\",\"status\":\"ATTD\"}],\"service_status\":\"ATTD\",\"permissions\":\"chMNps\",\"tags\":[],\"guid\":\"5a473931-3656-344b-3830-303047514400\",\"serial_number\":null,\"camera_status\":139264,\"timezone\":\"America\\/Bogota\",\"timezone_utc_offset\":-18000,\"is_unsupported\":1,\"ip_address\":\"\",\"is_shared\":0,\"owner_account_name\":\"Demos Viotec SAS\",\"is_upnp\":false,\"video_input\":null,\"video_status\":null,\"location\":{\"latitude\":4.706683,\"longitude\":-74.106975,\"azimuth\":156.163323,\"range\":13.890813,\"street_address\":\"Trv. 94 No. 80A - 58 Bogota, Bogot\\u00e1, Colombia\",\"floor\":1,\"location_name\":\"\"},\"parent_camera_id\":null,\"child_camera_view\":null,\"is_hidden\":0,\"ignored_inputs\":[],\"responder_camera\":0}',0,1,NULL,NULL,NULL,1,'2022-08-04 18:00:04','2022-05-13 16:20:02'),(417,'1006ad03',21,16,'Fija','Almacen General','Tv. 94 #No 80 A-16, Bogotá, Colombia',10,'Quirigua','11001','Comercial',4.706726000000000,-74.107049000000000,'','{\"account_id\":\"00036534\",\"id\":\"1006ad03\",\"name\":\"Almacen General\",\"type\":\"camera\",\"bridges\":[{\"esn\":\"10075bb8\",\"status\":\"ATTD\"}],\"service_status\":\"ATTD\",\"permissions\":\"chMNps\",\"tags\":[],\"guid\":\"5a473931-3656-344b-3830-303034374400\",\"serial_number\":null,\"camera_status\":139264,\"timezone\":\"America\\/Bogota\",\"timezone_utc_offset\":-18000,\"is_unsupported\":1,\"ip_address\":\"\",\"is_shared\":0,\"owner_account_name\":\"Demos Viotec SAS\",\"is_upnp\":false,\"video_input\":null,\"video_status\":null,\"location\":{\"latitude\":4.706726,\"longitude\":-74.107049,\"azimuth\":163.719635,\"range\":16.542227,\"street_address\":\"Tv. 94 #No 80 A-16, Bogot\\u00e1, Colombia\",\"floor\":1,\"location_name\":\"\"},\"parent_camera_id\":null,\"child_camera_view\":null,\"is_hidden\":0,\"ignored_inputs\":[],\"responder_camera\":0}',0,1,NULL,NULL,NULL,1,'2022-08-04 16:55:04','2022-05-13 16:20:03'),(418,'100151a7',30,1,NULL,'Bodega Bosa','Cl. 15a Nte. ##9N-10, Cali, Valle del Cauca, Colombia',NULL,NULL,NULL,NULL,3.459934000000000,-76.534016000000000,NULL,'{\"account_id\":\"00036534\",\"id\":\"100151a7\",\"name\":\"Bodega Bosa\",\"type\":\"camera\",\"bridges\":[{\"esn\":\"10075bb8\",\"status\":\"ATTD\"}],\"service_status\":\"ATTD\",\"permissions\":\"czGgfhMsNpSZ\",\"tags\":[],\"guid\":\"3aee29b3-604b-0ffd-fb2a-443a1ef554d5\",\"serial_number\":null,\"camera_status\":1180677,\"timezone\":\"America\\/Bogota\",\"timezone_utc_offset\":-18000,\"is_unsupported\":0,\"ip_address\":\"\",\"is_shared\":0,\"owner_account_name\":\"Demo Justo & Bueno\",\"is_upnp\":false,\"video_input\":null,\"video_status\":null,\"location\":{\"latitude\":3.459934,\"longitude\":-76.534016,\"azimuth\":0,\"range\":0,\"street_address\":\"Cl. 15a Nte. ##9N-10, Cali, Valle del Cauca, Colombia\",\"floor\":null,\"location_name\":\"\"},\"parent_camera_id\":null,\"child_camera_view\":null,\"is_hidden\":0,\"ignored_inputs\":[],\"responder_camera\":0}',2,1,NULL,NULL,NULL,1,'2022-05-17 16:10:01','2022-05-13 16:20:03'),(419,'1000c1c3',30,25,NULL,'Oficina Piso 1','Carrera 22 #81-95, Bogota, Colombia',NULL,NULL,NULL,NULL,4.605088000000000,-74.090300000000000,NULL,'{\"account_id\":\"00036534\",\"id\":\"1000c1c3\",\"name\":\"Oficina Piso 1\",\"type\":\"camera\",\"bridges\":[{\"esn\":\"10066461\",\"status\":\"ATTD\"}],\"service_status\":\"ATTD\",\"permissions\":\"czgGfhJMsNpSRZ<\",\"tags\":[],\"guid\":\"5a473931-3656-344b-3830-303034365700\",\"serial_number\":null,\"camera_status\":1966143,\"timezone\":\"America\\/Bogota\",\"timezone_utc_offset\":-18000,\"is_unsupported\":0,\"ip_address\":\"*192.168.0.23\",\"is_shared\":0,\"owner_account_name\":\"Demos Viotec SAS\",\"is_upnp\":false,\"video_input\":null,\"video_status\":null,\"location\":{\"latitude\":4.605088,\"longitude\":-74.0903,\"azimuth\":336.549638,\"range\":15.947235,\"street_address\":\"Carrera 22 #81-95, Bogota, Colombia\",\"floor\":1,\"location_name\":\"\"},\"parent_camera_id\":null,\"child_camera_view\":null,\"is_hidden\":0,\"ignored_inputs\":[],\"responder_camera\":0}',2,1,NULL,'10066461',NULL,1,'2022-08-22 08:13:07','2022-05-13 16:35:03'),(420,'1004fa47',21,16,'Fija','Caja Quirigua','Trv. 94 No. 80A - 58 Bogota, Bogotá, Colombia',10,'Quirigua','11001','Comercial',4.706671000000000,-74.106992000000000,'','{\"account_id\":\"00036534\",\"id\":\"1004fa47\",\"name\":\"Caja Quirigua\",\"type\":\"camera\",\"bridges\":[{\"esn\":\"10075bb8\",\"status\":\"ATTD\"}],\"service_status\":\"ATTD\",\"permissions\":\"chMNps\",\"tags\":[],\"guid\":\"dfc5a9e0-c07b-11d3-a62a-001c2714e9ad\",\"serial_number\":\"00:1C:27:14:E9:AD\",\"camera_status\":139264,\"timezone\":\"America\\/Bogota\",\"timezone_utc_offset\":-18000,\"is_unsupported\":1,\"ip_address\":\"\",\"is_shared\":0,\"owner_account_name\":\"Demos Viotec SAS\",\"is_upnp\":false,\"video_input\":null,\"video_status\":null,\"location\":{\"latitude\":4.706671,\"longitude\":-74.106992,\"azimuth\":299.279214,\"range\":8.954318,\"street_address\":\"Trv. 94 No. 80A - 58 Bogota, Bogot\\u00e1, Colombia\",\"floor\":1,\"location_name\":\"\"},\"parent_camera_id\":null,\"child_camera_view\":null,\"is_hidden\":0,\"ignored_inputs\":[],\"responder_camera\":0}',0,1,NULL,NULL,NULL,1,'2022-08-08 11:50:04','2022-05-16 15:20:02'),(421,'1371172',20,15,'Fija','Fruver Maxi','Cra 12 No. 11-29',190,'Villa Gorgona','8807','Via Publica',3.396233000000000,-76.387047000000000,'','{\"cameraId\":1371172,\"name\":\"Fruver Maxi\",\"deviceTypeId\":458,\"ethMacAddress\":\"00-1C-27-11-87-B4\",\"zoneId\":1099965,\"accountId\":253253}',2,1,1099965,NULL,NULL,1,'2023-11-10 10:56:08','2022-05-18 11:00:23'),(422,'1452468',20,15,'Fija','La Victoria Villa Gorgona','Cra 15 No. 23-41',190,'','8807','Via Publica',3.404668000000000,-76.379463000000000,'','{\"cameraId\":1452468,\"name\":\"La Victoria Villa Gorgona\",\"deviceTypeId\":458,\"ethMacAddress\":\"00-1C-27-11-87-A8\",\"zoneId\":1099965,\"accountId\":253253}',2,1,1099965,NULL,NULL,1,'2022-12-21 13:15:35','2022-05-18 11:00:23'),(423,'2190714',13,9,'Fija','FC LA PRADERA - P.A 26','Cl. 5 #20-71',281,'LA PRADERA','76147','',4.733507300000000,-75.907824000000000,'N/A','{\"cameraId\":2190714,\"name\":\"LA PRADERA\",\"deviceTypeId\":806,\"ethMacAddress\":\"00-1C-27-15-70-52\",\"zoneId\":1169974,\"accountId\":783796}',1,1,1169974,NULL,NULL,1,'2022-12-21 13:15:31','2022-05-24 08:40:11'),(424,'2190784',13,9,'Fija','FC  SANTA MONICA - P.A 41','CARRERA 14 C#18-13',281,'SANTA MONICA','76147','VIA PUBLICA',4.742459300000000,-75.922266100000000,'N/A','{\"cameraId\":2190784,\"name\":\"FC SANTA MONICA\",\"deviceTypeId\":806,\"ethMacAddress\":\"00-1C-27-15-70-53\",\"zoneId\":1169974,\"accountId\":783796}',1,1,1169974,NULL,NULL,1,'2022-12-21 13:15:31','2022-05-24 09:15:12'),(425,'100fea35',30,1,NULL,'Hanwa_Test','Carrera 22 #81-95, Bogotá, Colombia',NULL,NULL,NULL,NULL,4.669167000000000,-74.061705000000000,NULL,'{\"account_id\":\"00036534\",\"id\":\"100fea35\",\"name\":\"Hanwa_Test\",\"type\":\"camera\",\"bridges\":[{\"esn\":\"10066461\",\"status\":\"ATTD\"}],\"service_status\":\"ATTD\",\"permissions\":\"czgGfhJMsNpSRZ\",\"tags\":[],\"guid\":\"33c217a6-dc0e-11ec-8cc9-2af087ffc527\",\"serial_number\":null,\"camera_status\":1443893,\"timezone\":\"America\\/Bogota\",\"timezone_utc_offset\":-18000,\"is_unsupported\":0,\"ip_address\":\"192.168.0.27\",\"is_shared\":0,\"owner_account_name\":\"Demo Justo & Bueno\",\"is_upnp\":false,\"video_input\":null,\"video_status\":null,\"location\":{\"latitude\":4.669167,\"longitude\":-74.061705,\"azimuth\":null,\"range\":null,\"street_address\":\"Carrera 22 #81-95, Bogot\\u00e1, Colombia\",\"floor\":null,\"location_name\":\"\"},\"parent_camera_id\":null,\"child_camera_view\":null,\"is_hidden\":0,\"ignored_inputs\":[],\"responder_camera\":0}',2,1,NULL,NULL,NULL,1,'2022-05-25 06:35:01','2022-05-25 04:40:03'),(426,'100adc2c',30,25,NULL,'Terraza Vio','Carrera 22 #81-95, Bogotá, Colombia',NULL,NULL,NULL,NULL,4.669167000000000,-74.061705000000000,NULL,'{\"account_id\":\"00036534\",\"id\":\"100adc2c\",\"name\":\"Terraza Vio\",\"type\":\"camera\",\"bridges\":[{\"esn\":\"10066461\",\"status\":\"ATTD\"}],\"service_status\":\"ATTD\",\"permissions\":\"czgGfhJMsNpSRZ<\",\"tags\":[],\"guid\":\"b270b89a-dc1e-11ec-87e1-9eb6e6981b4c\",\"serial_number\":null,\"camera_status\":1998911,\"timezone\":\"America\\/Bogota\",\"timezone_utc_offset\":-18000,\"is_unsupported\":0,\"ip_address\":\"192.168.0.27\",\"is_shared\":0,\"owner_account_name\":\"Demos Viotec SAS\",\"is_upnp\":false,\"video_input\":null,\"video_status\":null,\"location\":{\"latitude\":4.669167,\"longitude\":-74.061705,\"azimuth\":0,\"range\":0,\"street_address\":\"Carrera 22 #81-95, Bogot\\u00e1, Colombia\",\"floor\":null,\"location_name\":\"\"},\"parent_camera_id\":null,\"child_camera_view\":null,\"is_hidden\":0,\"ignored_inputs\":[],\"responder_camera\":0}',2,1,NULL,'10066461',NULL,1,'2022-08-22 08:13:07','2022-05-25 06:35:02'),(427,'1002541c',30,1,NULL,'Bodega Supremo','Carrera 22 #81-95, Bogotá, Colombia',NULL,NULL,NULL,NULL,4.669167000000000,-74.061705000000000,NULL,'{\"account_id\":\"00036534\",\"id\":\"1002541c\",\"name\":\"Bodega Supremo\",\"type\":\"camera\",\"bridges\":[{\"esn\":\"10066461\",\"status\":\"ATTD\"}],\"service_status\":\"ATTD\",\"permissions\":\"czgGfhJMsNpSRZ\",\"tags\":[],\"guid\":\"4a8cf58a-eb2e-11ec-ab3c-b6b5f4bc110c\",\"serial_number\":null,\"camera_status\":1180677,\"timezone\":\"America\\/Bogota\",\"timezone_utc_offset\":-18000,\"is_unsupported\":0,\"ip_address\":\"192.168.1.14\",\"is_shared\":0,\"owner_account_name\":\"Demo Justo & Bueno\",\"is_upnp\":false,\"video_input\":null,\"video_status\":null,\"location\":{\"latitude\":4.669167,\"longitude\":-74.061705,\"azimuth\":null,\"range\":null,\"street_address\":\"Carrera 22 #81-95, Bogot\\u00e1, Colombia\",\"floor\":null,\"location_name\":\"\"},\"parent_camera_id\":null,\"child_camera_view\":null,\"is_hidden\":0,\"ignored_inputs\":[],\"responder_camera\":0}',2,1,NULL,NULL,NULL,1,'2022-06-17 12:00:01','2022-06-13 10:35:02'),(428,'100d2b5f',30,1,NULL,'Bodega Supremo 2','Carrera 22 #81-95, Bogotá, Colombia',NULL,NULL,NULL,NULL,4.669167000000000,-74.061705000000000,NULL,'{\"account_id\":\"00036534\",\"id\":\"100d2b5f\",\"name\":\"Bodega Supremo 2\",\"type\":\"camera\",\"bridges\":[{\"esn\":\"10066461\",\"status\":\"ATTD\"}],\"service_status\":\"ATTD\",\"permissions\":\"czgGfhJMsNpSRZ\",\"tags\":[],\"guid\":\"ca40cbc6-eb2e-11ec-bd4d-3e7c936bc083\",\"serial_number\":null,\"camera_status\":1179687,\"timezone\":\"America\\/Bogota\",\"timezone_utc_offset\":-18000,\"is_unsupported\":0,\"ip_address\":\"192.168.1.14\",\"is_shared\":0,\"owner_account_name\":\"Demo Justo & Bueno\",\"is_upnp\":false,\"video_input\":null,\"video_status\":null,\"location\":{\"latitude\":4.669167,\"longitude\":-74.061705,\"azimuth\":null,\"range\":null,\"street_address\":\"Carrera 22 #81-95, Bogot\\u00e1, Colombia\",\"floor\":null,\"location_name\":\"\"},\"parent_camera_id\":null,\"child_camera_view\":null,\"is_hidden\":0,\"ignored_inputs\":[],\"responder_camera\":0}',2,1,NULL,NULL,NULL,1,'2022-06-13 10:50:01','2022-06-13 10:40:02'),(429,'100cda3f',30,1,NULL,'Bodega Supremo 3','Carrera 22 #81-95, Bogotá, Colombia',NULL,NULL,NULL,NULL,4.669167000000000,-74.061705000000000,NULL,'{\"account_id\":\"00036534\",\"id\":\"100cda3f\",\"name\":\"Bodega Supremo 3\",\"type\":\"camera\",\"bridges\":[{\"esn\":\"10066461\",\"status\":\"ATTD\"}],\"service_status\":\"ATTD\",\"permissions\":\"czgGfhJMsNpSRZ\",\"tags\":[],\"guid\":\"4e0a7990-eb32-11ec-9882-aa96738c27ae\",\"serial_number\":null,\"camera_status\":1180677,\"timezone\":\"America\\/Bogota\",\"timezone_utc_offset\":-18000,\"is_unsupported\":0,\"ip_address\":\"192.168.1.14\",\"is_shared\":0,\"owner_account_name\":\"Demo Justo & Bueno\",\"is_upnp\":false,\"video_input\":null,\"video_status\":null,\"location\":{\"latitude\":4.669167,\"longitude\":-74.061705,\"azimuth\":null,\"range\":null,\"street_address\":\"Carrera 22 #81-95, Bogot\\u00e1, Colombia\",\"floor\":null,\"location_name\":\"\"},\"parent_camera_id\":null,\"child_camera_view\":null,\"is_hidden\":0,\"ignored_inputs\":[],\"responder_camera\":0}',2,1,NULL,NULL,NULL,1,'2022-06-17 12:00:01','2022-06-13 11:05:03'),(430,'1002a769',30,1,NULL,'Bodega Supremo 2','Carrera 22 #81-95, Bogotá, Colombia',NULL,NULL,NULL,NULL,4.669167000000000,-74.061705000000000,NULL,'{\"account_id\":\"00036534\",\"id\":\"1002a769\",\"name\":\"Bodega Supremo 2\",\"type\":\"camera\",\"bridges\":[{\"esn\":\"10066461\",\"status\":\"ATTD\"}],\"service_status\":\"ATTD\",\"permissions\":\"czgGfhJMsNpSRZ\",\"tags\":[],\"guid\":\"55370976-eb33-11ec-9f12-4ecae3f1b3c9\",\"serial_number\":null,\"camera_status\":1966143,\"timezone\":\"America\\/Bogota\",\"timezone_utc_offset\":-18000,\"is_unsupported\":0,\"ip_address\":\"192.168.1.14\",\"is_shared\":0,\"owner_account_name\":\"Demo Justo & Bueno\",\"is_upnp\":false,\"video_input\":null,\"video_status\":null,\"location\":{\"latitude\":4.669167,\"longitude\":-74.061705,\"azimuth\":null,\"range\":null,\"street_address\":\"Carrera 22 #81-95, Bogot\\u00e1, Colombia\",\"floor\":null,\"location_name\":\"\"},\"parent_camera_id\":null,\"child_camera_view\":null,\"is_hidden\":0,\"ignored_inputs\":[],\"responder_camera\":0}',2,1,NULL,NULL,NULL,1,'2022-06-13 12:35:01','2022-06-13 11:15:03'),(431,'1001139d',30,1,NULL,'Bodega Supremo 10','Carrera 22 #81-95, Bogotá, Colombia',NULL,NULL,NULL,NULL,4.669167000000000,-74.061705000000000,NULL,'{\"account_id\":\"00036534\",\"id\":\"1001139d\",\"name\":\"Bodega Supremo 10\",\"type\":\"camera\",\"bridges\":[{\"esn\":\"10066461\",\"status\":\"ATTD\"}],\"service_status\":\"ATTD\",\"permissions\":\"czgGfhJMsNpSRZ\",\"tags\":[],\"guid\":\"2b4c8a92-eb3c-11ec-b7fd-7a875c5a6508\",\"serial_number\":null,\"camera_status\":1213445,\"timezone\":\"America\\/Bogota\",\"timezone_utc_offset\":-18000,\"is_unsupported\":0,\"ip_address\":\"192.168.1.14\",\"is_shared\":0,\"owner_account_name\":\"Demo Justo & Bueno\",\"is_upnp\":false,\"video_input\":null,\"video_status\":null,\"location\":{\"latitude\":4.669167,\"longitude\":-74.061705,\"azimuth\":null,\"range\":null,\"street_address\":\"Carrera 22 #81-95, Bogot\\u00e1, Colombia\",\"floor\":null,\"location_name\":\"\"},\"parent_camera_id\":null,\"child_camera_view\":null,\"is_hidden\":0,\"ignored_inputs\":[],\"responder_camera\":0}',2,1,NULL,NULL,NULL,1,'2022-06-17 12:00:01','2022-06-13 12:15:02'),(432,'1009811d',30,1,NULL,'Bodega Supremo 2','Carrera 22 #81-95, Bogotá, Colombia',NULL,NULL,NULL,NULL,4.669167000000000,-74.061705000000000,NULL,'{\"account_id\":\"00036534\",\"id\":\"1009811d\",\"name\":\"Bodega Supremo 2\",\"type\":\"camera\",\"bridges\":[{\"esn\":\"10066461\",\"status\":\"ATTD\"}],\"service_status\":\"ATTD\",\"permissions\":\"czgGfhJMsNpSRZ\",\"tags\":[],\"guid\":\"4deaef46-eb3f-11ec-9fa8-52e203860cbc\",\"serial_number\":null,\"camera_status\":1213445,\"timezone\":\"America\\/Bogota\",\"timezone_utc_offset\":-18000,\"is_unsupported\":0,\"ip_address\":\"192.168.1.14\",\"is_shared\":0,\"owner_account_name\":\"Demo Justo & Bueno\",\"is_upnp\":false,\"video_input\":null,\"video_status\":null,\"location\":{\"latitude\":4.669167,\"longitude\":-74.061705,\"azimuth\":null,\"range\":null,\"street_address\":\"Carrera 22 #81-95, Bogot\\u00e1, Colombia\",\"floor\":null,\"location_name\":\"\"},\"parent_camera_id\":null,\"child_camera_view\":null,\"is_hidden\":0,\"ignored_inputs\":[],\"responder_camera\":0}',2,1,NULL,NULL,NULL,1,'2022-06-17 12:00:01','2022-06-13 12:40:03'),(433,'1395199',22,17,'Fija','EDS TERPEL LA 17','Cl. 17 ##18-96, Barranquilla, Atlántico',NULL,'','10012','Comercial',10.958147600000000,-74.776232700000000,'','{\"cameraId\":1395199,\"name\":\"EDS TERPEL LA 17\",\"deviceTypeId\":458,\"ethMacAddress\":\"00-1C-27-14-D1-9D\",\"zoneId\":785816,\"accountId\":253253}',2,1,NULL,NULL,NULL,1,'2022-06-14 10:15:02','2022-06-13 23:25:19'),(434,'1609053',22,17,'Fija','COMERCIALIZADORA MORACAS','Calle 94b #56-25, Bogotá',2,'Rio Negro','11001','Comercial',4.683451800000000,-74.064190500000000,'','{\"cameraId\":1609053,\"name\":\"COMERCIALIZADORA MORACAS\",\"deviceTypeId\":458,\"ethMacAddress\":\"00-1C-27-14-D1-A1\",\"zoneId\":967540,\"accountId\":253253}',2,1,NULL,NULL,NULL,1,'2022-06-14 10:15:02','2022-06-13 23:25:19'),(435,'1916184',22,17,'Fija','BAQ ESSO LA PRADERA','Avenida Cincunvalar, Barranquilla, Atlántico',NULL,'','10012','Comercial',10.979796000000000,-74.836379000000000,'','{\"cameraId\":1916184,\"name\":\"BAQ ESSO LA PRADERA\",\"deviceTypeId\":458,\"ethMacAddress\":\"00-1C-27-14-D1-A2\",\"zoneId\":1221169,\"accountId\":253253}',2,1,NULL,NULL,NULL,1,'2022-06-14 10:15:02','2022-06-13 23:25:19'),(436,'2140091',22,17,'Fija','ServiCampestre','Puerto Colombia-Barranquilla ##110-358, Barranquilla, Puerto Colombia, Atlántico',NULL,'','10012','Comercial',11.015422000000000,-74.846838000000000,'','{\"cameraId\":2140091,\"name\":\"ServiCampestre\",\"deviceTypeId\":458,\"ethMacAddress\":\"00-1C-27-14-D1-A5\",\"zoneId\":1069964,\"accountId\":253253}',2,1,NULL,NULL,NULL,1,'2022-06-14 10:15:02','2022-06-13 23:25:19'),(437,'2176414',23,18,NULL,'DEMO_ATLAS',NULL,NULL,NULL,NULL,NULL,NULL,NULL,NULL,'{\"cameraId\":2176414,\"name\":\"DEMO_ATLAS\",\"deviceTypeId\":10009,\"ethMacAddress\":\"00-1C-27-12-C0-C3\",\"zoneId\":884335,\"accountId\":253253}',2,1,NULL,NULL,NULL,1,'2022-06-14 20:15:22','2022-06-14 09:05:21'),(438,'2176414',25,19,'Fija','Cámara Cabina','Cra. 32 #14-31',13,'Paloquemado','11001','Comercial',4.616366000000000,-74.092682000000000,'','{\"cameraId\":2176414,\"name\":\"DEMO_ATLAS\",\"deviceTypeId\":10009,\"ethMacAddress\":\"00-1C-27-12-C0-C3\",\"zoneId\":884335,\"accountId\":253253}',2,1,884335,NULL,NULL,1,'2022-12-21 13:15:41','2022-06-14 09:25:25'),(439,'1395199',28,17,'Fija','EDS TERPEL LA 17','Cl. 17 ##18-96, Barranquilla, Atlántico',NULL,'','10012','Comercial',10.958147600000000,-74.776232700000000,'','{\"cameraId\":1395199,\"name\":\"EDS TERPEL LA 17\",\"deviceTypeId\":458,\"ethMacAddress\":\"00-1C-27-14-D1-9D\",\"zoneId\":785816,\"accountId\":253253}',1,1,785816,NULL,NULL,1,'2022-12-21 13:15:35','2022-06-14 10:15:24'),(440,'1609053',28,17,'Fija','COMERCIALIZADORA MORACAS','Calle 94b #56-25, Bogotá',2,'Castellana','11001','Comercial',4.683451800000000,-74.064190500000000,'','{\"cameraId\":1609053,\"name\":\"COMERCIALIZADORA MORACAS\",\"deviceTypeId\":458,\"ethMacAddress\":\"00-1C-27-14-D1-A1\",\"zoneId\":967540,\"accountId\":253253}',1,1,967540,NULL,NULL,1,'2022-12-21 13:15:35','2022-06-14 10:15:24'),(441,'1916184',28,17,'Fija','BAQ ESSO LA PRADERA','Avenida Cincunvalar, Barranquilla, Atlántico',NULL,'','10012','Comercial',10.979796000000000,-74.836379000000000,'','{\"cameraId\":1916184,\"name\":\"BAQ ESSO LA PRADERA\",\"deviceTypeId\":458,\"ethMacAddress\":\"00-1C-27-14-D1-A2\",\"zoneId\":1221169,\"accountId\":253253}',2,1,1221169,NULL,NULL,1,'2022-12-21 13:15:35','2022-06-14 10:15:24'),(442,'2140091',28,17,'Fija','ServiCampestre','Puerto Colombia-Barranquilla',NULL,'','10012','Comercial',11.015422000000000,-74.846838000000000,'','{\"cameraId\":2140091,\"name\":\"ServiCampestre\",\"deviceTypeId\":458,\"ethMacAddress\":\"00-1C-27-14-D1-A5\",\"zoneId\":1069964,\"accountId\":253253}',1,1,1069964,NULL,NULL,1,'2022-12-21 13:15:35','2022-06-14 10:15:24'),(443,'2225329',4,3,NULL,'DEMO_2',NULL,NULL,NULL,NULL,NULL,NULL,NULL,NULL,'{\"cameraId\":2225329,\"name\":\"DEMO_2\",\"deviceTypeId\":459,\"ethMacAddress\":\"00-1C-27-14-0F-DC\",\"zoneId\":884335,\"accountId\":253253}',2,1,NULL,NULL,NULL,1,'2022-06-17 13:15:05','2022-06-14 15:20:05'),(444,'2225329',23,18,NULL,'DEMO_2',NULL,NULL,NULL,NULL,NULL,NULL,NULL,NULL,'{\"cameraId\":2225329,\"name\":\"DEMO_2\",\"deviceTypeId\":459,\"ethMacAddress\":\"00-1C-27-14-0F-DC\",\"zoneId\":884335,\"accountId\":253253}',2,1,NULL,NULL,NULL,1,'2022-06-14 20:15:22','2022-06-14 15:20:28'),(445,'2225329',25,19,'Fija','Cámara Cofre','CRA 32 Nª  14-31',16,'','11001','',4.616370000000000,-74.092682800000000,'','{\"cameraId\":2225329,\"name\":\"DEMO_2\",\"deviceTypeId\":459,\"ethMacAddress\":\"00-1C-27-14-0F-DC\",\"zoneId\":884335,\"accountId\":253253}',2,1,884335,NULL,NULL,1,'2022-12-21 13:15:41','2022-06-14 15:20:29'),(446,'1395199',29,20,'Fija','EDS TERPEL LA 17','Cl. 17 ##18-96, Barranquilla, Atlántico',NULL,'','10012','Comercial',10.958147600000000,-74.776232700000000,'','{\"cameraId\":1395199,\"name\":\"EDS TERPEL LA 17\",\"deviceTypeId\":458,\"ethMacAddress\":\"00-1C-27-14-D1-9D\",\"zoneId\":785816,\"accountId\":253253}',2,1,785816,NULL,NULL,1,'2024-05-10 09:50:13','2022-06-17 08:55:30'),(447,'1609053',29,20,'Fija','COMERCIALIZADORA MORACAS','Calle 94b #56-25, Bogotá',2,'Castellana','11001','Comercial',4.683451800000000,-74.064190500000000,'','{\"cameraId\":1609053,\"name\":\"COMERCIALIZADORA MORACAS\",\"deviceTypeId\":458,\"ethMacAddress\":\"00-1C-27-14-D1-A1\",\"zoneId\":967540,\"accountId\":253253}',2,1,967540,NULL,NULL,1,'2023-07-14 17:19:59','2022-06-17 08:55:30'),(448,'1916184',29,20,'Fija','BAQ ESSO LA PRADERA','Avenida Cincunvalar, Barranquilla, Atlántico',NULL,'','10012','Comercial',10.979796000000000,-74.836379000000000,'','{\"cameraId\":1916184,\"name\":\"C\\u00e1mara Demo 1573\",\"deviceTypeId\":458,\"ethMacAddress\":\"00-1C-27-14-D1-A2\",\"zoneId\":1221169,\"accountId\":253253}',1,1,1221169,NULL,NULL,1,'2024-05-20 14:35:08','2022-06-17 08:55:30'),(449,'2140091',29,20,'Fija','ServiCampestre','Puerto Colombia-Barranquilla',NULL,'','10012','Comercial',11.015422000000000,-74.846838000000000,'','{\"cameraId\":2140091,\"name\":\"ServiCampestre\",\"deviceTypeId\":458,\"ethMacAddress\":\"00-1C-27-14-D1-A5\",\"zoneId\":1069964,\"accountId\":253253}',1,1,1069964,NULL,NULL,1,'2022-12-21 13:15:44','2022-06-17 08:55:30'),(450,'10105257',30,1,NULL,'Pasillo Parqueadero','Carrera 22 #81-95, Bogotá, Colombia',NULL,NULL,NULL,NULL,4.669167000000000,-74.061705000000000,NULL,'{\"account_id\":\"00036534\",\"id\":\"10105257\",\"name\":\"Pasillo Parqueadero\",\"type\":\"camera\",\"bridges\":[{\"esn\":\"10066461\",\"status\":\"ATTD\"}],\"service_status\":\"ATTD\",\"permissions\":\"czgGfhJMsNpSRZ\",\"tags\":[],\"guid\":\"3aee29b3-604b-0ffd-fb2a-443a1ef554d5\",\"serial_number\":null,\"camera_status\":1998911,\"timezone\":\"America\\/Bogota\",\"timezone_utc_offset\":-18000,\"is_unsupported\":0,\"ip_address\":\"*192.168.0.31\",\"is_shared\":0,\"owner_account_name\":\"Demos Viotec SAS\",\"is_upnp\":false,\"video_input\":null,\"video_status\":null,\"location\":{\"latitude\":4.669167,\"longitude\":-74.061705,\"azimuth\":null,\"range\":null,\"street_address\":\"Carrera 22 #81-95, Bogot\\u00e1, Colombia\",\"floor\":null,\"location_name\":\"\"},\"parent_camera_id\":null,\"child_camera_view\":null,\"is_hidden\":0,\"ignored_inputs\":[],\"responder_camera\":0}',2,1,NULL,NULL,NULL,1,'2022-08-04 15:00:02','2022-06-17 12:05:02'),(467,'2280579',1,2,'Fija','CAM_PT','Carrera 22 81-95',12,'El Polo','11001','Comercial',3.357827000000000,-76.516366000000000,'NO Aplica','{\"cameraId\":2280579,\"name\":\"LABORATORIO_SOL\",\"deviceTypeId\":10029,\"ethMacAddress\":\"BC-32-5F-3C-EE-74\",\"zoneId\":613613,\"accountId\":77855}',1,1,613613,NULL,NULL,1,'2024-08-24 16:45:04','2022-07-13 12:00:04'),(488,'2280579',31,23,NULL,'CAM_PT',NULL,NULL,NULL,NULL,NULL,NULL,NULL,NULL,'{\"cameraId\":2280579,\"name\":\"CAM_PT\",\"deviceTypeId\":10029,\"ethMacAddress\":\"BC-32-5F-3C-EE-74\",\"zoneId\":613613,\"accountId\":77855}',2,1,NULL,NULL,NULL,1,'2022-08-05 23:05:01','2022-08-05 11:05:56'),(489,'2280579',18,24,NULL,'CAM_PT',NULL,NULL,NULL,NULL,NULL,NULL,NULL,NULL,'{\"cameraId\":2280579,\"name\":\"CAM_PT\",\"deviceTypeId\":10029,\"ethMacAddress\":\"BC-32-5F-3C-EE-74\",\"zoneId\":613613,\"accountId\":77855}',2,1,NULL,NULL,NULL,1,'2022-08-08 12:15:01','2022-08-05 11:35:45'),(493,'2280579',32,24,NULL,'CAM_PT',NULL,NULL,NULL,NULL,NULL,NULL,NULL,NULL,'{\"cameraId\":2280579,\"name\":\"CAM_PT\",\"deviceTypeId\":10029,\"ethMacAddress\":\"BC-32-5F-3C-EE-74\",\"zoneId\":613613,\"accountId\":77855}',2,1,NULL,NULL,NULL,1,'2022-08-08 12:35:01','2022-08-08 12:16:54'),(494,'2280579',33,24,NULL,'CAM_PT',NULL,NULL,NULL,NULL,NULL,NULL,NULL,NULL,'{\"cameraId\":2280579,\"name\":\"CAM_PT\",\"deviceTypeId\":10029,\"ethMacAddress\":\"BC-32-5F-3C-EE-74\",\"zoneId\":613613,\"accountId\":77855}',2,1,613613,NULL,NULL,1,'2022-08-25 10:55:01','2022-08-08 12:35:35'),(496,'2337341',1,2,NULL,'BODEGA_SOL',NULL,NULL,NULL,NULL,NULL,NULL,NULL,NULL,'{\"cameraId\":2337341,\"name\":\"BODEGA_SOL\",\"deviceTypeId\":10024,\"ethMacAddress\":\"BC-32-5F-3B-CD-89\",\"zoneId\":613613,\"accountId\":77855}',1,1,613613,NULL,NULL,1,'2024-08-26 07:22:01','2022-08-12 15:11:22'),(497,'100e8a59',33,1,NULL,'Siera ','Roberto Laplace, Don Torcuato, Buenos Aires',NULL,NULL,NULL,NULL,-34.491398600000000,-58.609552400000000,NULL,'{\"account_id\":\"00036534\",\"id\":\"100e8a59\",\"name\":\"Siera .120\",\"type\":\"camera\",\"bridges\":[{\"esn\":\"1006d8de\",\"status\":\"ATTD\"}],\"service_status\":\"ATTD\",\"permissions\":\"cZdghMpsz\",\"tags\":[\"parqueadero\"],\"guid\":\"5e5fd39d-788b-cbfa-ee7d-647366006775\",\"serial_number\":null,\"camera_status\":1966143,\"timezone\":\"America\\/Argentina\\/Buenos_Aires\",\"timezone_utc_offset\":-10800,\"is_unsupported\":0,\"ip_address\":\"*192.168.70.120\",\"is_shared\":1,\"owner_account_name\":\"Cliente1\",\"is_upnp\":false,\"video_input\":null,\"video_status\":null,\"location\":{\"latitude\":-34.4913986,\"longitude\":-58.60955239999999,\"azimuth\":null,\"range\":null,\"street_address\":\"Roberto Laplace, Don Torcuato, Buenos Aires\",\"floor\":null,\"location_name\":\"Torcuato, Provincia de Buenos Aires\"},\"parent_camera_id\":null,\"child_camera_view\":null,\"is_hidden\":0,\"ignored_inputs\":[],\"responder_camera\":0}',2,1,NULL,NULL,NULL,1,'2022-08-25 11:00:01','2022-08-19 09:20:39'),(498,'100bc2d0',33,1,NULL,'PAQUEADERO EXTERNO','Carrera 22 #81-95, Bogotá, Colombia',NULL,NULL,NULL,NULL,4.669167000000000,-74.061705000000000,NULL,'{\"account_id\":\"00036534\",\"id\":\"100bc2d0\",\"name\":\"PAQUEADERO EXTERNO\",\"type\":\"camera\",\"bridges\":[{\"esn\":\"10066461\",\"status\":\"ATTD\"}],\"service_status\":\"ATTD\",\"permissions\":\"czgGfhJMsNpSRZ\",\"tags\":[],\"guid\":\"383c22b6-80d4-1d48-2a7d-bf038d2945d3\",\"serial_number\":null,\"camera_status\":1441792,\"timezone\":\"America\\/Bogota\",\"timezone_utc_offset\":-18000,\"is_unsupported\":1,\"ip_address\":\"\",\"is_shared\":0,\"owner_account_name\":\"Demos Viotec SAS\",\"is_upnp\":false,\"video_input\":null,\"video_status\":null,\"location\":{\"latitude\":4.669167,\"longitude\":-74.061705,\"azimuth\":null,\"range\":null,\"street_address\":\"Carrera 22 #81-95, Bogot\\u00e1, Colombia\",\"floor\":null,\"location_name\":\"\"},\"parent_camera_id\":null,\"child_camera_view\":null,\"is_hidden\":0,\"ignored_inputs\":[],\"responder_camera\":0}',2,1,NULL,'10066461',NULL,1,'2022-08-25 11:00:01','2022-08-19 09:20:39'),(499,'1007743e',33,1,NULL,'Siera .121','Roberto Laplace, Don Torcuato, Buenos Aires',NULL,NULL,NULL,NULL,-34.491399000000000,-58.609552000000000,NULL,'{\"account_id\":\"00036534\",\"id\":\"1007743e\",\"name\":\"Siera .121\",\"type\":\"camera\",\"bridges\":[{\"esn\":\"1006d8de\",\"status\":\"ATTD\"}],\"service_status\":\"ATTD\",\"permissions\":\"cZdghMpsz\",\"tags\":[],\"guid\":\"73edfb6d-8492-fa61-453f-647366006774\",\"serial_number\":null,\"camera_status\":1441855,\"timezone\":\"America\\/Argentina\\/Buenos_Aires\",\"timezone_utc_offset\":-10800,\"is_unsupported\":0,\"ip_address\":\"*192.168.70.121\",\"is_shared\":1,\"owner_account_name\":\"Cliente1\",\"is_upnp\":false,\"video_input\":null,\"video_status\":null,\"location\":{\"latitude\":-34.491399,\"longitude\":-58.609552,\"azimuth\":null,\"range\":null,\"street_address\":\"Roberto Laplace, Don Torcuato, Buenos Aires\",\"floor\":null,\"location_name\":\"Torcuato, Provincia de Buenos Aires\"},\"parent_camera_id\":null,\"child_camera_view\":null,\"is_hidden\":0,\"ignored_inputs\":[],\"responder_camera\":0}',2,1,NULL,NULL,NULL,1,'2022-08-25 11:00:01','2022-08-19 09:20:39'),(500,'100b03d2',33,1,NULL,'ENTRADA ACCESO ','Carrera 22 #81-95, Bogotá, Colombia',NULL,NULL,NULL,NULL,4.669167000000000,-74.061705000000000,NULL,'{\"account_id\":\"00036534\",\"id\":\"100b03d2\",\"name\":\"ENTRADA ACCESO \",\"type\":\"camera\",\"bridges\":[{\"esn\":\"10066461\",\"status\":\"ATTD\"}],\"service_status\":\"ATTD\",\"permissions\":\"czgGfhJMsNpSRZ\",\"tags\":[],\"guid\":\"34754fc7-70ed-d51b-45fd-6a216ef408c6\",\"serial_number\":null,\"camera_status\":1474615,\"timezone\":\"America\\/Bogota\",\"timezone_utc_offset\":-18000,\"is_unsupported\":0,\"ip_address\":\"*192.168.0.28\",\"is_shared\":0,\"owner_account_name\":\"Demos Viotec SAS\",\"is_upnp\":false,\"video_input\":null,\"video_status\":null,\"location\":{\"latitude\":4.669167,\"longitude\":-74.061705,\"azimuth\":null,\"range\":null,\"street_address\":\"Carrera 22 #81-95, Bogot\\u00e1, Colombia\",\"floor\":null,\"location_name\":\"\"},\"parent_camera_id\":null,\"child_camera_view\":null,\"is_hidden\":0,\"ignored_inputs\":[],\"responder_camera\":0}',2,1,NULL,'10066461',NULL,1,'2022-08-25 11:00:01','2022-08-19 09:20:39'),(501,'100adc2c',33,1,NULL,'Terraza Vio','Carrera 22 #81-95, Bogotá, Colombia',NULL,NULL,NULL,NULL,4.669167000000000,-74.061705000000000,NULL,'{\"account_id\":\"00036534\",\"id\":\"100adc2c\",\"name\":\"Terraza Vio\",\"type\":\"camera\",\"bridges\":[{\"esn\":\"10066461\",\"status\":\"ATTD\"}],\"service_status\":\"ATTD\",\"permissions\":\"czgGfhJMsNpSRZ\",\"tags\":[],\"guid\":\"b270b89a-dc1e-11ec-87e1-9eb6e6981b4c\",\"serial_number\":null,\"camera_status\":1998911,\"timezone\":\"America\\/Bogota\",\"timezone_utc_offset\":-18000,\"is_unsupported\":0,\"ip_address\":\"192.168.0.27\",\"is_shared\":0,\"owner_account_name\":\"Demos Viotec SAS\",\"is_upnp\":false,\"video_input\":null,\"video_status\":null,\"location\":{\"latitude\":4.669167,\"longitude\":-74.061705,\"azimuth\":0,\"range\":0,\"street_address\":\"Carrera 22 #81-95, Bogot\\u00e1, Colombia\",\"floor\":null,\"location_name\":\"\"},\"parent_camera_id\":null,\"child_camera_view\":null,\"is_hidden\":0,\"ignored_inputs\":[],\"responder_camera\":0}',2,1,NULL,'10066461',NULL,1,'2022-08-25 11:00:01','2022-08-19 09:20:39'),(502,'1000c1c3',33,1,NULL,'Oficina Piso 1','Carrera 22 #81-95, Bogota, Colombia',NULL,NULL,NULL,NULL,4.605088000000000,-74.090300000000000,NULL,'{\"account_id\":\"00036534\",\"id\":\"1000c1c3\",\"name\":\"Oficina Piso 1\",\"type\":\"camera\",\"bridges\":[{\"esn\":\"10066461\",\"status\":\"ATTD\"}],\"service_status\":\"ATTD\",\"permissions\":\"czgGfhJMsNpSRZ\",\"tags\":[],\"guid\":\"5a473931-3656-344b-3830-303034365700\",\"serial_number\":null,\"camera_status\":1966143,\"timezone\":\"America\\/Bogota\",\"timezone_utc_offset\":-18000,\"is_unsupported\":0,\"ip_address\":\"*192.168.0.23\",\"is_shared\":0,\"owner_account_name\":\"Demos Viotec SAS\",\"is_upnp\":false,\"video_input\":null,\"video_status\":null,\"location\":{\"latitude\":4.605088,\"longitude\":-74.0903,\"azimuth\":336.549638,\"range\":15.947235,\"street_address\":\"Carrera 22 #81-95, Bogota, Colombia\",\"floor\":1,\"location_name\":\"\"},\"parent_camera_id\":null,\"child_camera_view\":null,\"is_hidden\":0,\"ignored_inputs\":[],\"responder_camera\":0}',2,1,NULL,'10066461',NULL,1,'2022-08-25 11:00:01','2022-08-19 09:20:39'),(503,'100e8a59',32,13,NULL,'Siera .120','Roberto Laplace, Don Torcuato, Buenos Aires',NULL,NULL,NULL,NULL,-34.491398600000000,-58.609552400000000,NULL,'{\"account_id\":\"00036534\",\"id\":\"100e8a59\",\"name\":\"Siera .120\",\"type\":\"camera\",\"bridges\":[{\"esn\":\"1006d8de\",\"status\":\"ATTD\"}],\"service_status\":\"ATTD\",\"permissions\":\"cZdghMpsz\",\"tags\":[\"parqueadero\"],\"guid\":\"5e5fd39d-788b-cbfa-ee7d-647366006775\",\"serial_number\":null,\"camera_status\":1998911,\"timezone\":\"America\\/Argentina\\/Buenos_Aires\",\"timezone_utc_offset\":-10800,\"is_unsupported\":0,\"ip_address\":\"*192.168.70.120\",\"is_shared\":1,\"owner_account_name\":\"Cliente1\",\"is_upnp\":false,\"video_input\":null,\"video_status\":null,\"location\":{\"latitude\":-34.4913986,\"longitude\":-58.60955239999999,\"azimuth\":null,\"range\":null,\"street_address\":\"Roberto Laplace, Don Torcuato, Buenos Aires\",\"floor\":null,\"location_name\":\"Torcuato, Provincia de Buenos Aires\"},\"parent_camera_id\":null,\"child_camera_view\":null,\"is_hidden\":0,\"ignored_inputs\":[],\"responder_camera\":0}',2,1,NULL,NULL,NULL,1,'2022-08-22 08:10:01','2022-08-19 09:20:40'),(504,'100bc2d0',32,13,NULL,'PAQUEADERO EXTERNO','Carrera 22 #81-95, Bogotá, Colombia',NULL,NULL,NULL,NULL,4.669167000000000,-74.061705000000000,NULL,'{\"account_id\":\"00036534\",\"id\":\"100bc2d0\",\"name\":\"PAQUEADERO EXTERNO\",\"type\":\"camera\",\"bridges\":[{\"esn\":\"10066461\",\"status\":\"ATTD\"}],\"service_status\":\"ATTD\",\"permissions\":\"%$<>@CBEGFIJMONQPSRUTVYXZcbedgfihmlopsutvxz\",\"tags\":[],\"guid\":\"383c22b6-80d4-1d48-2a7d-bf038d2945d3\",\"serial_number\":null,\"camera_status\":1441847,\"timezone\":\"America\\/Bogota\",\"timezone_utc_offset\":-18000,\"is_unsupported\":0,\"ip_address\":\"*192.168.0.29\",\"is_shared\":0,\"owner_account_name\":\"Demos Viotec SAS\",\"is_upnp\":false,\"video_input\":null,\"video_status\":null,\"location\":{\"latitude\":4.669167,\"longitude\":-74.061705,\"azimuth\":null,\"range\":null,\"street_address\":\"Carrera 22 #81-95, Bogot\\u00e1, Colombia\",\"floor\":null,\"location_name\":\"\"},\"parent_camera_id\":null,\"child_camera_view\":null,\"is_hidden\":0,\"ignored_inputs\":[],\"responder_camera\":0}',2,1,NULL,'10066461',NULL,1,'2022-08-22 08:10:01','2022-08-19 09:20:40'),(505,'1007743e',32,13,NULL,'Siera .121','Roberto Laplace, Don Torcuato, Buenos Aires',NULL,NULL,NULL,NULL,-34.491399000000000,-58.609552000000000,NULL,'{\"account_id\":\"00036534\",\"id\":\"1007743e\",\"name\":\"Siera .121\",\"type\":\"camera\",\"bridges\":[{\"esn\":\"1006d8de\",\"status\":\"ATTD\"}],\"service_status\":\"ATTD\",\"permissions\":\"cZdghMpsz\",\"tags\":[],\"guid\":\"73edfb6d-8492-fa61-453f-647366006774\",\"serial_number\":null,\"camera_status\":1966143,\"timezone\":\"America\\/Argentina\\/Buenos_Aires\",\"timezone_utc_offset\":-10800,\"is_unsupported\":0,\"ip_address\":\"*192.168.70.121\",\"is_shared\":1,\"owner_account_name\":\"Cliente1\",\"is_upnp\":false,\"video_input\":null,\"video_status\":null,\"location\":{\"latitude\":-34.491399,\"longitude\":-58.609552,\"azimuth\":null,\"range\":null,\"street_address\":\"Roberto Laplace, Don Torcuato, Buenos Aires\",\"floor\":null,\"location_name\":\"Torcuato, Provincia de Buenos Aires\"},\"parent_camera_id\":null,\"child_camera_view\":null,\"is_hidden\":0,\"ignored_inputs\":[],\"responder_camera\":0}',2,1,NULL,NULL,NULL,1,'2022-08-22 08:10:01','2022-08-19 09:20:40'),(506,'100b03d2',32,13,NULL,'ENTRADA ACCESO ','Carrera 22 #81-95, Bogotá, Colombia',NULL,NULL,NULL,NULL,4.669167000000000,-74.061705000000000,NULL,'{\"account_id\":\"00036534\",\"id\":\"100b03d2\",\"name\":\"ENTRADA ACCESO \",\"type\":\"camera\",\"bridges\":[{\"esn\":\"10066461\",\"status\":\"ATTD\"}],\"service_status\":\"ATTD\",\"permissions\":\"%$<>@CBEGFIJMONQPSRUTVYXZcbedgfihmlopsutvxz\",\"tags\":[],\"guid\":\"34754fc7-70ed-d51b-45fd-6a216ef408c6\",\"serial_number\":null,\"camera_status\":1441855,\"timezone\":\"America\\/Bogota\",\"timezone_utc_offset\":-18000,\"is_unsupported\":0,\"ip_address\":\"*192.168.0.28\",\"is_shared\":0,\"owner_account_name\":\"Demos Viotec SAS\",\"is_upnp\":false,\"video_input\":null,\"video_status\":null,\"location\":{\"latitude\":4.669167,\"longitude\":-74.061705,\"azimuth\":null,\"range\":null,\"street_address\":\"Carrera 22 #81-95, Bogot\\u00e1, Colombia\",\"floor\":null,\"location_name\":\"\"},\"parent_camera_id\":null,\"child_camera_view\":null,\"is_hidden\":0,\"ignored_inputs\":[],\"responder_camera\":0}',2,1,NULL,'10066461',NULL,1,'2022-08-22 09:10:02','2022-08-19 09:20:40'),(507,'100adc2c',32,13,NULL,'Terraza Vio','Carrera 22 #81-95, Bogotá, Colombia',NULL,NULL,NULL,NULL,4.669167000000000,-74.061705000000000,NULL,'{\"account_id\":\"00036534\",\"id\":\"100adc2c\",\"name\":\"Terraza Vio\",\"type\":\"camera\",\"bridges\":[{\"esn\":\"10066461\",\"status\":\"ATTD\"}],\"service_status\":\"ATTD\",\"permissions\":\"%$<>@CBEGFIJMONQPSRUTVYXZcbedgfihmlopsutvxz\",\"tags\":[],\"guid\":\"b270b89a-dc1e-11ec-87e1-9eb6e6981b4c\",\"serial_number\":null,\"camera_status\":1966143,\"timezone\":\"America\\/Bogota\",\"timezone_utc_offset\":-18000,\"is_unsupported\":0,\"ip_address\":\"192.168.0.27\",\"is_shared\":0,\"owner_account_name\":\"Demos Viotec SAS\",\"is_upnp\":false,\"video_input\":null,\"video_status\":null,\"location\":{\"latitude\":4.669167,\"longitude\":-74.061705,\"azimuth\":0,\"range\":0,\"street_address\":\"Carrera 22 #81-95, Bogot\\u00e1, Colombia\",\"floor\":null,\"location_name\":\"\"},\"parent_camera_id\":null,\"child_camera_view\":null,\"is_hidden\":0,\"ignored_inputs\":[],\"responder_camera\":0}',2,1,NULL,'10066461',NULL,1,'2022-08-22 08:10:01','2022-08-19 09:20:40'),(508,'1000c1c3',32,13,NULL,'Oficina Piso 1','Carrera 22 #81-95, Bogota, Colombia',NULL,NULL,NULL,NULL,4.605088000000000,-74.090300000000000,NULL,'{\"account_id\":\"00036534\",\"id\":\"1000c1c3\",\"name\":\"Oficina Piso 1\",\"type\":\"camera\",\"bridges\":[{\"esn\":\"10066461\",\"status\":\"ATTD\"}],\"service_status\":\"ATTD\",\"permissions\":\"%$<>@CBEGFIJMONQPSRUTVYXZcbedgfihmlopsutvxz\",\"tags\":[],\"guid\":\"5a473931-3656-344b-3830-303034365700\",\"serial_number\":null,\"camera_status\":1966143,\"timezone\":\"America\\/Bogota\",\"timezone_utc_offset\":-18000,\"is_unsupported\":0,\"ip_address\":\"*192.168.0.23\",\"is_shared\":0,\"owner_account_name\":\"Demos Viotec SAS\",\"is_upnp\":false,\"video_input\":null,\"video_status\":null,\"location\":{\"latitude\":4.605088,\"longitude\":-74.0903,\"azimuth\":336.549638,\"range\":15.947235,\"street_address\":\"Carrera 22 #81-95, Bogota, Colombia\",\"floor\":1,\"location_name\":\"\"},\"parent_camera_id\":null,\"child_camera_view\":null,\"is_hidden\":0,\"ignored_inputs\":[],\"responder_camera\":0}',2,1,NULL,'10066461',NULL,1,'2022-08-22 08:10:01','2022-08-19 09:20:40'),(509,'1000c1c3',33,16,NULL,'Oficina Piso 1','Carrera 22 #81-95, Bogota, Colombia',NULL,NULL,NULL,NULL,4.605088000000000,-74.090300000000000,NULL,'{\"account_id\":\"00036534\",\"id\":\"1000c1c3\",\"name\":\"Oficina Piso 1\",\"type\":\"camera\",\"bridges\":[{\"esn\":\"10066461\",\"status\":\"ATTD\"}],\"service_status\":\"ATTD\",\"permissions\":\"chMNps\",\"tags\":[],\"guid\":\"5a473931-3656-344b-3830-303034365700\",\"serial_number\":null,\"camera_status\":1998903,\"timezone\":\"America\\/Bogota\",\"timezone_utc_offset\":-18000,\"is_unsupported\":0,\"ip_address\":\"*192.168.0.23\",\"is_shared\":0,\"owner_account_name\":\"Demos Viotec SAS\",\"is_upnp\":false,\"video_input\":null,\"video_status\":null,\"location\":{\"latitude\":4.605088,\"longitude\":-74.0903,\"azimuth\":336.549638,\"range\":15.947235,\"street_address\":\"Carrera 22 #81-95, Bogota, Colombia\",\"floor\":1,\"location_name\":\"\"},\"parent_camera_id\":null,\"child_camera_view\":null,\"is_hidden\":0,\"ignored_inputs\":[],\"responder_camera\":0}',2,1,NULL,'10066461',NULL,1,'2022-08-24 15:50:02','2022-08-19 09:20:41'),(510,'100adc2c',33,16,NULL,'Terraza Vio','Carrera 22 #81-95, Bogotá, Colombia',NULL,NULL,NULL,NULL,4.669167000000000,-74.061705000000000,NULL,'{\"account_id\":\"00036534\",\"id\":\"100adc2c\",\"name\":\"Terraza Vio\",\"type\":\"camera\",\"bridges\":[{\"esn\":\"10066461\",\"status\":\"ATTD\"}],\"service_status\":\"ATTD\",\"permissions\":\"chMNps\",\"tags\":[],\"guid\":\"b270b89a-dc1e-11ec-87e1-9eb6e6981b4c\",\"serial_number\":null,\"camera_status\":1441847,\"timezone\":\"America\\/Bogota\",\"timezone_utc_offset\":-18000,\"is_unsupported\":0,\"ip_address\":\"192.168.0.27\",\"is_shared\":0,\"owner_account_name\":\"Demos Viotec SAS\",\"is_upnp\":false,\"video_input\":null,\"video_status\":null,\"location\":{\"latitude\":4.669167,\"longitude\":-74.061705,\"azimuth\":0,\"range\":0,\"street_address\":\"Carrera 22 #81-95, Bogot\\u00e1, Colombia\",\"floor\":null,\"location_name\":\"\"},\"parent_camera_id\":null,\"child_camera_view\":null,\"is_hidden\":0,\"ignored_inputs\":[],\"responder_camera\":0}',2,1,NULL,'10066461',NULL,1,'2022-08-24 15:50:02','2022-08-19 09:20:41'),(511,'100bc2d0',33,16,NULL,'PAQUEADERO EXTERNO','Carrera 22 #81-95, Bogotá, Colombia',NULL,NULL,NULL,NULL,4.669167000000000,-74.061705000000000,NULL,'{\"account_id\":\"00036534\",\"id\":\"100bc2d0\",\"name\":\"PAQUEADERO EXTERNO\",\"type\":\"camera\",\"bridges\":[{\"esn\":\"10066461\",\"status\":\"ATTD\"}],\"service_status\":\"ATTD\",\"permissions\":\"chMNps\",\"tags\":[],\"guid\":\"383c22b6-80d4-1d48-2a7d-bf038d2945d3\",\"serial_number\":null,\"camera_status\":1474615,\"timezone\":\"America\\/Bogota\",\"timezone_utc_offset\":-18000,\"is_unsupported\":0,\"ip_address\":\"*192.168.0.29\",\"is_shared\":0,\"owner_account_name\":\"Demos Viotec SAS\",\"is_upnp\":false,\"video_input\":null,\"video_status\":null,\"location\":{\"latitude\":4.669167,\"longitude\":-74.061705,\"azimuth\":null,\"range\":null,\"street_address\":\"Carrera 22 #81-95, Bogot\\u00e1, Colombia\",\"floor\":null,\"location_name\":\"\"},\"parent_camera_id\":null,\"child_camera_view\":null,\"is_hidden\":0,\"ignored_inputs\":[],\"responder_camera\":0}',2,1,NULL,'10066461',NULL,1,'2022-08-24 15:50:02','2022-08-19 09:20:41'),(512,'100e8a59',33,25,NULL,'Siera .120','Roberto Laplace, Don Torcuato, Buenos Aires',NULL,NULL,NULL,NULL,-34.491398600000000,-58.609552400000000,NULL,'{\"account_id\":\"00036534\",\"id\":\"100e8a59\",\"name\":\"Siera .120\",\"type\":\"camera\",\"bridges\":[{\"esn\":\"1006d8de\",\"status\":\"ATTD\"}],\"service_status\":\"ATTD\",\"permissions\":\"cZdghMpsz\",\"tags\":[\"parqueadero\"],\"guid\":\"5e5fd39d-788b-cbfa-ee7d-647366006775\",\"serial_number\":null,\"camera_status\":1966143,\"timezone\":\"America\\/Argentina\\/Buenos_Aires\",\"timezone_utc_offset\":-10800,\"is_unsupported\":0,\"ip_address\":\"*192.168.70.120\",\"is_shared\":1,\"owner_account_name\":\"Cliente1\",\"is_upnp\":false,\"video_input\":null,\"video_status\":null,\"location\":{\"latitude\":-34.4913986,\"longitude\":-58.60955239999999,\"azimuth\":null,\"range\":null,\"street_address\":\"Roberto Laplace, Don Torcuato, Buenos Aires\",\"floor\":null,\"location_name\":\"Torcuato, Provincia de Buenos Aires\"},\"parent_camera_id\":null,\"child_camera_view\":null,\"is_hidden\":0,\"ignored_inputs\":[],\"responder_camera\":0}',2,1,NULL,NULL,NULL,1,'2022-08-22 13:55:01','2022-08-19 09:20:43'),(513,'100bc2d0',33,25,NULL,'PAQUEADERO EXTERNO','Carrera 22 #81-95, Bogotá, Colombia',NULL,NULL,NULL,NULL,4.669167000000000,-74.061705000000000,NULL,'{\"account_id\":\"00036534\",\"id\":\"100bc2d0\",\"name\":\"PAQUEADERO EXTERNO\",\"type\":\"camera\",\"bridges\":[{\"esn\":\"10066461\",\"status\":\"ATTD\"}],\"service_status\":\"ATTD\",\"permissions\":\"czgGfhJMsNpSRZ<\",\"tags\":[],\"guid\":\"383c22b6-80d4-1d48-2a7d-bf038d2945d3\",\"serial_number\":null,\"camera_status\":1441847,\"timezone\":\"America\\/Bogota\",\"timezone_utc_offset\":-18000,\"is_unsupported\":0,\"ip_address\":\"*192.168.0.29\",\"is_shared\":0,\"owner_account_name\":\"Demos Viotec SAS\",\"is_upnp\":false,\"video_input\":null,\"video_status\":null,\"location\":{\"latitude\":4.669167,\"longitude\":-74.061705,\"azimuth\":null,\"range\":null,\"street_address\":\"Carrera 22 #81-95, Bogot\\u00e1, Colombia\",\"floor\":null,\"location_name\":\"\"},\"parent_camera_id\":null,\"child_camera_view\":null,\"is_hidden\":0,\"ignored_inputs\":[],\"responder_camera\":0}',2,1,NULL,'10066461',NULL,1,'2022-08-22 13:55:01','2022-08-19 09:20:43'),(514,'1007743e',33,25,NULL,'Siera .121','Roberto Laplace, Don Torcuato, Buenos Aires',NULL,NULL,NULL,NULL,-34.491399000000000,-58.609552000000000,NULL,'{\"account_id\":\"00036534\",\"id\":\"1007743e\",\"name\":\"Siera .121\",\"type\":\"camera\",\"bridges\":[{\"esn\":\"1006d8de\",\"status\":\"ATTD\"}],\"service_status\":\"ATTD\",\"permissions\":\"cZdghMpsz\",\"tags\":[],\"guid\":\"73edfb6d-8492-fa61-453f-647366006774\",\"serial_number\":null,\"camera_status\":1966135,\"timezone\":\"America\\/Argentina\\/Buenos_Aires\",\"timezone_utc_offset\":-10800,\"is_unsupported\":0,\"ip_address\":\"*192.168.70.121\",\"is_shared\":1,\"owner_account_name\":\"Cliente1\",\"is_upnp\":false,\"video_input\":null,\"video_status\":null,\"location\":{\"latitude\":-34.491399,\"longitude\":-58.609552,\"azimuth\":null,\"range\":null,\"street_address\":\"Roberto Laplace, Don Torcuato, Buenos Aires\",\"floor\":null,\"location_name\":\"Torcuato, Provincia de Buenos Aires\"},\"parent_camera_id\":null,\"child_camera_view\":null,\"is_hidden\":0,\"ignored_inputs\":[],\"responder_camera\":0}',2,1,NULL,NULL,NULL,1,'2022-08-22 13:55:01','2022-08-19 09:20:43'),(515,'100b03d2',33,25,NULL,'ENTRADA ACCESO ','Carrera 22 #81-95, Bogotá, Colombia',NULL,NULL,NULL,NULL,4.669167000000000,-74.061705000000000,NULL,'{\"account_id\":\"00036534\",\"id\":\"100b03d2\",\"name\":\"ENTRADA ACCESO \",\"type\":\"camera\",\"bridges\":[{\"esn\":\"10066461\",\"status\":\"ATTD\"}],\"service_status\":\"ATTD\",\"permissions\":\"czgGfhJMsNpSRZ<\",\"tags\":[],\"guid\":\"34754fc7-70ed-d51b-45fd-6a216ef408c6\",\"serial_number\":null,\"camera_status\":1474615,\"timezone\":\"America\\/Bogota\",\"timezone_utc_offset\":-18000,\"is_unsupported\":0,\"ip_address\":\"*192.168.0.28\",\"is_shared\":0,\"owner_account_name\":\"Demos Viotec SAS\",\"is_upnp\":false,\"video_input\":null,\"video_status\":null,\"location\":{\"latitude\":4.669167,\"longitude\":-74.061705,\"azimuth\":null,\"range\":null,\"street_address\":\"Carrera 22 #81-95, Bogot\\u00e1, Colombia\",\"floor\":null,\"location_name\":\"\"},\"parent_camera_id\":null,\"child_camera_view\":null,\"is_hidden\":0,\"ignored_inputs\":[],\"responder_camera\":0}',2,1,NULL,'10066461',NULL,1,'2022-08-22 13:55:01','2022-08-19 09:20:43'),(516,'100adc2c',33,25,NULL,'Terraza Vio','Carrera 22 #81-95, Bogotá, Colombia',NULL,NULL,NULL,NULL,4.669167000000000,-74.061705000000000,NULL,'{\"account_id\":\"00036534\",\"id\":\"100adc2c\",\"name\":\"Terraza Vio\",\"type\":\"camera\",\"bridges\":[{\"esn\":\"10066461\",\"status\":\"ATTD\"}],\"service_status\":\"ATTD\",\"permissions\":\"czgGfhJMsNpSRZ<\",\"tags\":[],\"guid\":\"b270b89a-dc1e-11ec-87e1-9eb6e6981b4c\",\"serial_number\":null,\"camera_status\":1966143,\"timezone\":\"America\\/Bogota\",\"timezone_utc_offset\":-18000,\"is_unsupported\":0,\"ip_address\":\"192.168.0.27\",\"is_shared\":0,\"owner_account_name\":\"Demos Viotec SAS\",\"is_upnp\":false,\"video_input\":null,\"video_status\":null,\"location\":{\"latitude\":4.669167,\"longitude\":-74.061705,\"azimuth\":0,\"range\":0,\"street_address\":\"Carrera 22 #81-95, Bogot\\u00e1, Colombia\",\"floor\":null,\"location_name\":\"\"},\"parent_camera_id\":null,\"child_camera_view\":null,\"is_hidden\":0,\"ignored_inputs\":[],\"responder_camera\":0}',2,1,NULL,'10066461',NULL,1,'2022-08-22 13:55:01','2022-08-19 09:20:43'),(517,'1000c1c3',33,25,NULL,'Oficina Piso 1','Carrera 22 #81-95, Bogota, Colombia',NULL,NULL,NULL,NULL,4.605088000000000,-74.090300000000000,NULL,'{\"account_id\":\"00036534\",\"id\":\"1000c1c3\",\"name\":\"Oficina Piso 1\",\"type\":\"camera\",\"bridges\":[{\"esn\":\"10066461\",\"status\":\"ATTD\"}],\"service_status\":\"ATTD\",\"permissions\":\"czgGfhJMsNpSRZ<\",\"tags\":[],\"guid\":\"5a473931-3656-344b-3830-303034365700\",\"serial_number\":null,\"camera_status\":1966143,\"timezone\":\"America\\/Bogota\",\"timezone_utc_offset\":-18000,\"is_unsupported\":0,\"ip_address\":\"*192.168.0.23\",\"is_shared\":0,\"owner_account_name\":\"Demos Viotec SAS\",\"is_upnp\":false,\"video_input\":null,\"video_status\":null,\"location\":{\"latitude\":4.605088,\"longitude\":-74.0903,\"azimuth\":336.549638,\"range\":15.947235,\"street_address\":\"Carrera 22 #81-95, Bogota, Colombia\",\"floor\":1,\"location_name\":\"\"},\"parent_camera_id\":null,\"child_camera_view\":null,\"is_hidden\":0,\"ignored_inputs\":[],\"responder_camera\":0}',2,1,NULL,'10066461',NULL,1,'2022-08-22 13:55:01','2022-08-19 09:20:43'),(543,'100a0acd',33,1,'Fija','Perimetral Sur','Carrera 22 #81-95, Bogotá, Colombia',12,'Bario Xys','11001','Comercial',5.669167000000000,-74.061705000000000,'pruena analytics','{\"account_id\":\"00036534\",\"id\":\"100a0acd\",\"name\":\"Perimetral Sur\",\"type\":\"camera\",\"bridges\":[{\"esn\":\"10066461\",\"status\":\"ATTD\"}],\"service_status\":\"ATTD\",\"permissions\":\"czgGfhJMsNpSRZ\",\"tags\":[],\"guid\":\"85723868-2242-11ed-a83c-36c75051c89a\",\"serial_number\":null,\"camera_status\":1966143,\"timezone\":\"America\\/Bogota\",\"timezone_utc_offset\":-18000,\"is_unsupported\":0,\"ip_address\":\"192.168.0.21\",\"is_shared\":0,\"owner_account_name\":\"Demos Viotec SAS\",\"is_upnp\":false,\"video_input\":null,\"video_status\":null,\"location\":{\"latitude\":4.669167,\"longitude\":-74.061705,\"azimuth\":null,\"range\":null,\"street_address\":\"Carrera 22 #81-95, Bogot\\u00e1, Colombia\",\"floor\":null,\"location_name\":\"\"},\"parent_camera_id\":null,\"child_camera_view\":null,\"is_hidden\":0,\"ignored_inputs\":[],\"responder_camera\":0}',2,1,NULL,'10066461',NULL,1,'2023-07-25 12:08:54','2022-08-22 12:52:53'),(544,'100c02f7',33,1,NULL,'LPR','Carrera 22 # 82-95',NULL,NULL,NULL,NULL,74.061688000000000,4.669545000000000,NULL,'{\"account_id\":\"00036534\",\"id\":\"100c02f7\",\"name\":\"LPR\",\"type\":\"camera\",\"bridges\":[{\"esn\":\"100d8b08\",\"status\":\"ATTD\"}],\"service_status\":\"ATTD\",\"permissions\":\"czgGfhJMsNpSRZ\",\"tags\":[],\"guid\":\"7097ed0c-2242-11ed-887f-da337a612af6\",\"serial_number\":null,\"camera_status\":1998911,\"timezone\":\"America\\/Bogota\",\"timezone_utc_offset\":-18000,\"is_unsupported\":0,\"ip_address\":\"192.168.0.30\",\"is_shared\":0,\"owner_account_name\":\"Demos Viotec SAS\",\"is_upnp\":false,\"video_input\":null,\"video_status\":null,\"location\":{\"latitude\":74.061688,\"longitude\":4.669545,\"azimuth\":null,\"range\":null,\"street_address\":\"Carrera 22 # 82-95\",\"floor\":1,\"location_name\":\"POLO CLUB\"},\"parent_camera_id\":null,\"child_camera_view\":null,\"is_hidden\":0,\"ignored_inputs\":[],\"responder_camera\":0}',2,1,NULL,'100d8b08',NULL,1,'2022-08-25 11:05:02','2022-08-22 12:52:53'),(545,'545',33,25,NULL,'Perimetral Sur','Carrera 22 #81-95, Bogotá, Colombia',NULL,NULL,NULL,NULL,4.669167000000000,-74.061705000000000,NULL,'{\"account_id\":\"00036534\",\"id\":\"100a0acd\",\"name\":\"Perimetral Sur\",\"type\":\"camera\",\"bridges\":[{\"esn\":\"10066461\",\"status\":\"ATTD\"}],\"service_status\":\"ATTD\",\"permissions\":\"czgGfhJMsNpSRZ<\",\"tags\":[],\"guid\":\"85723868-2242-11ed-a83c-36c75051c89a\",\"serial_number\":null,\"camera_status\":1998911,\"timezone\":\"America\\/Bogota\",\"timezone_utc_offset\":-18000,\"is_unsupported\":0,\"ip_address\":\"192.168.0.21\",\"is_shared\":0,\"owner_account_name\":\"Demos Viotec SAS\",\"is_upnp\":false,\"video_input\":null,\"video_status\":null,\"location\":{\"latitude\":4.669167,\"longitude\":-74.061705,\"azimuth\":null,\"range\":null,\"street_address\":\"Carrera 22 #81-95, Bogot\\u00e1, Colombia\",\"floor\":null,\"location_name\":\"\"},\"parent_camera_id\":null,\"child_camera_view\":null,\"is_hidden\":0,\"ignored_inputs\":[],\"responder_camera\":0}',0,96,NULL,'10066461',NULL,1,'2022-08-25 10:50:12','2022-08-22 12:52:58'),(546,'546',33,25,NULL,'LPR','Carrera 22 # 82-95',NULL,NULL,NULL,NULL,74.061688000000000,4.669545000000000,NULL,'{\"account_id\":\"00036534\",\"id\":\"100c02f7\",\"name\":\"LPR\",\"type\":\"camera\",\"bridges\":[{\"esn\":\"100d8b08\",\"status\":\"ATTD\"}],\"service_status\":\"ATTD\",\"permissions\":\"czgGfhJMsNpSRZ<\",\"tags\":[],\"guid\":\"7097ed0c-2242-11ed-887f-da337a612af6\",\"serial_number\":null,\"camera_status\":1998911,\"timezone\":\"America\\/Bogota\",\"timezone_utc_offset\":-18000,\"is_unsupported\":0,\"ip_address\":\"192.168.0.30\",\"is_shared\":0,\"owner_account_name\":\"Demos Viotec SAS\",\"is_upnp\":false,\"video_input\":null,\"video_status\":null,\"location\":{\"latitude\":74.061688,\"longitude\":4.669545,\"azimuth\":null,\"range\":null,\"street_address\":\"Carrera 22 # 82-95\",\"floor\":1,\"location_name\":\"POLO CLUB\"},\"parent_camera_id\":null,\"child_camera_view\":null,\"is_hidden\":0,\"ignored_inputs\":[],\"responder_camera\":0}',0,96,NULL,'100d8b08',NULL,1,'2022-08-25 10:50:07','2022-08-22 12:52:58'),(547,'2348481',13,9,'Fija','FC SAN CARLOS ','CALLE 41 NO 8-71',267,'','7635','VIA PUBLICA',3.536291800000000,-76.282243000000000,'','{\"cameraId\":2348481,\"name\":\"FC SAN CARLOS \",\"deviceTypeId\":806,\"ethMacAddress\":\"00-1C-27-15-70-06\",\"zoneId\":1167500,\"accountId\":783796}',1,1,1167500,NULL,NULL,1,'2022-12-21 13:15:31','2022-08-22 14:31:20'),(548,'2348499',13,9,'Fija','FC LA LUISA - P.A 55','CARRERA 3 D CALLE 4 SUR Y 6',286,'LA LUISA','76318','VIA PUBLICA',3.757097100000000,-76.331521900000000,'','{\"cameraId\":2348499,\"name\":\"FC EL LIMONAR\",\"deviceTypeId\":806,\"ethMacAddress\":\"00-1C-27-15-70-51\",\"zoneId\":1172757,\"accountId\":783796}',1,1,1172757,NULL,NULL,1,'2023-07-14 17:19:56','2022-08-22 15:01:00'),(549,'1000c1c3',30,16,NULL,'Oficina Piso 1','Carrera 22 #81-95, Bogota, Colombia',NULL,NULL,NULL,NULL,4.605088000000000,-74.090300000000000,NULL,'{\"account_id\":\"00036534\",\"id\":\"1000c1c3\",\"name\":\"Oficina Piso 1\",\"type\":\"camera\",\"bridges\":[{\"esn\":\"10066461\",\"status\":\"ATTD\"}],\"service_status\":\"ATTD\",\"permissions\":\"chMNps\",\"tags\":[],\"guid\":\"5a473931-3656-344b-3830-303034365700\",\"serial_number\":null,\"camera_status\":1966143,\"timezone\":\"America\\/Bogota\",\"timezone_utc_offset\":-18000,\"is_unsupported\":0,\"ip_address\":\"*192.168.0.23\",\"is_shared\":0,\"owner_account_name\":\"Demos Viotec SAS\",\"is_upnp\":false,\"video_input\":null,\"video_status\":null,\"location\":{\"latitude\":4.605088,\"longitude\":-74.0903,\"azimuth\":336.549638,\"range\":15.947235,\"street_address\":\"Carrera 22 #81-95, Bogota, Colombia\",\"floor\":1,\"location_name\":\"\"},\"parent_camera_id\":null,\"child_camera_view\":null,\"is_hidden\":0,\"ignored_inputs\":[],\"responder_camera\":0}',2,1,NULL,'10066461',NULL,1,'2022-08-24 17:05:01','2022-08-24 15:50:16'),(550,'100adc2c',30,16,NULL,'Terraza Vio','Carrera 22 #81-95, Bogotá, Colombia',NULL,NULL,NULL,NULL,4.669167000000000,-74.061705000000000,NULL,'{\"account_id\":\"00036534\",\"id\":\"100adc2c\",\"name\":\"Terraza Vio\",\"type\":\"camera\",\"bridges\":[{\"esn\":\"10066461\",\"status\":\"ATTD\"}],\"service_status\":\"ATTD\",\"permissions\":\"chMNps\",\"tags\":[],\"guid\":\"b270b89a-dc1e-11ec-87e1-9eb6e6981b4c\",\"serial_number\":null,\"camera_status\":1966080,\"timezone\":\"America\\/Bogota\",\"timezone_utc_offset\":-18000,\"is_unsupported\":1,\"ip_address\":\"\",\"is_shared\":0,\"owner_account_name\":\"Demos Viotec SAS\",\"is_upnp\":false,\"video_input\":null,\"video_status\":null,\"location\":{\"latitude\":4.669167,\"longitude\":-74.061705,\"azimuth\":0,\"range\":0,\"street_address\":\"Carrera 22 #81-95, Bogot\\u00e1, Colombia\",\"floor\":null,\"location_name\":\"\"},\"parent_camera_id\":null,\"child_camera_view\":null,\"is_hidden\":0,\"ignored_inputs\":[],\"responder_camera\":0}',2,1,NULL,'10066461',NULL,1,'2022-08-24 17:05:01','2022-08-24 15:50:16'),(551,'100bc2d0',30,16,NULL,'PAQUEADERO EXTERNO','Carrera 22 #81-95, Bogotá, Colombia',NULL,NULL,NULL,NULL,4.669167000000000,-74.061705000000000,NULL,'{\"account_id\":\"00036534\",\"id\":\"100bc2d0\",\"name\":\"PAQUEADERO EXTERNO\",\"type\":\"camera\",\"bridges\":[{\"esn\":\"10066461\",\"status\":\"ATTD\"}],\"service_status\":\"ATTD\",\"permissions\":\"chMNps\",\"tags\":[],\"guid\":\"383c22b6-80d4-1d48-2a7d-bf038d2945d3\",\"serial_number\":null,\"camera_status\":1441847,\"timezone\":\"America\\/Bogota\",\"timezone_utc_offset\":-18000,\"is_unsupported\":0,\"ip_address\":\"*192.168.0.29\",\"is_shared\":0,\"owner_account_name\":\"Demos Viotec SAS\",\"is_upnp\":false,\"video_input\":null,\"video_status\":null,\"location\":{\"latitude\":4.669167,\"longitude\":-74.061705,\"azimuth\":null,\"range\":null,\"street_address\":\"Carrera 22 #81-95, Bogot\\u00e1, Colombia\",\"floor\":null,\"location_name\":\"\"},\"parent_camera_id\":null,\"child_camera_view\":null,\"is_hidden\":0,\"ignored_inputs\":[],\"responder_camera\":0}',2,1,NULL,'10066461',NULL,1,'2022-08-24 17:05:01','2022-08-24 15:50:16'),(552,'2337341',33,24,NULL,'BODEGA_SOL',NULL,NULL,NULL,NULL,NULL,NULL,NULL,NULL,'{\"cameraId\":2337341,\"name\":\"BODEGA_SOL\",\"deviceTypeId\":10024,\"ethMacAddress\":\"BC-32-5F-3B-CD-89\",\"zoneId\":613613,\"accountId\":77855}',2,1,613613,NULL,NULL,1,'2022-08-25 10:55:01','2022-08-25 10:50:58'),(587,'2740218',1,2,NULL,'Camara 2',NULL,NULL,NULL,NULL,NULL,NULL,NULL,NULL,'{\"cameraId\":2740218,\"name\":\"Villa Luz Cam 2\",\"deviceTypeId\":806,\"ethMacAddress\":\"00-1C-27-15-6F-F0\",\"zoneId\":691428,\"accountId\":77855}',1,1,691428,NULL,NULL,1,'2024-08-23 11:39:01','2023-07-13 16:25:57'),(602,'2611697',13,9,NULL,'FC PALO BONITO',NULL,NULL,NULL,NULL,NULL,NULL,NULL,NULL,'{\"cameraId\":2611697,\"name\":\"FC PALO BONITO\",\"deviceTypeId\":806,\"ethMacAddress\":\"00-1C-27-15-70-5D\",\"zoneId\":1184109,\"accountId\":783796}',1,1,1184109,NULL,NULL,1,'2023-07-14 17:19:56','2023-07-13 16:25:57'),(636,'2632941',1,2,NULL,'Cámara 1',NULL,NULL,NULL,NULL,NULL,NULL,NULL,NULL,'{\"cameraId\":2632941,\"name\":\"Villa Luz Cam 1\",\"deviceTypeId\":801,\"ethMacAddress\":\"00-1C-27-14-D1-A3\",\"zoneId\":691428,\"accountId\":77855}',1,1,691428,NULL,NULL,1,'2024-08-23 02:16:20','2024-05-10 08:37:28'),(637,'2929125',1,2,NULL,'Prueba',NULL,NULL,NULL,NULL,NULL,NULL,NULL,NULL,'{\"cameraId\":2929125,\"name\":\"Prueba\",\"deviceTypeId\":10186,\"ethMacAddress\":\"00-1C-27-18-66-71\",\"zoneId\":1786621,\"accountId\":77855}',2,1,1786621,NULL,NULL,1,'2024-05-10 08:37:28','2024-05-10 08:37:28'),(638,'2790365',14,10,NULL,'Cam 1 - Bodega Azafran',NULL,NULL,NULL,NULL,NULL,NULL,NULL,NULL,'{\"cameraId\":2790365,\"name\":\"Cam 1 - Bodega Azafran\",\"deviceTypeId\":801,\"ethMacAddress\":\"00-1C-27-14-D1-9E\",\"zoneId\":1829648,\"accountId\":783677}',2,1,1829648,NULL,NULL,1,'2024-05-10 09:50:04','2024-05-10 09:50:04'),(639,'2790390',14,10,NULL,'Cam 1 - Mirador del Valle',NULL,NULL,NULL,NULL,NULL,NULL,NULL,NULL,'{\"cameraId\":2790390,\"name\":\"Cam 1 - Mirador del Valle\",\"deviceTypeId\":801,\"ethMacAddress\":\"00-1C-27-14-D1-A0\",\"zoneId\":1829648,\"accountId\":783677}',2,1,1829648,NULL,NULL,1,'2024-05-10 09:50:04','2024-05-10 09:50:04'),(640,'2796705',14,10,NULL,'Cali 1',NULL,NULL,NULL,NULL,NULL,NULL,NULL,NULL,'{\"cameraId\":2796705,\"name\":\"Cali 1\",\"deviceTypeId\":801,\"ethMacAddress\":\"00-1C-27-14-D1-93\",\"zoneId\":1829648,\"accountId\":783677}',2,1,1829648,NULL,NULL,1,'2024-05-10 09:50:04','2024-05-10 09:50:04'),(641,'2796761',14,10,NULL,'Cali 2',NULL,NULL,NULL,NULL,NULL,NULL,NULL,NULL,'{\"cameraId\":2796761,\"name\":\"Cali 2\",\"deviceTypeId\":801,\"ethMacAddress\":\"00-1C-27-14-D1-A5\",\"zoneId\":1829648,\"accountId\":783677}',2,1,1829648,NULL,NULL,1,'2024-05-10 09:50:04','2024-05-10 09:50:04'),(642,'2280579',42,29,'Fija','Laboratorio Solutron','Carrera 22 81-95',12,'El Polo','11001','Oficina',4.669552000000000,-74.062003000000000,NULL,'{\"cameraId\":2280579,\"name\":\"LABORATORIO_SOL\",\"deviceTypeId\":10029,\"ethMacAddress\":\"BC-32-5F-3C-EE-74\",\"zoneId\":613613,\"accountId\":77855}',1,1,613613,NULL,NULL,1,'2024-08-24 16:45:38','2024-05-10 09:50:15'),(643,'2337341',42,29,'Fija','Bodega Solutron','Carrera 22 81-95',12,'El Polo','11001','Oficina',4.669615000000000,-74.062032000000000,NULL,'{\"cameraId\":2337341,\"name\":\"BODEGA_SOL\",\"deviceTypeId\":10024,\"ethMacAddress\":\"BC-32-5F-3B-CD-89\",\"zoneId\":613613,\"accountId\":77855}',1,1,613613,NULL,NULL,1,'2024-08-26 07:22:23','2024-05-10 09:50:15'),(644,'2632941',42,29,NULL,'Cámara 1',NULL,NULL,NULL,NULL,NULL,NULL,NULL,NULL,'{\"cameraId\":2632941,\"name\":\"Villa Luz Cam 1\",\"deviceTypeId\":801,\"ethMacAddress\":\"00-1C-27-14-D1-A3\",\"zoneId\":691428,\"accountId\":77855}',1,1,691428,NULL,NULL,1,'2024-08-23 02:16:33','2024-05-10 09:50:15'),(645,'2740218',42,29,NULL,'Camara 2',NULL,NULL,NULL,NULL,NULL,NULL,NULL,NULL,'{\"cameraId\":2740218,\"name\":\"Villa Luz Cam 2\",\"deviceTypeId\":806,\"ethMacAddress\":\"00-1C-27-15-6F-F0\",\"zoneId\":691428,\"accountId\":77855}',1,1,691428,NULL,NULL,1,'2024-08-23 11:39:13','2024-05-10 09:50:15'),(646,'2929125',42,29,NULL,'Prueba',NULL,NULL,NULL,NULL,NULL,NULL,NULL,NULL,'{\"cameraId\":2929125,\"name\":\"Prueba\",\"deviceTypeId\":10186,\"ethMacAddress\":\"00-1C-27-18-66-71\",\"zoneId\":1786621,\"accountId\":77855}',2,1,1786621,NULL,NULL,1,'2024-05-10 09:50:15','2024-05-10 09:50:15'),(647,'2280579',35,30,'Fija','LABORATORIO_SOL',NULL,12,'El Polo','11001',NULL,3.484711000000000,-72.307466000000000,NULL,'{\"cameraId\":2280579,\"name\":\"LABORATORIO_SOL\",\"deviceTypeId\":10029,\"ethMacAddress\":\"BC-32-5F-3C-EE-74\",\"zoneId\":613613,\"accountId\":77855}',1,1,613613,NULL,NULL,1,'2024-08-24 16:45:42','2024-05-10 10:49:08'),(648,'2337341',35,30,'Fija','BODEGA SOL',NULL,12,'El Polo','11001','COMERCIAL',NULL,NULL,NULL,'{\"cameraId\":2337341,\"name\":\"BODEGA_SOL\",\"deviceTypeId\":10024,\"ethMacAddress\":\"BC-32-5F-3B-CD-89\",\"zoneId\":613613,\"accountId\":77855}',1,1,613613,NULL,NULL,1,'2024-08-26 07:22:26','2024-05-10 10:49:08'),(649,'2632941',35,30,'Fija','Villa Luz  Cam 1',NULL,10,'Viila Luz','11001',NULL,NULL,NULL,NULL,'{\"cameraId\":2632941,\"name\":\"Villa Luz Cam 1\",\"deviceTypeId\":801,\"ethMacAddress\":\"00-1C-27-14-D1-A3\",\"zoneId\":691428,\"accountId\":77855}',1,1,691428,NULL,NULL,1,'2024-08-23 02:16:33','2024-05-10 10:49:08'),(650,'2740218',35,30,'Fija','Villa Luz Cam 2',NULL,10,'Viila Luz','11001',NULL,NULL,NULL,NULL,'{\"cameraId\":2740218,\"name\":\"Villa Luz Cam 2\",\"deviceTypeId\":806,\"ethMacAddress\":\"00-1C-27-15-6F-F0\",\"zoneId\":691428,\"accountId\":77855}',1,1,691428,NULL,NULL,1,'2024-08-23 11:39:14','2024-05-10 10:49:08'),(651,'2280579',43,31,NULL,'LABORATORIO_SOL',NULL,NULL,NULL,NULL,NULL,NULL,NULL,NULL,'{\"cameraId\":2280579,\"name\":\"LABORATORIO_SOL\",\"deviceTypeId\":10029,\"ethMacAddress\":\"BC-32-5F-3C-EE-74\",\"zoneId\":613613,\"accountId\":77855}',1,1,613613,NULL,NULL,1,'2024-08-24 16:45:50','2024-05-10 11:26:11'),(652,'2337341',43,31,NULL,'BODEGA_SOL',NULL,NULL,NULL,NULL,NULL,NULL,NULL,NULL,'{\"cameraId\":2337341,\"name\":\"BODEGA_SOL\",\"deviceTypeId\":10024,\"ethMacAddress\":\"BC-32-5F-3B-CD-89\",\"zoneId\":613613,\"accountId\":77855}',1,1,613613,NULL,NULL,1,'2024-08-26 07:22:29','2024-05-10 11:26:11'),(653,'2632941',43,31,NULL,'Villa Luz  Cam 1',NULL,NULL,NULL,NULL,NULL,NULL,NULL,NULL,'{\"cameraId\":2632941,\"name\":\"Villa Luz Cam 1\",\"deviceTypeId\":801,\"ethMacAddress\":\"00-1C-27-14-D1-A3\",\"zoneId\":691428,\"accountId\":77855}',1,1,691428,NULL,NULL,1,'2024-08-23 02:16:34','2024-05-10 11:26:11'),(654,'2740218',43,31,NULL,'Villa Luz Cam 2',NULL,NULL,NULL,NULL,NULL,NULL,NULL,NULL,'{\"cameraId\":2740218,\"name\":\"Villa Luz Cam 2\",\"deviceTypeId\":806,\"ethMacAddress\":\"00-1C-27-15-6F-F0\",\"zoneId\":691428,\"accountId\":77855}',1,1,691428,NULL,NULL,1,'2024-08-23 11:39:15','2024-05-10 11:26:11'),(655,'10052aa6',43,32,NULL,'Perimetral Sur','Carrera 22 #81-95, Bogotá, Colombia',NULL,NULL,NULL,NULL,4.669602000000000,-74.061831000000000,NULL,'{\"account_id\":\"00036534\",\"id\":\"10052aa6\",\"name\":\"Perimetral Sur\",\"type\":\"camera\",\"bridges\":[{\"esn\":\"1001af90\",\"status\":\"ATTD\"}],\"service_status\":\"ATTD\",\"permissions\":\"%$&+<>A@CBEGFIHJMLONQPSRUTVYXZ^cbedgfihmlopsutvxz\",\"tags\":[],\"guid\":\"7afdf454-780d-11ee-9c22-0a4b8a6a4dc0\",\"serial_number\":null,\"camera_status\":1212581,\"timezone\":\"America\\/Bogota\",\"timezone_utc_offset\":-18000,\"is_unsupported\":0,\"ip_address\":\"190.25.47.196\",\"is_shared\":0,\"owner_account_name\":\"Demos Viotec SAS\",\"is_upnp\":false,\"video_input\":null,\"video_status\":null,\"location\":{\"latitude\":4.669602,\"longitude\":-74.061831,\"azimuth\":186.766749,\"range\":26.930287,\"street_address\":\"Carrera 22 #81-95, Bogot\\u00e1, Colombia\",\"floor\":1,\"location_name\":\"\"},\"parent_camera_id\":null,\"child_camera_view\":null,\"is_hidden\":0,\"ignored_inputs\":[],\"responder_camera\":0}',1,1,NULL,'1001af90',NULL,1,'2024-07-18 14:32:33','2024-05-10 11:27:08'),(656,'1003c7e9',43,32,NULL,'Parquadero Exterior Norte','Carrera 22 #81-95, Bogotá, Colombia',NULL,NULL,NULL,NULL,4.669588000000000,-74.061909000000000,NULL,'{\"account_id\":\"00036534\",\"id\":\"1003c7e9\",\"name\":\"Parquadero Exterior Norte\",\"type\":\"camera\",\"bridges\":[{\"esn\":\"1001af90\",\"status\":\"ATTD\"}],\"service_status\":\"ATTD\",\"permissions\":\"%$&+<>A@CBEGFIHJMLONQPSRUTVYXZ^cbedgfihmlopsutvxz\",\"tags\":[],\"guid\":\"1bb2ef7c-7821-11ee-a322-2e05840ebf88\",\"serial_number\":null,\"camera_status\":1966143,\"timezone\":\"America\\/Bogota\",\"timezone_utc_offset\":-18000,\"is_unsupported\":0,\"ip_address\":\"192.168.0.29\",\"is_shared\":0,\"owner_account_name\":\"Demos Viotec SAS\",\"is_upnp\":false,\"video_input\":null,\"video_status\":null,\"location\":{\"latitude\":4.669588,\"longitude\":-74.061909,\"azimuth\":293.102057,\"range\":46.306658,\"street_address\":\"Carrera 22 #81-95, Bogot\\u00e1, Colombia\",\"floor\":1,\"location_name\":\"\"},\"parent_camera_id\":null,\"child_camera_view\":null,\"is_hidden\":0,\"ignored_inputs\":[],\"responder_camera\":0}',1,1,NULL,'1001af90',NULL,1,'2024-07-18 14:32:33','2024-05-10 11:27:09'),(657,'100366ee',43,32,NULL,'Oficina Segundo Piso','Carrera 22 #81-95, Bogotá, Colombia',NULL,NULL,NULL,NULL,4.669550000000000,-74.061953000000000,NULL,'{\"account_id\":\"00036534\",\"id\":\"100366ee\",\"name\":\"Oficina Segundo Piso\",\"type\":\"camera\",\"bridges\":[{\"esn\":\"1001af90\",\"status\":\"ATTD\"}],\"service_status\":\"ATTD\",\"permissions\":\"%$&+<>A@CBEGFIHJMLONQPSRUTVYXZ^cbedgfihmlopsutvxz\",\"tags\":[],\"guid\":\"f246d3e8-781f-11ee-8fef-bedc1d37036b\",\"serial_number\":null,\"camera_status\":1441847,\"timezone\":\"America\\/Bogota\",\"timezone_utc_offset\":-18000,\"is_unsupported\":0,\"ip_address\":\"192.168.0.26\",\"is_shared\":0,\"owner_account_name\":\"Demos Viotec SAS\",\"is_upnp\":false,\"video_input\":null,\"video_status\":null,\"location\":{\"latitude\":4.66955,\"longitude\":-74.061953,\"azimuth\":32.94344,\"range\":12.343257,\"street_address\":\"Carrera 22 #81-95, Bogot\\u00e1, Colombia\",\"floor\":1,\"location_name\":\"\"},\"parent_camera_id\":null,\"child_camera_view\":null,\"is_hidden\":0,\"ignored_inputs\":[],\"responder_camera\":0}',1,1,NULL,'1001af90',NULL,1,'2024-07-18 14:32:33','2024-05-10 11:27:09'),(658,'10012a7b',43,32,NULL,'Reja Puerta Principal','Carrera 22 #81-95, Bogotá, Colombia',NULL,NULL,NULL,NULL,4.669566000000000,-74.061901000000000,NULL,'{\"account_id\":\"00036534\",\"id\":\"10012a7b\",\"name\":\"Reja Puerta Principal\",\"type\":\"camera\",\"bridges\":[{\"esn\":\"1001af90\",\"status\":\"ATTD\"}],\"service_status\":\"ATTD\",\"permissions\":\"%$&+<>A@CBEGFIHJMLONQPSRUTVYXZ^cbedgfihmlopsutvxz\",\"tags\":[],\"guid\":\"34754fc7-70ed-d51b-45fd-6a216ef408c6\",\"serial_number\":null,\"camera_status\":1966135,\"timezone\":\"America\\/Bogota\",\"timezone_utc_offset\":-18000,\"is_unsupported\":0,\"ip_address\":\"*192.168.0.28\",\"is_shared\":0,\"owner_account_name\":\"Demos Viotec SAS\",\"is_upnp\":false,\"video_input\":null,\"video_status\":null,\"location\":{\"latitude\":4.669566,\"longitude\":-74.061901,\"azimuth\":164.345043,\"range\":23.970596,\"street_address\":\"Carrera 22 #81-95, Bogot\\u00e1, Colombia\",\"floor\":1,\"location_name\":\"\"},\"parent_camera_id\":null,\"child_camera_view\":null,\"is_hidden\":0,\"ignored_inputs\":[],\"responder_camera\":0}',1,1,NULL,'1001af90',NULL,1,'2024-07-18 14:32:33','2024-05-10 11:27:09'),(659,'100855d9',43,32,NULL,'Oficina Primer Piso','Carrera 22 #81-95, Bogotá, Colombia',NULL,NULL,NULL,NULL,4.669540000000000,-74.061914000000000,NULL,'{\"account_id\":\"00036534\",\"id\":\"100855d9\",\"name\":\"Oficina Primer Piso\",\"type\":\"camera\",\"bridges\":[{\"esn\":\"1001af90\",\"status\":\"ATTD\"}],\"service_status\":\"ATTD\",\"permissions\":\"%$&+<>A@CBEGFIHJMLONQPSRUTVYXZ^cbedgfihmlopsutvxz\",\"tags\":[],\"guid\":\"dc1d9252-dbd7-11ee-a79a-f28d28ec0e31\",\"serial_number\":null,\"camera_status\":1966143,\"timezone\":\"America\\/Bogota\",\"timezone_utc_offset\":-18000,\"is_unsupported\":0,\"ip_address\":\"192.168.0.23\",\"is_shared\":0,\"owner_account_name\":\"Demos Viotec SAS\",\"is_upnp\":false,\"video_input\":null,\"video_status\":null,\"location\":{\"latitude\":4.66954,\"longitude\":-74.061914,\"azimuth\":345.596637,\"range\":9.812679,\"street_address\":\"Carrera 22 #81-95, Bogot\\u00e1, Colombia\",\"floor\":1,\"location_name\":\"\"},\"parent_camera_id\":null,\"child_camera_view\":null,\"is_hidden\":0,\"ignored_inputs\":[],\"responder_camera\":0}',1,1,NULL,'1001af90',NULL,1,'2024-07-18 14:32:33','2024-05-10 11:27:09'),(660,'10058909',43,32,'Fija','Terraza Viotec','Carrera 22 #81-95, Bogotá, Colombia',12,'El Polo','11001','Oficina',4.669533000000000,-74.062012000000000,NULL,'{\"account_id\":\"00036534\",\"id\":\"10058909\",\"name\":\"Terraza Viotec\",\"type\":\"camera\",\"bridges\":[{\"esn\":\"1001af90\",\"status\":\"ATTD\"}],\"service_status\":\"ATTD\",\"permissions\":\"%$&+<>A@CBEGFIHJMLONQPSRUTVYXZ^cbedgfihmlopsutvxz\",\"tags\":[],\"guid\":\"414b5108-780c-11ee-881e-52a348cc95ea\",\"serial_number\":null,\"camera_status\":1966143,\"timezone\":\"America\\/Bogota\",\"timezone_utc_offset\":-18000,\"is_unsupported\":0,\"ip_address\":\"192.168.0.27\",\"is_shared\":0,\"owner_account_name\":\"Demos Viotec SAS\",\"is_upnp\":false,\"video_input\":null,\"video_status\":null,\"location\":{\"latitude\":4.669533,\"longitude\":-74.062012,\"azimuth\":327.757193,\"range\":23.790692,\"street_address\":\"Carrera 22 #81-95, Bogot\\u00e1, Colombia\",\"floor\":1,\"location_name\":\"\"},\"parent_camera_id\":null,\"child_camera_view\":null,\"is_hidden\":0,\"ignored_inputs\":[],\"responder_camera\":0}',1,1,NULL,'1001af90',NULL,1,'2024-07-18 14:32:33','2024-05-10 11:27:09'),(661,'10026f60',43,32,NULL,'ENTRADA ACCESO','Carrera 22 #81-95, Bogotá, Colombia',NULL,NULL,NULL,NULL,4.669523000000000,-74.061980000000000,NULL,'{\"account_id\":\"00036534\",\"id\":\"10026f60\",\"name\":\"ENTRADA ACCESO\",\"type\":\"camera\",\"bridges\":[{\"esn\":\"1001af90\",\"status\":\"ATTD\"}],\"service_status\":\"ATTD\",\"permissions\":\"%$&+<>A@CBEGFIHJMLONQPSRUTVYXZ^cbedgfihmlopsutvxz\",\"tags\":[],\"guid\":\"c1d39e8e-780c-11ee-9c22-0a4b8a6a4dc0\",\"serial_number\":null,\"camera_status\":1966135,\"timezone\":\"America\\/Bogota\",\"timezone_utc_offset\":-18000,\"is_unsupported\":0,\"ip_address\":\"192.168.0.22\",\"is_shared\":0,\"owner_account_name\":\"Demos Viotec SAS\",\"is_upnp\":false,\"video_input\":null,\"video_status\":null,\"location\":{\"latitude\":4.669523,\"longitude\":-74.06198,\"azimuth\":90.894803,\"range\":16.599953,\"street_address\":\"Carrera 22 #81-95, Bogot\\u00e1, Colombia\",\"floor\":1,\"location_name\":\"\"},\"parent_camera_id\":null,\"child_camera_view\":null,\"is_hidden\":0,\"ignored_inputs\":[],\"responder_camera\":0}',1,1,NULL,'1001af90',NULL,1,'2024-07-18 14:32:33','2024-05-10 11:27:09'),(662,'100a87b2',43,32,NULL,'Perimetral Occidente','Carrera 22 #81-95, Bogotá, Colombia',NULL,NULL,NULL,NULL,4.669627000000000,-74.061841000000000,NULL,'{\"account_id\":\"00036534\",\"id\":\"100a87b2\",\"name\":\"Perimetral Occidente\",\"type\":\"camera\",\"bridges\":[{\"esn\":\"1001af90\",\"status\":\"ATTD\"}],\"service_status\":\"ATTD\",\"permissions\":\"%$&+<>A@CBEGFIHJMLONQPSRUTVYXZ^cbedgfihmlopsutvxz\",\"tags\":[],\"guid\":\"18fe0b66-780f-11ee-9657-06563f26f07a\",\"serial_number\":null,\"camera_status\":1212581,\"timezone\":\"America\\/Bogota\",\"timezone_utc_offset\":-18000,\"is_unsupported\":0,\"ip_address\":\"190.25.47.197\",\"is_shared\":0,\"owner_account_name\":\"Demos Viotec SAS\",\"is_upnp\":false,\"video_input\":null,\"video_status\":null,\"location\":{\"latitude\":4.669627,\"longitude\":-74.061841,\"azimuth\":278.200737,\"range\":29.839675,\"street_address\":\"Carrera 22 #81-95, Bogot\\u00e1, Colombia\",\"floor\":1,\"location_name\":\"\"},\"parent_camera_id\":null,\"child_camera_view\":null,\"is_hidden\":0,\"ignored_inputs\":[],\"responder_camera\":0}',1,1,NULL,'1001af90',NULL,1,'2024-07-18 14:32:33','2024-05-10 11:27:09'),(663,'2632941',44,33,NULL,'Villa Luz  Cam 1',NULL,NULL,NULL,NULL,NULL,NULL,NULL,NULL,'{\"cameraId\":2632941,\"name\":\"Villa Luz Cam 1\",\"deviceTypeId\":801,\"ethMacAddress\":\"00-1C-27-14-D1-A3\",\"zoneId\":691428,\"accountId\":77855}',1,1,691428,NULL,NULL,1,'2024-08-23 02:16:51','2024-05-10 14:48:07'),(664,'2740218',44,33,NULL,'Villa Luz Cam 2',NULL,NULL,NULL,NULL,NULL,NULL,NULL,NULL,'{\"cameraId\":2740218,\"name\":\"Villa Luz Cam 2\",\"deviceTypeId\":806,\"ethMacAddress\":\"00-1C-27-15-6F-F0\",\"zoneId\":691428,\"accountId\":77855}',1,1,691428,NULL,NULL,1,'2024-08-23 11:39:16','2024-05-10 14:48:07'),(665,'3003445',1,2,NULL,'Cámara Demo 7268',NULL,NULL,NULL,NULL,NULL,NULL,NULL,NULL,'{\"cameraId\":3003445,\"name\":\"C\\u00e1mara Demo 7268\",\"deviceTypeId\":806,\"ethMacAddress\":\"00-1C-27-15-50-22\",\"zoneId\":1929741,\"accountId\":77855}',2,1,1929741,NULL,NULL,1,'2024-06-14 11:02:09','2024-05-16 16:58:01'),(666,'3003445',42,29,NULL,'Cámara Demo 7268',NULL,NULL,NULL,NULL,NULL,NULL,NULL,NULL,'{\"cameraId\":3003445,\"name\":\"C\\u00e1mara Demo 7268\",\"deviceTypeId\":806,\"ethMacAddress\":\"00-1C-27-15-50-22\",\"zoneId\":1929741,\"accountId\":77855}',2,1,1929741,NULL,NULL,1,'2024-06-14 11:02:45','2024-05-16 16:58:05'),(667,'3003445',35,30,NULL,'Cámara Demo 7268',NULL,NULL,NULL,NULL,NULL,NULL,NULL,NULL,'{\"cameraId\":3003445,\"name\":\"C\\u00e1mara Demo 7268\",\"deviceTypeId\":806,\"ethMacAddress\":\"00-1C-27-15-50-22\",\"zoneId\":1929741,\"accountId\":77855}',2,1,1929741,NULL,NULL,1,'2024-06-14 11:02:48','2024-05-16 16:58:07'),(668,'3003445',43,31,NULL,'Cámara Demo 7268',NULL,NULL,NULL,NULL,NULL,NULL,NULL,NULL,'{\"cameraId\":3003445,\"name\":\"C\\u00e1mara Demo 7268\",\"deviceTypeId\":806,\"ethMacAddress\":\"00-1C-27-15-50-22\",\"zoneId\":1929741,\"accountId\":77855}',2,1,1929741,NULL,NULL,1,'2024-06-14 11:02:49','2024-05-16 16:58:07'),(669,'1609053',47,34,'Fija','Cámara Alarma 1854','Vereda',NULL,'Potrerillo','633020','RESIDENCIAL',4.468047000000000,-75.789139000000000,NULL,'{\"cameraId\":1609053,\"name\":\"C\\u00e1mara Alarma 1854\",\"deviceTypeId\":458,\"ethMacAddress\":\"00-1C-27-14-D1-A1\",\"zoneId\":967540,\"accountId\":253253}',2,1,967540,NULL,NULL,1,'2024-07-31 15:05:08','2024-06-14 11:02:59'),(670,'3007890',47,34,'Fija','Cámara Alarma 1805','Vereda',NULL,'Potrerillo','633020','RESIDENCIAL',4.468962000000000,-75.789020000000000,NULL,'{\"cameraId\":3007890,\"name\":\"C\\u00e1mara Alarma 1805\",\"deviceTypeId\":458,\"ethMacAddress\":\"00-1C-27-14-D1-96\",\"zoneId\":967540,\"accountId\":253253}',2,1,967540,NULL,NULL,1,'2024-08-09 11:53:23','2024-06-14 11:02:59'),(671,'3018799',1,2,NULL,'Demo Soluciones Cloud 1',NULL,NULL,NULL,NULL,NULL,NULL,NULL,NULL,'{\"cameraId\":3018799,\"name\":\"Demo Soluciones Cloud 1\",\"deviceTypeId\":10186,\"ethMacAddress\":\"00-1C-27-18-66-9E\",\"zoneId\":1936521,\"accountId\":77855}',2,1,1936521,NULL,NULL,1,'2024-07-18 14:15:02','2024-07-18 14:15:02'),(672,'3018799',42,29,NULL,'Demo Soluciones Cloud 1',NULL,NULL,NULL,NULL,NULL,NULL,NULL,NULL,'{\"cameraId\":3018799,\"name\":\"Demo Soluciones Cloud 1\",\"deviceTypeId\":10186,\"ethMacAddress\":\"00-1C-27-18-66-9E\",\"zoneId\":1936521,\"accountId\":77855}',2,1,1936521,NULL,NULL,1,'2024-07-18 14:15:22','2024-07-18 14:15:12'),(673,'3018799',35,30,NULL,'Demo Soluciones Cloud 1',NULL,NULL,NULL,NULL,NULL,NULL,NULL,NULL,'{\"cameraId\":3018799,\"name\":\"Demo Soluciones Cloud 1\",\"deviceTypeId\":10186,\"ethMacAddress\":\"00-1C-27-18-66-9E\",\"zoneId\":1936521,\"accountId\":77855}',2,1,1936521,NULL,NULL,1,'2024-07-18 14:15:25','2024-07-18 14:15:24'),(674,'3018799',43,31,NULL,'Demo Soluciones Cloud 1',NULL,NULL,NULL,NULL,NULL,NULL,NULL,NULL,'{\"cameraId\":3018799,\"name\":\"Demo Soluciones Cloud 1\",\"deviceTypeId\":10186,\"ethMacAddress\":\"00-1C-27-18-66-9E\",\"zoneId\":1936521,\"accountId\":77855}',2,1,1936521,NULL,NULL,1,'2024-07-18 14:15:26','2024-07-18 14:15:25'),(675,'100859b8',43,32,NULL,'P2','',NULL,NULL,NULL,NULL,NULL,NULL,NULL,'{\"account_id\":\"00036534\",\"id\":\"100859b8\",\"name\":\"P2\",\"type\":\"camera\",\"bridges\":[{\"esn\":\"10036333\",\"status\":\"ATTD\"}],\"service_status\":\"ATTD\",\"permissions\":\"%$&+<>A@CBEGFIHJMLONQPSRUTVYXZ^cbedgfihmlopsutvxz\",\"tags\":[],\"guid\":\"ab57d436-42d2-11ef-b95b-32889c0c8c81\",\"serial_number\":null,\"camera_status\":1212581,\"timezone\":\"America\\/Bogota\",\"timezone_utc_offset\":-18000,\"is_unsupported\":0,\"ip_address\":\"192.168.0.26\",\"is_shared\":0,\"owner_account_name\":\"Demos Viotec SAS\",\"is_upnp\":false,\"video_input\":null,\"video_status\":null,\"location\":{\"latitude\":null,\"longitude\":null,\"azimuth\":null,\"range\":null,\"street_address\":\"\",\"floor\":null,\"location_name\":\"\"},\"parent_camera_id\":null,\"child_camera_view\":null,\"is_hidden\":0,\"ignored_inputs\":[],\"responder_camera\":0}',1,1,NULL,'10036333',NULL,1,'2024-07-18 14:31:22','2024-07-18 14:15:34'),(676,'10053a0e',43,32,NULL,'Reja','',NULL,NULL,NULL,NULL,NULL,NULL,NULL,'{\"account_id\":\"00036534\",\"id\":\"10053a0e\",\"name\":\"Reja\",\"type\":\"camera\",\"bridges\":[{\"esn\":\"10036333\",\"status\":\"ATTD\"}],\"service_status\":\"ATTD\",\"permissions\":\"%$&+<>A@CBEGFIHJMLONQPSRUTVYXZ^cbedgfihmlopsutvxz\",\"tags\":[],\"guid\":\"2420143c-42d3-11ef-a7ca-7aaa0d87d043\",\"serial_number\":null,\"camera_status\":1212581,\"timezone\":\"America\\/Bogota\",\"timezone_utc_offset\":-18000,\"is_unsupported\":0,\"ip_address\":\"192.168.0.28\",\"is_shared\":0,\"owner_account_name\":\"Demos Viotec SAS\",\"is_upnp\":false,\"video_input\":null,\"video_status\":null,\"location\":{\"latitude\":null,\"longitude\":null,\"azimuth\":null,\"range\":null,\"street_address\":\"\",\"floor\":null,\"location_name\":\"\"},\"parent_camera_id\":null,\"child_camera_view\":null,\"is_hidden\":0,\"ignored_inputs\":[],\"responder_camera\":0}',1,1,NULL,'10036333',NULL,1,'2024-07-18 14:31:22','2024-07-18 14:16:21'),(677,'100580d9',43,32,NULL,'Entrada','',NULL,NULL,NULL,NULL,NULL,NULL,NULL,'{\"account_id\":\"00036534\",\"id\":\"100580d9\",\"name\":\"Entrada\",\"type\":\"camera\",\"bridges\":[{\"esn\":\"10036333\",\"status\":\"ATTD\"}],\"service_status\":\"ATTD\",\"permissions\":\"%$&+<>A@CBEGFIHJMLONQPSRUTVYXZ^cbedgfihmlopsutvxz\",\"tags\":[],\"guid\":\"35f0c934-42e9-11ef-9a50-8a891da8b5d4\",\"serial_number\":null,\"camera_status\":1179813,\"timezone\":\"America\\/Bogota\",\"timezone_utc_offset\":-18000,\"is_unsupported\":0,\"ip_address\":\"192.168.0.22\",\"is_shared\":0,\"owner_account_name\":\"Demos Viotec SAS\",\"is_upnp\":false,\"video_input\":null,\"video_status\":null,\"location\":{\"latitude\":null,\"longitude\":null,\"azimuth\":null,\"range\":null,\"street_address\":\"\",\"floor\":null,\"location_name\":\"\"},\"parent_camera_id\":null,\"child_camera_view\":null,\"is_hidden\":0,\"ignored_inputs\":[],\"responder_camera\":0}',1,1,NULL,'10036333',NULL,1,'2024-07-18 14:28:20','2024-07-18 14:16:21'),(678,'100a2cc9',43,32,NULL,'Ter','',NULL,NULL,NULL,NULL,NULL,NULL,NULL,'{\"account_id\":\"00036534\",\"id\":\"100a2cc9\",\"name\":\"Ter\",\"type\":\"camera\",\"bridges\":[{\"esn\":\"10036333\",\"status\":\"ATTD\"}],\"service_status\":\"ATTD\",\"permissions\":\"%$&+<>A@CBEGFIHJMLONQPSRUTVYXZ^cbedgfihmlopsutvxz\",\"tags\":[],\"guid\":\"3abc9144-42d2-11ef-9005-cac35da6aea6\",\"serial_number\":null,\"camera_status\":1998911,\"timezone\":\"America\\/Bogota\",\"timezone_utc_offset\":-18000,\"is_unsupported\":0,\"ip_address\":\"192.168.0.27\",\"is_shared\":0,\"owner_account_name\":\"Demos Viotec SAS\",\"is_upnp\":false,\"video_input\":null,\"video_status\":null,\"location\":{\"latitude\":null,\"longitude\":null,\"azimuth\":null,\"range\":null,\"street_address\":\"\",\"floor\":null,\"location_name\":\"\"},\"parent_camera_id\":null,\"child_camera_view\":null,\"is_hidden\":0,\"ignored_inputs\":[],\"responder_camera\":0}',1,1,NULL,'10036333',NULL,1,'2024-07-18 14:29:32','2024-07-18 14:16:21'),(679,'10003e09',43,32,NULL,'Nueva cmara 1','',NULL,NULL,NULL,NULL,NULL,NULL,NULL,'{\"account_id\":\"00036534\",\"id\":\"10003e09\",\"name\":\"Nueva cmara 1\",\"type\":\"camera\",\"bridges\":[{\"esn\":\"10036333\",\"status\":\"ATTD\"}],\"service_status\":\"ATTD\",\"permissions\":\"%$&+<>A@CBEGFIHJMLONQPSRUTVYXZ^cbedgfihmlopsutvxz\",\"tags\":[],\"guid\":\"66e3c97c-42b9-11ef-a164-82ab8bf2d56c\",\"serial_number\":null,\"camera_status\":1179687,\"timezone\":\"America\\/Bogota\",\"timezone_utc_offset\":-18000,\"is_unsupported\":0,\"ip_address\":\"190.25.47.196\",\"is_shared\":0,\"owner_account_name\":\"Demos Viotec SAS\",\"is_upnp\":false,\"video_input\":null,\"video_status\":null,\"location\":{\"latitude\":null,\"longitude\":null,\"azimuth\":null,\"range\":null,\"street_address\":\"\",\"floor\":null,\"location_name\":\"\"},\"parent_camera_id\":null,\"child_camera_view\":null,\"is_hidden\":0,\"ignored_inputs\":[],\"responder_camera\":0}',1,1,NULL,'10036333',NULL,1,'2024-07-18 14:32:33','2024-07-18 14:16:21'),(680,'10091cda',43,32,NULL,'P1','',NULL,NULL,NULL,NULL,NULL,NULL,NULL,'{\"account_id\":\"00036534\",\"id\":\"10091cda\",\"name\":\"P1\",\"type\":\"camera\",\"bridges\":[{\"esn\":\"10036333\",\"status\":\"ATTD\"}],\"service_status\":\"ATTD\",\"permissions\":\"%$&+<>A@CBEGFIHJMLONQPSRUTVYXZ^cbedgfihmlopsutvxz\",\"tags\":[],\"guid\":\"b0311568-42d1-11ef-a267-f27969639cd4\",\"serial_number\":null,\"camera_status\":1181749,\"timezone\":\"America\\/Bogota\",\"timezone_utc_offset\":-18000,\"is_unsupported\":0,\"ip_address\":\"192.168.0.23\",\"is_shared\":0,\"owner_account_name\":\"Demos Viotec SAS\",\"is_upnp\":false,\"video_input\":null,\"video_status\":null,\"location\":{\"latitude\":null,\"longitude\":null,\"azimuth\":null,\"range\":null,\"street_address\":\"\",\"floor\":null,\"location_name\":\"\"},\"parent_camera_id\":null,\"child_camera_view\":null,\"is_hidden\":0,\"ignored_inputs\":[],\"responder_camera\":0}',1,1,NULL,'10036333',NULL,1,'2024-07-18 14:28:20','2024-07-18 14:16:21'),(681,'1003abd6',43,32,NULL,'Exterior Norte','',NULL,NULL,NULL,NULL,NULL,NULL,NULL,'{\"account_id\":\"00036534\",\"id\":\"1003abd6\",\"name\":\"Exterior Norte\",\"type\":\"camera\",\"bridges\":[{\"esn\":\"10036333\",\"status\":\"ATTD\"}],\"service_status\":\"ATTD\",\"permissions\":\"%$&+<>A@CBEGFIHJMLONQPSRUTVYXZ^cbedgfihmlopsutvxz\",\"tags\":[],\"guid\":\"c5969080-42d2-11ef-bccf-367d94c5a1c0\",\"serial_number\":null,\"camera_status\":1212581,\"timezone\":\"America\\/Bogota\",\"timezone_utc_offset\":-18000,\"is_unsupported\":0,\"ip_address\":\"192.168.0.29\",\"is_shared\":0,\"owner_account_name\":\"Demos Viotec SAS\",\"is_upnp\":false,\"video_input\":null,\"video_status\":null,\"location\":{\"latitude\":null,\"longitude\":null,\"azimuth\":null,\"range\":null,\"street_address\":\"\",\"floor\":null,\"location_name\":\"\"},\"parent_camera_id\":null,\"child_camera_view\":null,\"is_hidden\":0,\"ignored_inputs\":[],\"responder_camera\":0}',1,1,NULL,'10036333',NULL,1,'2024-07-18 14:29:32','2024-07-18 14:16:21'),(682,'3032974',42,29,NULL,'prueba',NULL,NULL,NULL,NULL,NULL,NULL,NULL,NULL,'{\"cameraId\":3032974,\"name\":\"prueba\",\"deviceTypeId\":10029,\"ethMacAddress\":\"BC-32-5F-3C-EE-B7\",\"zoneId\":1933916,\"accountId\":77855}',1,1,1933916,NULL,NULL,1,'2024-08-12 10:50:18','2024-08-12 10:49:20'),(683,'3032974',35,30,NULL,'prueba',NULL,NULL,NULL,NULL,NULL,NULL,NULL,NULL,'{\"cameraId\":3032974,\"name\":\"prueba\",\"deviceTypeId\":10029,\"ethMacAddress\":\"BC-32-5F-3C-EE-B7\",\"zoneId\":1933916,\"accountId\":77855}',1,1,1933916,NULL,NULL,1,'2024-08-12 10:50:20','2024-08-12 10:49:29'),(684,'3032974',43,31,NULL,'prueba',NULL,NULL,NULL,NULL,NULL,NULL,NULL,NULL,'{\"cameraId\":3032974,\"name\":\"prueba\",\"deviceTypeId\":10029,\"ethMacAddress\":\"BC-32-5F-3C-EE-B7\",\"zoneId\":1933916,\"accountId\":77855}',1,1,1933916,NULL,NULL,1,'2024-08-12 10:50:20','2024-08-12 10:49:37'),(685,'3032974',1,2,NULL,'prueba',NULL,NULL,NULL,NULL,NULL,NULL,NULL,NULL,'{\"cameraId\":3032974,\"name\":\"prueba\",\"deviceTypeId\":10029,\"ethMacAddress\":\"BC-32-5F-3C-EE-B7\",\"zoneId\":1933916,\"accountId\":77855}',1,1,1933916,NULL,NULL,1,'2024-08-12 10:50:05','2024-08-12 10:50:04'),(686,'3036756',42,29,NULL,'Cam',NULL,NULL,NULL,NULL,NULL,NULL,NULL,NULL,'{\"cameraId\":3036756,\"name\":\"Cam\",\"deviceTypeId\":806,\"ethMacAddress\":\"00-1C-27-15-70-5F\",\"zoneId\":1933916,\"accountId\":77855}',1,1,1933916,NULL,NULL,1,'2024-08-23 14:15:12','2024-08-23 12:40:23'),(687,'3036756',35,30,NULL,'Cam',NULL,NULL,NULL,NULL,NULL,NULL,NULL,NULL,'{\"cameraId\":3036756,\"name\":\"Cam\",\"deviceTypeId\":806,\"ethMacAddress\":\"00-1C-27-15-70-5F\",\"zoneId\":1933916,\"accountId\":77855}',1,1,1933916,NULL,NULL,1,'2024-08-23 14:15:13','2024-08-23 12:40:29'),(688,'3036756',43,31,NULL,'Cam',NULL,NULL,NULL,NULL,NULL,NULL,NULL,NULL,'{\"cameraId\":3036756,\"name\":\"Cam\",\"deviceTypeId\":806,\"ethMacAddress\":\"00-1C-27-15-70-5F\",\"zoneId\":1933916,\"accountId\":77855}',1,1,1933916,NULL,NULL,1,'2024-08-23 14:15:14','2024-08-23 12:40:30'),(689,'3036756',1,2,NULL,'Cam',NULL,NULL,NULL,NULL,NULL,NULL,NULL,NULL,'{\"cameraId\":3036756,\"name\":\"Cam\",\"deviceTypeId\":806,\"ethMacAddress\":\"00-1C-27-15-70-5F\",\"zoneId\":1933916,\"accountId\":77855}',1,1,1933916,NULL,NULL,1,'2024-08-23 14:15:01','2024-08-23 12:41:01'),(690,'3036795',35,30,NULL,'Cam',NULL,NULL,NULL,NULL,NULL,NULL,NULL,NULL,'{\"cameraId\":3036795,\"name\":\"Cam\",\"deviceTypeId\":806,\"ethMacAddress\":\"00-1C-27-15-70-63\",\"zoneId\":1933916,\"accountId\":77855}',2,1,1933916,NULL,NULL,1,'2024-08-23 14:39:25','2024-08-23 14:39:19'),(691,'3036795',42,29,NULL,NULL,NULL,NULL,NULL,NULL,NULL,NULL,NULL,NULL,'{\"cameraId\":3036795,\"name\":\"Cam\",\"deviceTypeId\":806,\"ethMacAddress\":\"00-1C-27-15-70-63\",\"zoneId\":1933916,\"accountId\":77855}',2,1,1933916,NULL,NULL,1,'2024-08-23 14:40:16','2024-08-23 14:39:24'),(692,'3036795',43,31,NULL,'Cam',NULL,NULL,NULL,NULL,NULL,NULL,NULL,NULL,'{\"cameraId\":3036795,\"name\":\"Cam\",\"deviceTypeId\":806,\"ethMacAddress\":\"00-1C-27-15-70-63\",\"zoneId\":1933916,\"accountId\":77855}',2,1,1933916,NULL,NULL,1,'2024-08-23 14:39:27','2024-08-23 14:39:26'),(693,'3036795',1,2,NULL,'Cam',NULL,NULL,NULL,NULL,NULL,NULL,NULL,NULL,'{\"cameraId\":3036795,\"name\":\"Cam\",\"deviceTypeId\":806,\"ethMacAddress\":\"00-1C-27-15-70-63\",\"zoneId\":1933916,\"accountId\":77855}',2,1,1933916,NULL,NULL,1,'2024-08-23 14:40:01','2024-08-23 14:40:01'),(694,'3036796',1,2,NULL,'Cam',NULL,NULL,NULL,NULL,NULL,NULL,NULL,NULL,'{\"cameraId\":3036796,\"name\":\"Cam\",\"deviceTypeId\":806,\"ethMacAddress\":\"00-1C-27-15-70-5E\",\"zoneId\":1933916,\"accountId\":77855}',1,1,1933916,NULL,NULL,1,'2024-08-23 14:49:01','2024-08-23 14:47:01'),(695,'3036796',42,29,NULL,'Cam',NULL,NULL,NULL,NULL,NULL,NULL,NULL,NULL,'{\"cameraId\":3036796,\"name\":\"Cam\",\"deviceTypeId\":806,\"ethMacAddress\":\"00-1C-27-15-70-5E\",\"zoneId\":1933916,\"accountId\":77855}',1,1,1933916,NULL,NULL,1,'2024-08-23 14:49:14','2024-08-23 14:47:15'),(696,'3036796',35,30,NULL,'Cam',NULL,NULL,NULL,NULL,NULL,NULL,NULL,NULL,'{\"cameraId\":3036796,\"name\":\"Cam\",\"deviceTypeId\":806,\"ethMacAddress\":\"00-1C-27-15-70-5E\",\"zoneId\":1933916,\"accountId\":77855}',1,1,1933916,NULL,NULL,1,'2024-08-23 14:49:22','2024-08-23 14:47:16'),(697,'3036796',43,31,NULL,'Cam',NULL,NULL,NULL,NULL,NULL,NULL,NULL,NULL,'{\"cameraId\":3036796,\"name\":\"Cam\",\"deviceTypeId\":806,\"ethMacAddress\":\"00-1C-27-15-70-5E\",\"zoneId\":1933916,\"accountId\":77855}',1,1,1933916,NULL,NULL,1,'2024-08-23 14:49:23','2024-08-23 14:47:16');

--
-- Table structure for table `cities`
--

CREATE TABLE `cities` (
  `city_id` varchar(6) NOT NULL,
  `state_id` int DEFAULT NULL,
  `name` varchar(100) DEFAULT NULL,
  PRIMARY KEY (`city_id`) USING BTREE,
  KEY `state_id` (`state_id`) USING BTREE,
  CONSTRAINT `city_ibfk_1` FOREIGN KEY (`state_id`) REFERENCES `states` (`state_id`)
) ENGINE=InnoDB DEFAULT CHARSET=utf8mb3;

--
-- Dumping data for table `cities`
--

INSERT INTO `cities` VALUES ('001122',25,'Cundi'),('05615',5,'RIONEGRO'),('1000',8,'testing222'),('10012',8,'Barranquilla'),('101001',101,'HIGÜEY'),('101002',101,'SAN RAFAEL DEL YUMA'),('101003',101,'PUNTA CANA'),('101004',101,'BAYAHÍBE'),('101005',101,'BOCA DE YUMA'),('101006',101,'LAGUNAS DE NISIBÓN'),('101010',104,'Ciudad Vega 2'),('10154',76,'DARIEN'),('102001',102,'LOS ALCARRIZOS'),('102002',102,'BOCA CHICA'),('102003',102,'PEDRO BRAND'),('102004',102,'SAN LUIS'),('102005',102,'SAN ANTONIO DE GUERRA'),('102006',102,'SANTO DOMINGO ESTE'),('102007',102,'SANTO DOMINGO NORTE'),('102008',102,'SANTO DOMINGO OESTE'),('1029',103,'Vibra'),('103001',103,'LA ROMANA'),('103002',103,'GUAYMATE'),('103003',103,'VILLA HERMOSA'),('103004',103,'CALETA'),('104001',104,'LA VEGA'),('104002',104,'CONSTANZA'),('104003',104,'JARABACOA'),('104004',104,'JIMA ABAJO'),('10990',103,'Rivera'),('11001',11,'BOGOTÁ D.C.'),('111222',104,'La vega 2'),('112211',11,'N/A'),('112233',23,'Cordoba Nueva'),('121211',11,'N / A'),('12345',63,'FILANDIA'),('1690',41,'Pitalito'),('54321',25,'MOSQUERA'),('63001',63,'ARMENIA'),('631001',63,'Circasia'),('633020',63,'LA TEBAIDA'),('76001',76,'CALI'),('76122',76,'CAICEDONIA'),('76147',76,'CARTAGO'),('76275',76,'FLORIDA'),('763041',76,'BUGA'),('76318',76,'GUACARÍ'),('7635',76,'PALMIRA'),('76736',76,'SEVILLA'),('76834',76,'TULUÁ'),('76895',76,'ZARZAL'),('8609',76,'CALI (CT)'),('8628',76,'ALCALA'),('8634',76,'ANDALUCIA'),('8645',76,'ANSERMANUEVO'),('8665',76,'ARGELIA'),('8674',76,'BOLIVAR'),('8692',76,'BUENAVENTURA'),('8763',76,'BUGALAGRANDE'),('8764',76,'CEILAN'),('8765',15,'Tunja'),('8789',76,'CALIMA (DARIEN)'),('8807',76,'CANDELARIA'),('8832',76,'DAGUA'),('8834',76,'BORRERO AYERBE'),('8841',76,'EL PALMAR'),('8865',76,'EL AGUILA'),('8885',76,'EL CAIRO'),('8898',76,'EL CERRITO'),('8906',76,'SANTA ELENA'),('8914',76,'EL DOVIO'),('8957',76,'GINEBRA'),('8976',76,'JAMUNDI'),('8993',76,'LA CUMBRE'),('8994',76,'BITACO'),('9001',76,'LA UNION'),('9009',76,'LA VICTORIA'),('9018',76,'OBANDO'),('9058',76,'TIENDA NUEVA'),('9068',76,'PRADERA'),('9091',76,'RESTREPO'),('9105',76,'RIOFRIO'),('9107',76,'FENICIA'),('9115',76,'ROLDANILLO'),('9141',76,'SAN PEDRO'),('9183',76,'TORO'),('9195',76,'TRUJILLO'),('9241',76,'ULLOA'),('9248',76,'VERSALLES'),('9264',76,'VIJES'),('9272',76,'YOTOCO'),('9285',76,'YUMBO'),('9800',76,'EL GUAMAL'),('999999',8,'TETS');

--
-- Table structure for table `client_auth_items`
--

CREATE TABLE `client_auth_items` (
  `client_item_id` int NOT NULL AUTO_INCREMENT,
  `client_id` int DEFAULT NULL,
  `item_name` varchar(64) CHARACTER SET utf8mb3 COLLATE utf8mb3_unicode_ci NOT NULL,
  `user_id` int DEFAULT NULL,
  `created` datetime DEFAULT NULL,
  `date` datetime DEFAULT NULL,
  PRIMARY KEY (`client_item_id`) USING BTREE,
  KEY `client_item_ibfk_1_idx` (`client_id`) USING BTREE,
  KEY `client_item_ibfk_2_idx` (`user_id`) USING BTREE,
  KEY `client_item_ibfk_3_idx` (`item_name`) USING BTREE,
  CONSTRAINT `client_item_ibfk_1_idx` FOREIGN KEY (`client_id`) REFERENCES `clients` (`client_id`),
  CONSTRAINT `client_item_ibfk_3_idx` FOREIGN KEY (`item_name`) REFERENCES `auth_items` (`name`) ON DELETE CASCADE ON UPDATE CASCADE
) ENGINE=InnoDB AUTO_INCREMENT=130 DEFAULT CHARSET=utf8mb3 COLLATE=utf8mb3_unicode_ci;

--
-- Dumping data for table `client_auth_items`
--

INSERT INTO `client_auth_items` VALUES (13,6,'video',30,'2021-05-14 15:07:46','2021-05-14 15:07:46'),(14,7,'video',31,'2021-05-14 15:17:16','2021-05-14 15:17:16'),(27,11,'video',45,'2021-08-26 06:36:14','2021-08-26 06:36:14'),(34,12,'visual',46,'2021-09-03 08:57:44','2021-09-03 08:57:44'),(35,12,'video',46,'2021-09-03 08:57:44','2021-09-03 08:57:44'),(41,8,'video',33,'2021-12-03 07:45:05','2021-12-03 07:45:05'),(44,9,'video',32,'2022-02-01 12:00:42','2022-02-01 12:00:42'),(45,4,'video',25,'2022-02-01 12:01:01','2022-02-01 12:01:01'),(47,15,'video',61,'2022-02-01 16:08:52','2022-02-01 16:08:52'),(48,16,'video',65,'2022-02-05 10:36:10','2022-02-05 10:36:10'),(60,19,'video',73,'2022-05-13 15:13:33','2022-05-13 15:13:33'),(61,20,'video',74,'2022-05-18 10:54:14','2022-05-18 10:54:14'),(63,10,'video',34,'2022-05-25 16:05:24','2022-05-25 16:05:24'),(64,21,'video',75,'2022-06-08 08:54:59','2022-06-08 08:54:59'),(66,22,'video',81,'2022-06-13 23:25:34','2022-06-13 23:25:34'),(68,23,'video',24,'2022-06-14 09:10:42','2022-06-14 09:10:42'),(69,24,'video',24,'2022-06-14 09:18:50','2022-06-14 09:18:50'),(70,25,'video',83,'2022-06-14 09:22:57','2022-06-14 09:22:57'),(71,26,'video',24,'2022-06-14 10:06:01','2022-06-14 10:06:01'),(72,27,'video',24,'2022-06-14 10:11:55','2022-06-14 10:11:55'),(74,28,'video',85,'2022-06-14 10:13:57','2022-06-14 10:13:57'),(75,29,'video',87,'2022-06-17 08:52:01','2022-06-17 08:52:01'),(76,14,'video',60,'2022-07-01 12:48:45','2022-07-01 12:48:45'),(77,1,'visual',52,'2022-07-01 12:49:22','2022-07-01 12:49:22'),(78,1,'video',52,'2022-07-01 12:49:22','2022-07-01 12:49:22'),(81,18,'visual',72,'2022-07-01 12:50:10','2022-07-01 12:50:10'),(82,18,'video',72,'2022-07-01 12:50:10','2022-07-01 12:50:10'),(83,31,'visual',95,'2022-08-05 10:57:09','2022-08-05 10:57:09'),(84,31,'video',95,'2022-08-05 10:57:09','2022-08-05 10:57:09'),(85,32,'visual',6,'2022-08-08 12:09:43','2022-08-08 12:09:43'),(86,32,'video',6,'2022-08-08 12:09:43','2022-08-08 12:09:43'),(87,33,'visual',96,'2022-08-08 12:28:02','2022-08-08 12:28:02'),(88,33,'video',96,'2022-08-08 12:28:02','2022-08-08 12:28:02'),(89,34,'visual',6,'2022-08-25 10:51:45','2022-08-25 10:51:45'),(90,34,'video',6,'2022-08-25 10:51:45','2022-08-25 10:51:45'),(91,35,'visual',98,'2022-08-25 10:53:23','2022-08-25 10:53:23'),(92,35,'video',98,'2022-08-25 10:53:23','2022-08-25 10:53:23'),(93,36,'video',111,'2022-11-10 14:33:36','2022-11-10 14:33:36'),(94,37,'visual',116,'2022-12-16 11:47:33','2022-12-16 11:47:33'),(95,37,'video',116,'2022-12-16 11:47:33','2022-12-16 11:47:33'),(96,13,'visual',NULL,NULL,NULL),(97,13,'video',NULL,NULL,NULL),(98,38,'setup',NULL,NULL,NULL),(99,38,'video',NULL,NULL,NULL),(100,39,'setup',NULL,NULL,NULL),(101,39,'video',NULL,NULL,NULL),(110,41,'setup',NULL,NULL,NULL),(111,41,'video',NULL,NULL,NULL),(112,41,'visual',NULL,NULL,NULL),(113,40,'setup',NULL,NULL,NULL),(114,40,'video',NULL,NULL,NULL),(115,42,'setup',NULL,NULL,NULL),(116,42,'video',NULL,NULL,NULL),(117,42,'visual',NULL,NULL,NULL),(118,42,'plate',NULL,NULL,NULL),(119,43,'setup',NULL,NULL,NULL),(120,44,'video',NULL,NULL,NULL),(121,44,'setup',NULL,NULL,NULL),(124,45,'setup',NULL,NULL,NULL),(125,45,'video',NULL,NULL,NULL),(126,46,'setup',NULL,NULL,NULL),(127,46,'video',NULL,NULL,NULL),(128,47,'setup',NULL,NULL,NULL),(129,47,'video',NULL,NULL,NULL);

--
-- Table structure for table `clients`
--

CREATE TABLE `clients` (
  `client_id` int NOT NULL AUTO_INCREMENT COMMENT 'ID',
  `integrator_id` int NOT NULL COMMENT 'Integrador',
  `name` varchar(100) NOT NULL COMMENT 'Nombre',
  `address` varchar(100) DEFAULT NULL COMMENT 'Dirección',
  `contact_name` varchar(150) DEFAULT NULL COMMENT 'Responsable',
  `phone` varchar(20) DEFAULT NULL COMMENT 'Teléfono',
  `phone2` varchar(20) DEFAULT NULL COMMENT 'Celular',
  `user_id` int DEFAULT NULL COMMENT 'Usuario',
  `modified_user_id` int DEFAULT NULL,
  `active` int NOT NULL DEFAULT '1' COMMENT 'Activo',
  `date` datetime DEFAULT NULL COMMENT 'Fecha',
  `created` datetime DEFAULT NULL,
  PRIMARY KEY (`client_id`) USING BTREE,
  KEY `integrator_id` (`integrator_id`) USING BTREE,
  KEY `user_id` (`user_id`) USING BTREE,
  CONSTRAINT `client_ibfk_1` FOREIGN KEY (`integrator_id`) REFERENCES `integrators` (`integrator_id`)
) ENGINE=InnoDB AUTO_INCREMENT=48 DEFAULT CHARSET=utf8mb3;

--
-- Dumping data for table `clients`
--

INSERT INTO `clients` VALUES (1,1,'Alarmas Comunitarias','Carrera 22 81-95','Jorge Arroyave','3187034855','',52,6,1,'2022-07-01 12:49:22',NULL),(2,2,'Cliente XYZ','','','','',10,NULL,1,'2020-11-03 11:35:55',NULL),(3,1,'Cliente Prueba','123','123','1234567890','1234567890',6,6,0,'2020-11-20 13:41:31','2020-11-20 13:40:01'),(4,4,'Fendipetroleo','CL 17 # 18 96','Miguel Mendez','','318 243276',25,24,0,'2022-08-08 12:22:41','2021-01-25 14:00:37'),(5,1,'Cliente prueba 1','Carrera 32 20-21','Jorge Arroyave','9103369144','1234567890',26,6,0,'2021-02-09 09:17:21','2021-02-08 09:46:58'),(6,4,'Jorge Iván Arroyave','','','','',30,24,0,'2021-08-30 10:19:04','2021-05-14 15:07:43'),(7,4,'SBQ','','','','',31,24,0,'2021-05-14 15:18:01','2021-05-14 15:17:14'),(8,4,'Super Broaster Americano','Cra 71D# 3- 23sur','Felipe Henao ','2601034','3155087165',33,24,0,'2022-06-14 09:16:38','2021-05-14 15:17:18'),(9,4,'AVICOLA MILU','Cl. 16d #78 G–95','Miguel Mendez','4244068','',32,24,0,'2022-08-08 12:21:04','2021-05-19 11:28:05'),(10,4,'Comercializadora Moracas','calle 94 b # 56 - 25','Miguel Mendez','3167598324','3167598324',34,56,0,'2022-05-25 16:05:24','2021-05-25 16:20:17'),(11,1,'Granada','Barrio Granada ','Manuel Pineda','','3043882035',45,6,0,'2021-11-02 06:08:58','2021-08-26 06:34:09'),(12,1,'Felipe Henao ','Calle 38bsur # 2M-14','Felipe Henao ','3505216747','3505216747',46,6,0,'2021-09-03 09:04:32','2021-09-03 08:55:57'),(13,1,'UTCGES - VALLE DEL CAUCA',NULL,'Felipe Mosquera',NULL,NULL,49,6,1,'2022-03-08 17:46:58','2021-10-16 06:20:14'),(14,1,'Demo Republica Dominicana','Juan Ponce de León  J P de León 11','Idalberto MIlander','8099892154','',60,6,1,'2022-07-01 12:48:45','2021-11-16 09:23:05'),(15,1,'Constructora Bolivar','CHIA','Felipe Henao ','3505216747','',61,6,0,'2022-02-01 16:08:52','2022-02-01 16:01:02'),(16,4,'EDS TERPEL LA 17','Barranquilla','Kelly Rolon','3182432796','3182432796',65,24,0,'2022-08-08 12:14:24','2022-02-05 10:36:08'),(17,1,'Greco','','','','',71,6,0,'2022-07-01 12:35:10','2022-04-19 15:36:22'),(18,1,'Oficina Viotec SAS','Carrera 22 81-95','Jorge Ivan Arroyave','3155087165','3155087167',72,6,0,'2022-08-08 12:09:13','2022-05-13 10:15:10'),(19,4,'CANDELARIA','','Alejandro Muñoz','','',73,24,0,'2022-05-18 10:52:57','2022-05-13 15:13:31'),(20,4,'DEMO Candelaria','Valle Del cauca','Alejandro Muñoz','','',74,24,0,'2022-05-18 10:54:14','2022-05-18 10:54:11'),(21,1,'TOSTAO','Trv. 94 No. 80A - 58','Felipe Henao','3155087165','3155087165',75,6,0,'2022-07-01 12:35:28','2022-05-19 15:44:11'),(22,4,'ATLAS',' Calle 20B # 44 – 52','Juan Sebastian Quiñones','3157006815','3157006815',81,24,0,'2022-06-14 10:05:33','2022-06-13 23:16:03'),(23,4,'DEMO_ATLAS','carrera 32 #14-31','Jorge Ivan Arroyave',' 318 7034855',' 318 7034855',24,24,0,'2022-06-14 09:18:28','2022-06-14 08:14:03'),(24,4,'DEMO_ATLAS','Crr 22#81-95','Jorge Ivan Arroyave','3155087165','3155087167',24,24,0,'2022-06-14 09:19:50','2022-06-14 09:18:47'),(25,4,'ALTAS DEMO','Crr 22#81-95','Jorge Ivan Arroyave','3155087165','3155087167',83,24,0,'2022-06-14 09:22:57','2022-06-14 09:22:55'),(26,4,'ATLAS',' Calle 20B # 44 – 52','Juan Sebastian Quiñones','3157006815','3157006815',24,24,0,'2022-06-14 10:11:13','2022-06-14 10:05:58'),(27,4,'DEMO.ATLAS',' Calle 20B # 44 – 52','Juan Sebastian Quiñones','3157006815','3157006815',24,24,0,'2022-06-14 10:12:12','2022-06-14 10:11:53'),(28,4,'Atlas.demo','Bogotá','Juan Sebastian Quiñones','3155087165','3157006815',85,24,1,'2022-06-14 10:13:57','2022-06-14 10:12:52'),(29,4,'JUAN SEBASTIAN QUIÑONES','CARRERA 19 # 84 - 17','JUAN SEBASTIAN QUIÑONES','','3157006815',87,56,1,'2022-06-17 08:52:01','2022-06-17 08:51:58'),(30,1,'Inactivas',NULL,NULL,NULL,NULL,5,6,0,'2022-07-16 14:15:08',NULL),(31,4,'OFICINA VIOTEC','Crr 22#81-95','Juan Sebastian Quiñones','315 7006815','315 7006815',95,24,0,'2022-08-05 11:33:19','2022-08-05 10:57:06'),(32,1,'OFICINA VIOTEC','Crr 22#81-95','Jorge Ivan Arroyave',' 318 7034855',' 318 7034855',6,6,0,'2022-08-08 12:13:33','2022-08-08 12:09:40'),(33,1,'Oficina-Vio','Crr 22#81-95','Felipe Henao','','3155087167',96,6,0,'2022-08-25 11:02:48','2022-08-08 12:27:59'),(34,1,'OFICINA VIOTEC','Crr 22#81-95','Jorge Ivan Arroyave',' 318 7034855',' 318 7034855',6,6,0,'2022-08-25 10:52:35','2022-08-25 10:51:43'),(35,1,'VIOTEC - Oficina','Crr 22#81-95','Jorge Ivan Arroyave',' 318 7034855',' 3187034855',98,6,1,'2022-08-25 10:53:23','2022-08-25 10:53:20'),(36,1,'Clilente Prueba','Carrera 15 91-30','Cleitne Prueba','3187034855','3187034855',111,6,0,'2022-11-25 08:21:33','2022-11-10 14:33:34'),(37,1,'cliente_prueba','Bogotá','Rodolfo Torres','24243242','45645456',116,6,0,'2022-12-16 11:47:33','2022-12-16 11:47:11'),(38,5,'Cliente Nuevo Viotec','cra 78 #12-007','Jorge Arroyave','3157006815','3504552900',NULL,NULL,1,NULL,NULL),(39,5,'Cliente Nuevo Viotec','Carrera 32 20-21','Jorge Arroyave','3504552900','3504552900',NULL,NULL,1,NULL,NULL),(40,1,'Municipio Chaparral','Plaza Principal','Patricia Triana','3208404328','3208404328',NULL,NULL,1,NULL,NULL),(41,8,'Seguridad Alfa','Calle 20 carrera 12','Harold Alvarez',NULL,NULL,NULL,NULL,0,NULL,NULL),(42,1,'Demos Seguridad Colaborativa','Carrera 22 81-95','John Cuervo','3154000017',NULL,NULL,NULL,0,NULL,NULL),(43,1,'Cliente 10/05','Carrera 32 20-21','Jorge Arroyave','3187034851','3219781021',129,NULL,1,NULL,NULL),(44,1,'Casa Villa Luz',NULL,'Geovanny Rodriguez',NULL,NULL,NULL,NULL,1,NULL,NULL),(45,1,'Demos Seguridad Colaborativa Barranquilla','Carrera 22 81-95','Jorge Arroyave','3152264693','3152264693',132,NULL,1,NULL,NULL),(46,1,'Demo Seguridad Tebaida','Vereda Portachuelo','Jorge Hernán Rodríguez',NULL,'311 2049568',NULL,NULL,0,NULL,NULL),(47,1,'Demo Portachuelo','Vereda Portachuelo','Jorge Hernán Rodríguez',NULL,'311 2049568',141,NULL,1,NULL,NULL);

--
-- Table structure for table `districts`
--

CREATE TABLE `districts` (
  `district_id` int NOT NULL AUTO_INCREMENT,
  `city_id` varchar(6) DEFAULT NULL,
  `id` int DEFAULT NULL,
  `name` varchar(100) DEFAULT NULL,
  PRIMARY KEY (`district_id`) USING BTREE,
  KEY `city_id` (`city_id`) USING BTREE,
  CONSTRAINT `district_ibfk_1` FOREIGN KEY (`city_id`) REFERENCES `cities` (`city_id`)
) ENGINE=InnoDB AUTO_INCREMENT=301 DEFAULT CHARSET=utf8mb3;

--
-- Dumping data for table `districts`
--

INSERT INTO `districts` VALUES (1,'11001',1,'USAQUÉN'),(2,'11001',2,'CHAPINERO'),(3,'11001',3,'SANTA FE'),(4,'11001',4,'SAN CRISTÓBAL'),(5,'11001',5,'USME'),(6,'11001',6,'TUNJUELITO'),(7,'11001',7,'BOSA'),(8,'11001',8,'KENNEDY'),(9,'11001',9,'FONTIBÓN'),(10,'11001',10,'ENGATIVÁ'),(11,'11001',11,'SUBA'),(12,'11001',12,'BARRIOS UNIDOS'),(13,'11001',13,'TEUSAQUILLO'),(14,'11001',14,'LOS MÁRTIRES'),(15,'11001',15,'ANTONIO NARIÑO'),(16,'11001',16,'PUENTE ARANDA'),(17,'11001',17,'LA CANDELARIA'),(18,'11001',18,'RAFAEL URIBE URIBE'),(19,'11001',19,'CIUDAD BOLÍVAR'),(20,'11001',20,'SUMAPAZ'),(37,'76001',1,'COMUNA 1'),(38,'76001',2,'COMUNA 2'),(39,'76001',3,'COMUNA 3'),(40,'76001',4,'COMUNA 4'),(41,'76001',5,'COMUNA 5'),(42,'76001',6,'COMUNA 6'),(43,'76001',7,'COMUNA 7'),(44,'76001',8,'COMUNA 8'),(45,'76001',9,'COMUNA 9'),(46,'76001',10,'COMUNA 10'),(47,'76001',11,'COMUNA 11'),(48,'76001',12,'COMUNA 12'),(49,'76001',13,'COMUNA 13'),(50,'76001',14,'COMUNA 14'),(51,'76001',15,'COMUNA 15'),(52,'76001',16,'COMUNA 16'),(53,'76001',17,'COMUNA 17'),(54,'76001',18,'COMUNA 18'),(55,'76001',19,'COMUNA 19'),(56,'76001',20,'COMUNA 20'),(57,'76001',21,'COMUNA 21'),(58,'76001',22,'COMUNA 22'),(59,'7635',763532,'COMUNA 7'),(80,'10154',1,'COMUNA 1'),(82,'8994',27,'COMUNA 27'),(83,'8906',1,'COMUNA 1'),(84,'8834',1,'COMUNA 1'),(85,'8841',1,'COMUNA 1'),(86,'9107',2,'COMUNA 2'),(87,'9105',1,'COMUNA 1'),(88,'9105',3,'COMUNA 3'),(89,'9115',1,'COMUNA 1'),(90,'9115',2,'COMUNA 2'),(167,'8692',16,'COMUNA 16'),(168,'8692',1,'COMUNA 1'),(169,'8692',15,'COMUNA 15'),(170,'8674',1,'COMUNA 1'),(171,'8674',2,'COMUNA 2'),(172,'8674',4,'COMUNA 4'),(173,'8674',3,'COMUNA 3'),(174,'8692',18,'COMUNA 18'),(175,'8692',8,'COMUNA 8'),(176,'8692',17,'COMUNA 17'),(177,'8692',19,'COMUNA 19'),(178,'8692',6,'COMUNA 6'),(179,'8692',2,'COMUNA 2'),(180,'8692',9,'COMUNA 9'),(181,'8692',13,'COMUNA 13'),(182,'8692',14,'COMUNA 14'),(183,'8692',4,'COMUNA 4'),(184,'8692',12,'COMUNA 12'),(185,'8763',1,'COMUNA 1'),(186,'8763',3,'COMUNA 3'),(187,'8763',2,'COMUNA 2'),(188,'8789',2,'COMUNA 2'),(189,'8789',1,'COMUNA 1'),(190,'8807',1,'COMUNA 1'),(191,'8807',23,'COMUNA 23'),(192,'8832',1,'COMUNA 1'),(193,'8832',2,'COMUNA 2'),(194,'8865',1,'COMUNA 1'),(195,'8865',3,'COMUNA 3'),(196,'8865',2,'COMUNA 2'),(197,'8885',1,'COMUNA 1'),(198,'8885',2,'COMUNA 2'),(199,'8898',1,'COMUNA 1'),(200,'8898',4,'COMUNA 4'),(201,'8898',3,'COMUNA 3'),(202,'8898',2,'COMUNA 2'),(203,'8914',1,'COMUNA 1'),(204,'8957',1,'COMUNA 1'),(205,'8957',3,'COMUNA 3'),(206,'8957',2,'COMUNA 2'),(207,'8976',1,'COMUNA 1'),(208,'8976',24,'COMUNA 24'),(209,'8993',1,'COMUNA 1'),(210,'8993',27,'COMUNA 27'),(211,'9001',1,'COMUNA 1'),(212,'9001',2,'COMUNA 2'),(213,'9009',1,'COMUNA 1'),(214,'9009',2,'COMUNA 2'),(215,'9018',3,'COMUNA 3'),(216,'9018',1,'COMUNA 1'),(217,'9068',1,'COMUNA 1'),(218,'9091',2,'COMUNA 2'),(219,'9091',1,'COMUNA 1'),(220,'9183',1,'COMUNA 1'),(221,'9183',3,'COMUNA 3'),(222,'9183',2,'COMUNA 2'),(223,'9195',1,'COMUNA 1'),(224,'9241',1,'COMUNA 1'),(225,'9248',1,'COMUNA 1'),(226,'9248',2,'COMUNA 2'),(227,'9264',1,'COMUNA 1'),(228,'9264',26,'COMUNA 26'),(229,'9272',1,'COMUNA 1'),(230,'9285',1,'COMUNA 1'),(231,'9285',25,'COMUNA 25'),(232,'8609',2,'COMUNA 2'),(233,'8609',13,'COMUNA 13'),(234,'8609',25,'COMUNA 25'),(235,'8609',1,'COMUNA 1'),(236,'8609',5,'COMUNA 5'),(237,'8609',19,'COMUNA 19'),(238,'8609',17,'COMUNA 17'),(239,'8609',7,'COMUNA 7'),(240,'8609',14,'COMUNA 14'),(241,'8609',22,'COMUNA 22'),(242,'8609',26,'COMUNA 26'),(243,'8609',6,'COMUNA 6'),(244,'8609',15,'COMUNA 15'),(245,'8609',8,'COMUNA 8'),(246,'8609',21,'COMUNA 21'),(247,'8609',20,'COMUNA 20'),(248,'8609',18,'COMUNA 18'),(249,'8609',23,'COMUNA 23'),(250,'8609',24,'COMUNA 24'),(251,'8609',4,'COMUNA 4'),(252,'8609',12,'COMUNA 12'),(253,'8609',11,'COMUNA 11'),(254,'8609',16,'COMUNA 16'),(255,'8609',10,'COMUNA 10'),(256,'8609',3,'COMUNA 3'),(257,'8609',9,'COMUNA 9'),(258,'8628',1,'COMUNA 1'),(259,'8634',1,'COMUNA 1'),(260,'8634',2,'COMUNA 2'),(261,'8645',3,'COMUNA 3'),(262,'8645',2,'COMUNA 2'),(263,'8645',1,'COMUNA 1'),(264,'9800',1,'COMUNA 1'),(265,'9058',1,'COMUNA 1'),(266,'8764',1,'COMUNA 1'),(267,'7635',763501,'COMUNA 1'),(268,'7635',763502,'COMUNA 2'),(269,'7635',763503,'COMUNA 3'),(270,'7635',763504,'COMUNA 4'),(271,'7635',763505,'COMUNA 5'),(272,'7635',763506,'COMUNA 6'),(273,'763041',76304101,'COMUNA 1'),(274,'763041',76304102,'COMUNA 2'),(275,'763041',76304103,'COMUNA 3'),(276,'763041',76304104,'COMUNA 4'),(277,'76122',7612201,'COMUNA 1'),(278,'76122',7612202,'COMUNA 2'),(279,'76122',7612202,'COMUNA 2'),(280,'76122',7612203,'COMUNA 3'),(281,'76147',7614701,'COMUNA 1'),(282,'76147',7614702,'COMUNA 2'),(283,'76147',7614703,'COMUNA 3'),(284,'76275',7627501,'COMUNA 1'),(285,'76275',7627502,'COMUNA 2'),(286,'76318',7631801,'COMUNA 1'),(287,'76318',7631802,'COMUNA 2'),(288,'76736',7673601,'COMUNA 1'),(289,'76736',7673602,'COMUNA 2'),(290,'76834',7683401,'COMUNA 1'),(291,'76834',7683402,'COMUNA 2'),(292,'76834',7683403,'COMUNA 3'),(293,'76834',7683404,'COMUNA 4'),(294,'76834',7683405,'COMUNA 5'),(295,'76895',7689501,'COMUNA 1'),(296,'76895',7689502,'COMUNA 2'),(297,'101010',1,'Comuna 2'),(298,'63001',1,'Centenario'),(299,'63001',2,'Rufino José Cuervo'),(300,'63001',3,'Alfonso López');

--
-- Table structure for table `events`
--

CREATE TABLE `events` (
  `event_id` varchar(100) NOT NULL,
  `site_id` varchar(100) DEFAULT NULL,
  `source_id` varchar(100) DEFAULT NULL,
  `date` bigint DEFAULT NULL,
  `start_time` bigint DEFAULT NULL,
  `end_time` bigint DEFAULT NULL,
  `type` varchar(20) DEFAULT NULL,
  `root_person_id` varchar(100) DEFAULT NULL,
  `root_person_add_date` bigint DEFAULT NULL,
  `person_id` varchar(100) DEFAULT NULL,
  `age` float DEFAULT NULL,
  `gender` varchar(10) DEFAULT NULL,
  `max_sentiment` float DEFAULT NULL,
  `min_sentiment` float DEFAULT NULL,
  `avg_sentiment` float DEFAULT NULL,
  `name` varchar(100) DEFAULT NULL,
  `auto_ended` tinyint(1) DEFAULT NULL,
  `home_location` varchar(100) DEFAULT NULL,
  `similarity_score` float DEFAULT NULL,
  `direct_gaze_duration` int DEFAULT NULL,
  `id_class` varchar(20) DEFAULT NULL,
  `new_id` bigint DEFAULT NULL,
  `top_at_start` float DEFAULT NULL,
  `left_at_start` float DEFAULT NULL,
  `height_at_start` float DEFAULT NULL,
  `width_at_start` float DEFAULT NULL,
  `top` float DEFAULT NULL,
  `left` float DEFAULT NULL,
  `height` float DEFAULT NULL,
  `width` float DEFAULT NULL,
  `image_time` bigint DEFAULT NULL,
  `occlusion` float DEFAULT NULL,
  `cpq` float DEFAULT NULL,
  `pitch` float DEFAULT NULL,
  `roll` float DEFAULT NULL,
  `yaw` float DEFAULT NULL,
  `mask` tinyint(1) DEFAULT NULL,
  `src_user_id` varchar(100) DEFAULT NULL,
  PRIMARY KEY (`event_id`) USING BTREE
) ENGINE=InnoDB DEFAULT CHARSET=utf8mb3;

--
-- Dumping data for table `events`
--

INSERT INTO `events` VALUES ('002283db-7bb3-4e47-853c-d4b3f84a4525','SM-A325M-2c8b940ad14d2e25','SM-A325M-2c8b940ad14d2e25',1718398468669,1718398464961,1718398471905,'person','dcd12068-6897-44ee-a84b-bcbbe9231e57',1652197247101,'c336c185-d096-4b1b-8df9-2908812735bf',47,'male',-0.0199717,-0.0199717,-0.0199717,'Arroyave',0,'Redmi Note 8-2c49ea4f56b14c23',0.943855,3472,'noconcern',NULL,0.377013,0,0.43125,0.351937,0.410567,0,0.384375,0.414904,1718398470135,0.00942923,0.645032,-0.164206,-0.0138179,-0.483454,0,'viotec'),('006c9fc2-a88b-4665-bf78-253f8a57f9a2','SM-A325M-2c8b940ad14d2e25','SM-A325M-2c8b940ad14d2e25',1715100884678,1715100881433,1715100888089,'person',NULL,NULL,NULL,NULL,NULL,NULL,NULL,NULL,NULL,0,NULL,NULL,1664,'stranger',NULL,0.691816,0.0421864,0.202344,0.297222,0.909907,0.42988,0.0900925,0.236111,1715100881433,0.0135455,0,0.235194,0.156024,-0.984664,0,'viotec'),('00dfff4b-0212-41d9-9fab-e3f92382c781','moto g72-2d8212ec4994f06a','moto g72-2d8212ec4994f06a',1716555914102,1716555911526,1716555914336,'person','dcd12068-6897-44ee-a84b-bcbbe9231e57',1652197247101,'c336c185-d096-4b1b-8df9-2908812735bf',47,NULL,NULL,NULL,NULL,'Arroyave',0,'Redmi Note 8-2c49ea4f56b14c23',1.14607,2341,'noconcern',NULL,0.374906,0,0.328906,0.277137,0.315906,0,0.317187,0.275216,1716555912657,0.00562454,0.487434,0.117005,0.0167108,-0.655521,0,'viotec'),('014950c7-e926-4ec0-8c66-be64a5b80661','moto g72-2d8212ec4994f06a','moto g72-2d8212ec4994f06a',1716556168018,1716556163924,NULL,'person',NULL,NULL,NULL,NULL,NULL,NULL,NULL,NULL,NULL,0,NULL,NULL,480,'stranger',NULL,0.583606,0.28546,0.385938,0.590278,0.537844,0.176476,0.410937,0.569444,NULL,0.00168823,0.786893,0.186422,-0.057445,-0.0297077,0,'viotec'),('01ae6477-c3af-4d48-8159-955a25ca101f','SM-A325M-2c8b940ad14d2e25','SM-A325M-2c8b940ad14d2e25',1718113495789,1718113492645,1718113502613,'person','dcd12068-6897-44ee-a84b-bcbbe9231e57',1652197247101,'c336c185-d096-4b1b-8df9-2908812735bf',47,'male',-0.0733465,-0.196429,-0.15171,'Arroyave',0,'Redmi Note 8-2c49ea4f56b14c23',1.19279,8583,'noconcern',NULL,0.337489,0,0.509375,0.399861,0.304017,0,0.492188,0.380838,1718113493479,0.00386977,0.381666,0.161367,0.064618,-0.72,0,'viotec'),('0254eaab-f704-4288-b514-c35bb91b96d8','SM-A325M-2c8b940ad14d2e25','SM-A325M-2c8b940ad14d2e25',1716408568638,1716408567091,1716408573875,'person','dcd12068-6897-44ee-a84b-bcbbe9231e57',1652197247101,'c336c185-d096-4b1b-8df9-2908812735bf',47,NULL,NULL,NULL,NULL,'Arroyave',0,'Redmi Note 8-2c49ea4f56b14c23',1.05817,1938,'noconcern',NULL,0.475231,0.74354,0.171875,0.240278,0.502577,0.760266,0.240625,0.239734,1716408567465,0.0958989,0,-0.474945,0.136225,1,0,'viotec'),('02d5bf31-d73f-47ec-8842-03ceac45a0ce','SM-A325M-2c8b940ad14d2e25','SM-A325M-2c8b940ad14d2e25',1715100874605,1715100871929,1715100874299,'person','51ccaedc-fa70-4f88-a8a9-7b4db99bbdf2',1715100556185,'51ccaedc-fa70-4f88-a8a9-7b4db99bbdf2',NULL,NULL,NULL,NULL,NULL,'Javier Ruiz',0,'SM-A325M-2c8b940ad14d2e25',1.15874,263,'noconcern',NULL,0.516142,0.891344,0.141406,0.108656,0.534737,0.560245,0.138281,0.1625,1715100872228,0.00383955,0.375496,-0.0555864,0.139998,0.669577,0,'viotec'),('02fb1b05-fc9a-4bd2-baf6-2fe1d63270cc','SM-A325M-2c8b940ad14d2e25','SM-A325M-2c8b940ad14d2e25',1722895403550,1722895402869,1722895404009,'person','dcd12068-6897-44ee-a84b-bcbbe9231e57',1652197247101,'c336c185-d096-4b1b-8df9-2908812735bf',47,'male',0.0905489,0.0905489,0.0905489,'Arroyave',0,'Redmi Note 8-2c49ea4f56b14c23',1.17478,NULL,'noconcern',NULL,0.690547,0.665805,0.309453,0.334195,0.565144,0.850523,0.339844,0.149477,1722895403001,0.0166792,0.343279,-0.0504332,-0.011011,-0.784147,0,'viotec'),('0361b547-0dcf-4103-8253-05d1f68418bf','SM-A325M-2c8b940ad14d2e25','SM-A325M-2c8b940ad14d2e25',1718113525961,1718113525256,1718113547400,'person','dcd12068-6897-44ee-a84b-bcbbe9231e57',1652197247101,'c336c185-d096-4b1b-8df9-2908812735bf',47,'male',0.0546726,-0.865708,-0.529167,'Arroyave',0,'Redmi Note 8-2c49ea4f56b14c23',1.14399,4745,'noconcern',NULL,0.350213,0.608404,0.324219,0.391596,0.421327,0.629058,0.2625,0.365278,1718113525821,0.072567,0,0.427023,-0.0180865,1,0,'viotec'),('0395b856-8d9b-475e-9ae9-3ee61ad2d7ba','moto g72-2d8212ec4994f06a','moto g72-2d8212ec4994f06a',1716554798715,1716554796758,1716554799021,'person','52f634e2-58b2-4495-ad92-88c8f7c204d4',1714584911360,'52f634e2-58b2-4495-ad92-88c8f7c204d4',NULL,'male',NULL,NULL,NULL,'Anderson  Cuervo',0,NULL,1.14695,NULL,'threat',NULL,0.223305,0.433806,0.259375,0.391667,0.147304,0,0.319531,0.426977,1716554797374,0.00821099,0.223637,0.361949,0.063749,-0.817876,0,'viotec'),('0608aab8-9360-46aa-a248-211afece2795','SM-A325M-2c8b940ad14d2e25','SM-A325M-2c8b940ad14d2e25',1722895457435,1722895454387,1722895458507,'person','ca4ee376-5f74-4a8e-806e-b056cf7b54dd',1659105546904,'ca4ee376-5f74-4a8e-806e-b056cf7b54dd',36,'male',0.445289,0.17223,0.249939,NULL,0,NULL,1.0679,1030,'noconcern',NULL,0.511065,0,0.269531,0.234217,0.364712,0.0698346,0.399219,0.561111,1722895456487,0.0116215,0.61163,-0.594178,0.0452033,-0.123219,0,'viotec'),('072249DB-AA9A-4EA9-A99E-59195F85AB25','iPhone12_1-DA5C25C97F1048469D70EEDE026D66F3','iPhone12_1-DA5C25C97F1048469D70EEDE026D66F3',1714656143960,1714656143316,1714656144917,'person','52f634e2-58b2-4495-ad92-88c8f7c204d4',1714584911000,'52f634e2-58b2-4495-ad92-88c8f7c204d4',NULL,'male',NULL,NULL,NULL,'Anderson  Cuervo',0,NULL,0.987383,747,'threat',NULL,0.654651,0.859545,0.232812,0.245833,0.419552,0.417753,0.264062,0.411111,1714656143580,0.96557,0.832128,0.534776,-0.126873,0.986138,0,'viotec'),('072e7a2e-2658-4e89-97c6-5ca00f1fe8f5','SM-A325M-2c8b940ad14d2e25','SM-A325M-2c8b940ad14d2e25',1718124866293,1718124863153,1718124870555,'person','03cf3e05-9ae5-40be-a755-45bd14c93ff5',1644437507034,'b7ccd93e-b436-417d-bd82-3817b67974c0',37,'male',0.061084,0.00942662,0.0438648,NULL,0,NULL,1.08129,NULL,'noconcern',NULL,0.338647,0.321565,0.0960937,0.131944,0.00138119,0.703954,0.221875,0.296046,1718124866533,0.0379012,0.722211,-0.22746,-0.0697771,-0.152473,0,'viotec'),('0826478c-0bc2-4119-afa7-c66385035338','SM-A325M-2c8b940ad14d2e25','SM-A325M-2c8b940ad14d2e25',1715100507235,1715100506781,1715100509277,'person','c336c185-d096-4b1b-8df9-2908812735bf',1652197247101,'c336c185-d096-4b1b-8df9-2908812735bf',47,'male',0.00916603,-0.0199963,-0.0102755,'Arroyave',0,'Redmi Note 8-2c49ea4f56b14c23',1.18824,2496,'noconcern',NULL,0.451678,0.289584,0.358594,0.418056,0.334441,0.0574942,0.375,0.447222,NULL,0.00311053,0.870357,-0.0144244,0.0425402,-0.0682384,0,'viotec'),('08eec79e-a592-4496-9962-439eb09cd343','SM-A325M-2c8b940ad14d2e25','SM-A325M-2c8b940ad14d2e25',1722895396639,1722895396174,1722895398892,'person','03cf3e05-9ae5-40be-a755-45bd14c93ff5',1644437507034,'29477555-7340-4362-b9b5-45df1a9e533e',37,'male',-0.0838021,-0.134621,-0.117681,'Alejandro Muñoz',0,'SM-A325M-2c8b940ad14d2e25',1.08644,543,'threat',NULL,0.512543,0,0.394531,0.41697,0.420913,0,0.421094,0.488456,1722895396598,0.523389,0.781448,-0.261897,0.00977834,0.198778,0,'viotec'),('097f5c5c-0ae0-413a-9793-2ccfe7ef0296','moto g72-2d8212ec4994f06a','moto g72-2d8212ec4994f06a',1714656390077,1714656388009,1714656390409,'person','52f634e2-58b2-4495-ad92-88c8f7c204d4',1714584911360,'52f634e2-58b2-4495-ad92-88c8f7c204d4',NULL,'male',NULL,NULL,NULL,'Anderson  Cuervo',0,NULL,1.16561,1600,'noconcern',NULL,0.795932,0.221277,0.204068,0.375,0.709731,0.626241,0.260156,0.3625,1714656388339,0.0162693,0.40111,-0.0173614,-0.0634882,0.713498,0,'viotec'),('09f18e1b-1760-4270-8d56-3e25d4c5d633','SM-A325M-2c8b940ad14d2e25','SM-A325M-2c8b940ad14d2e25',1715100738307,1715100735251,1715100739612,'person','51ccaedc-fa70-4f88-a8a9-7b4db99bbdf2',1715100556185,'51ccaedc-fa70-4f88-a8a9-7b4db99bbdf2',NULL,NULL,NULL,NULL,NULL,'Javier Ruiz',0,'SM-A325M-2c8b940ad14d2e25',1.23462,2180,'noconcern',NULL,0.418016,0.00779746,0.3875,0.401389,0.451548,0.285318,0.292188,0.370833,1715100735251,0.00325812,0.850046,0.0952447,-0.0308369,0.140773,0,'viotec'),('0ab5de0b-9534-4bac-ae3a-d6c648db445c','moto g72-2d8212ec4994f06a','moto g72-2d8212ec4994f06a',1716555865327,1716555863101,1716555866985,'person','dcd12068-6897-44ee-a84b-bcbbe9231e57',1652197247101,'c336c185-d096-4b1b-8df9-2908812735bf',47,NULL,NULL,NULL,NULL,'Arroyave',0,'Redmi Note 8-2c49ea4f56b14c23',1.12525,2284,'noconcern',NULL,0.740852,0,0.249219,0.367288,0.649925,0,0.303125,0.333723,1716555863508,0.0054642,0.323734,-0.094693,-0.0757022,-0.775794,0,'viotec'),('0ac8e8d5-5f87-4b69-91ad-17b343a62cab','SM-A325M-2c8b940ad14d2e25','SM-A325M-2c8b940ad14d2e25',1722895620616,1722895619837,1722895627168,'person','fb3f6a19-b13f-4ab4-9948-7905a5ce93bb',1722895599784,'fb3f6a19-b13f-4ab4-9948-7905a5ce93bb',38,'male',0.0080389,-0.341518,-0.0548449,'Juan Mario',0,'SM-A325M-2c8b940ad14d2e25',1.40946,6414,'threat',NULL,0.520099,0.0610534,0.0914063,0.123611,0.296317,0,0.345313,0.428626,1722895625081,0.00920248,0.740314,-0.15109,-0.0431252,-0.328712,0,'viotec'),('0bcdd1d8-238f-4275-87ef-5ae1f4fb3c80','SM-A325M-2c8b940ad14d2e25','SM-A325M-2c8b940ad14d2e25',1722887656725,1722887655289,NULL,'person','dcd12068-6897-44ee-a84b-bcbbe9231e57',1652197247101,'c336c185-d096-4b1b-8df9-2908812735bf',47,'male',-0.00347903,-0.531672,-0.21652,'Arroyave',0,'Redmi Note 8-2c49ea4f56b14c23',1.15266,NULL,'noconcern',NULL,0.326208,0.0215623,0.444531,0.502778,0.449615,0.369619,0.264844,0.35,1722887659271,0.190535,0.641268,0.464397,0.025305,-0.084022,0,'viotec'),('0bf4c610-49d8-48ee-987d-53c7e454e7fc','moto g72-2d8212ec4994f06a','moto g72-2d8212ec4994f06a',1716555872614,1716555871217,1716555871540,'person','52f634e2-58b2-4495-ad92-88c8f7c204d4',1714584911360,'52f634e2-58b2-4495-ad92-88c8f7c204d4',NULL,'male',NULL,NULL,NULL,'Anderson  Cuervo',0,NULL,0.963571,161,'threat',NULL,0.752505,0.288357,0.200781,0.316667,0.736881,0.292197,0.196875,0.326389,NULL,0.0220867,0.670857,0.452364,-0.0400758,0.244914,0,'viotec'),('0bf7b15f-7efa-4866-ae69-05e5cb5999ec','SM-A325M-2c8b940ad14d2e25','SM-A325M-2c8b940ad14d2e25',1715100776235,1715100774663,1715100776170,'person',NULL,NULL,NULL,NULL,NULL,NULL,NULL,NULL,NULL,0,NULL,NULL,NULL,'unidentified',NULL,0.804645,0.760154,0.165625,0.239846,0.783268,0.797764,0.174219,0.202236,1715100774788,NULL,0.209953,0.475627,0.232794,0.831687,0,'viotec'),('0c98baf1-f604-4f32-b03f-3b6701166672','SM-A325M-2c8b940ad14d2e25','SM-A325M-2c8b940ad14d2e25',1714741855660,1714741853316,1714741896314,'person','dcd12068-6897-44ee-a84b-bcbbe9231e57',1652197247101,'c336c185-d096-4b1b-8df9-2908812735bf',47,NULL,NULL,NULL,NULL,'Arroyave',0,'Redmi Note 8-2c49ea4f56b14c23',1.17361,7166,'noconcern',NULL,0.73721,0.346433,0.26279,0.466667,0.284046,0.160465,0.396094,0.445833,1714741856358,0.0108425,0.681556,-0.306666,0.058307,-0.136606,0,'viotec'),('0cbb1567-0c37-4895-8f23-50a02951f2a4','SM-A325M-2c8b940ad14d2e25','SM-A325M-2c8b940ad14d2e25',1716408888930,1716408888023,NULL,'person','dcd12068-6897-44ee-a84b-bcbbe9231e57',1652197247101,'c336c185-d096-4b1b-8df9-2908812735bf',47,NULL,NULL,NULL,NULL,'Arroyave',0,'Redmi Note 8-2c49ea4f56b14c23',1.0088,NULL,'noconcern',NULL,0.915315,0,0.0846851,0.153344,0.812005,0.212012,0.141406,0.191667,1716408892790,0.527612,0.548272,-0.558103,0.0188668,0.267541,0,'viotec'),('0cea0c4d-db16-485d-bd59-2c9967266f1f','SM-A325M-2c8b940ad14d2e25','SM-A325M-2c8b940ad14d2e25',1722895581182,1722895580707,1722895584173,'person','ae8f543c-0ca3-4ab6-898a-2fffc81917b9',1651755088629,'ae8f543c-0ca3-4ab6-898a-2fffc81917b9',43,'male',-0.868197,-0.921212,-0.885868,'JH Rodríguez ',0,NULL,1.23255,693,'noconcern',NULL,0.529405,0.883009,0.110938,0.116991,0.527768,0.564578,0.0898438,0.122222,1722895581143,0.949935,0.8078,-0.275782,-0.0051545,0.0936652,0,'viotec'),('120be299-ff48-46c0-804a-30d40a843acc','SM-A325M-2c8b940ad14d2e25','SM-A325M-2c8b940ad14d2e25',1722895623714,1722895623267,1722895626733,'person','ca4ee376-5f74-4a8e-806e-b056cf7b54dd',1659105546904,'ca4ee376-5f74-4a8e-806e-b056cf7b54dd',40,'female',0.0623073,-0.202966,-0.0261171,NULL,0,NULL,1.1479,693,'noconcern',NULL,0.496598,0.604395,0.111719,0.136111,0.540201,0.653601,0.110156,0.127778,NULL,0.113326,0.685077,0.320857,0.0163248,0.245676,0,'viotec'),('15e78481-3a16-42b2-bd60-32d582ce94a4','SM-A325M-2c8b940ad14d2e25','SM-A325M-2c8b940ad14d2e25',1722895428750,1722895427880,1722895439006,'person','ae8f543c-0ca3-4ab6-898a-2fffc81917b9',1651755088629,'ae8f543c-0ca3-4ab6-898a-2fffc81917b9',45,'male',0.99609,0.758775,0.866006,'JH Rodríguez ',0,NULL,1.24995,2225,'noconcern',NULL,0.429022,0,0.208594,0.170451,0.464339,0.497585,0.182813,0.216667,1722895429991,0.00276504,0.525553,0.319236,-0.015399,0.571139,0,'viotec'),('1626858e-ddf0-455e-8ad6-308436afeccd','SM-A325M-2c8b940ad14d2e25','SM-A325M-2c8b940ad14d2e25',1722895462999,1722895462648,1722895462960,'person','ca4ee376-5f74-4a8e-806e-b056cf7b54dd',1659105546904,'ca4ee376-5f74-4a8e-806e-b056cf7b54dd',36,'female',0.0844463,0.0844463,0.0844463,NULL,0,NULL,1.09899,NULL,'noconcern',NULL,0.489404,0.0460225,0.0820313,0.116667,0.557853,0.0491584,0.0773437,0.0888889,NULL,0.0173267,0.450961,-0.105206,-0.10475,-0.590911,0,'viotec'),('17398944-bc9c-4943-867a-971b58d05c83','moto g72-2d8212ec4994f06a','moto g72-2d8212ec4994f06a',1716555876009,1716555874253,1716555874934,'person','52f634e2-58b2-4495-ad92-88c8f7c204d4',1714584911360,'52f634e2-58b2-4495-ad92-88c8f7c204d4',NULL,'male',NULL,NULL,NULL,'Anderson  Cuervo',0,NULL,1.05276,340,'threat',NULL,0.477903,0.674744,0.276562,0.325256,0.331041,0.568852,0.275,0.398611,1716555874317,0.038501,0.599367,-0.0292395,0.167018,-0.0772806,0,'viotec'),('1811bc1c-bd00-4d86-b45a-6c15668a7115','SM-A325M-2c8b940ad14d2e25','SM-A325M-2c8b940ad14d2e25',1722895571402,1722895570197,1722895580577,'person','03cf3e05-9ae5-40be-a755-45bd14c93ff5',1644437507034,'03cf3e05-9ae5-40be-a755-45bd14c93ff5',39,'male',0.812916,-0.411023,0.0323889,'Alejandro Muñoz',0,'SM-A325M-2c8b940ad14d2e25',1.08609,4718,'threat',NULL,0.739365,0.477678,0.259375,0.393056,0.525116,0.604924,0.180469,0.179167,1722895571359,0.0873681,0,-0.0858502,0.087898,1,0,'viotec'),('182bfd1b-6348-4610-95b3-fc964bd2279d','SM-A325M-2c8b940ad14d2e25','SM-A325M-2c8b940ad14d2e25',1716485653943,1716485653510,1716485655321,'person','dcd12068-6897-44ee-a84b-bcbbe9231e57',1652197247101,'c336c185-d096-4b1b-8df9-2908812735bf',47,'male',0.104579,0.104579,0.104579,'Arroyave',0,'Redmi Note 8-2c49ea4f56b14c23',1.00646,603,'noconcern',NULL,0.216841,0.0634072,0.383594,0.498611,0.372346,0.00910357,0.378906,0.259722,NULL,0.00612356,0,0.136651,0.111273,-1,0,'viotec'),('19f066cc-6d3b-4820-b32c-cb8faf2944b3','moto g72-2d8212ec4994f06a','moto g72-2d8212ec4994f06a',1714584911762,1714584909360,1714584915623,'person','52f634e2-58b2-4495-ad92-88c8f7c204d4',1714584911360,'52f634e2-58b2-4495-ad92-88c8f7c204d4',NULL,NULL,NULL,NULL,NULL,NULL,0,NULL,1.10489,6263,'noconcern',NULL,0.470636,0.295627,0.327344,0.480556,0.510733,0.460665,0.397656,0.529167,1714584909689,0.994703,0.738431,-0.326671,0.034839,0.125351,0,'viotec'),('1c5da0a0-7c4f-4520-a180-c5f4a41d0e13','moto g72-2d8212ec4994f06a','moto g72-2d8212ec4994f06a',1716555967954,1716555963879,1716555973007,'person',NULL,NULL,NULL,NULL,NULL,NULL,NULL,NULL,NULL,0,NULL,NULL,9128,'stranger',NULL,0.626024,0.318535,0.292969,0.425,0.234009,0.624155,0.258594,0.373611,NULL,NULL,0.455837,-0.459972,0.0364839,0.541432,0,'viotec'),('1cdaa63a-7792-4128-adc9-ca5ecfb899e3','SM-A325M-2c8b940ad14d2e25','SM-A325M-2c8b940ad14d2e25',1716408925946,1716408925646,1716408926223,'person','0eaf17ef-6fad-47bb-948c-1fc5cc29386f',1716408866580,'0eaf17ef-6fad-47bb-948c-1fc5cc29386f',NULL,NULL,NULL,NULL,NULL,'Nicolas R',0,'SM-A325M-2c8b940ad14d2e25',1.00756,577,'noconcern',NULL,0.508707,0.321795,0.174219,0.240278,0.491106,0.12313,0.171875,0.248611,1716408925646,0.423153,0.868335,-0.0798689,0.00630669,-0.195091,0,'viotec'),('1dc33514-e821-474d-b270-1e76912c1bd0','SM-A325M-2c8b940ad14d2e25','SM-A325M-2c8b940ad14d2e25',1718113829094,1718113827537,1718113863745,'person','dcd12068-6897-44ee-a84b-bcbbe9231e57',1652197247101,'c336c185-d096-4b1b-8df9-2908812735bf',47,'male',-0.201307,-0.851131,-0.56776,'Arroyave',0,'Redmi Note 8-2c49ea4f56b14c23',1.12088,NULL,'noconcern',NULL,0.410912,0.654442,0.311719,0.345558,0.338102,0.645871,0.373437,0.354129,1718113828460,0.00791287,0,0.145534,0.0273763,1,0,'viotec'),('1e4db813-bba8-42c8-8156-d328f5f24c25','moto g72-2d8212ec4994f06a','moto g72-2d8212ec4994f06a',1716556000106,1716555995997,1716556005785,'person',NULL,NULL,NULL,NULL,NULL,NULL,NULL,NULL,NULL,0,NULL,NULL,8319,'stranger',NULL,0.348495,0.252046,0.296875,0.486111,0.496522,0.0046699,0.245313,0.359722,1716555996564,0.0019446,0.312018,0.472155,-0.019953,-0.747957,0,'viotec'),('1eef1ec1-4699-4ea1-b4c9-66ef57a3c86d','SM-A325M-2c8b940ad14d2e25','SM-A325M-2c8b940ad14d2e25',1718113980385,1718113977244,1718113980297,'person',NULL,NULL,NULL,NULL,NULL,NULL,NULL,NULL,NULL,0,NULL,NULL,NULL,'unidentified',NULL,0.35135,0.663687,0.373438,0.336313,0.350733,0.669039,0.364844,0.330961,1718113977350,NULL,0,0.23682,-0.223202,1,0,'viotec'),('20d747f7-63a2-4954-b9e1-fea0484af8fc','SM-A325M-2c8b940ad14d2e25','SM-A325M-2c8b940ad14d2e25',1718111933569,1718111930428,1718111949613,'person',NULL,NULL,NULL,30,'male',0.450988,0.0443742,0.255194,NULL,0,NULL,NULL,13429,'unidentified',NULL,0.686168,0.332802,0.148438,0.175,0.610276,0.340814,0.197656,0.297222,1718111940961,0.175561,0.447665,0.00577348,0.251297,-0.114415,0,'viotec'),('215EB270-750D-4D14-995E-82CA5E7E4EAB','iPhone12_1-DA5C25C97F1048469D70EEDE026D66F3','iPhone12_1-DA5C25C97F1048469D70EEDE026D66F3',1714656146291,1714656145648,1714656147443,'person','52f634e2-58b2-4495-ad92-88c8f7c204d4',1714584911000,'52f634e2-58b2-4495-ad92-88c8f7c204d4',NULL,'male',NULL,NULL,NULL,'Anderson  Cuervo',0,NULL,1.19118,561,'threat',NULL,0.539207,0.820225,0.246875,0.283333,0.703618,0.657579,0.224219,0.325,1714656146247,0.0725372,0.850097,0.236185,-0.218921,0.451755,0,'viotec'),('216abadd-ada4-4182-a6e3-4a998de9343c','SM-A325M-2c8b940ad14d2e25','SM-A325M-2c8b940ad14d2e25',1722895399658,1722895399201,1722895402702,'person','ae8f543c-0ca3-4ab6-898a-2fffc81917b9',1651755088629,'ae8f543c-0ca3-4ab6-898a-2fffc81917b9',45,'male',-0.0221536,-0.0823673,-0.0422248,'JH Rodríguez ',0,NULL,1.22765,NULL,'noconcern',NULL,0.48887,0.2039,0.152344,0.219444,0.438931,0.0995857,0.214844,0.301389,1722895399512,0.0253245,0.49603,0.0165301,-0.043611,0.618948,0,'viotec'),('21e499fc-69a0-43c4-a406-f7da7ee43751','SM-A325M-2c8b940ad14d2e25','SM-A325M-2c8b940ad14d2e25',1718113983783,1718113980634,1718114010146,'person','dcd12068-6897-44ee-a84b-bcbbe9231e57',1652197247101,'c336c185-d096-4b1b-8df9-2908812735bf',47,'male',-0.250607,-0.819624,-0.513894,'Arroyave',0,'Redmi Note 8-2c49ea4f56b14c23',1.15442,NULL,'noconcern',NULL,0.356691,0.654553,0.363281,0.345447,0.4777,0.787654,0.225781,0.212346,1718113985779,0.0889766,0,0.512865,-0.268256,1,0,'viotec'),('22451776-f5ac-4177-aeaf-0ea6a5ead1f7','SM-A325M-2c8b940ad14d2e25','SM-A325M-2c8b940ad14d2e25',1722895591574,1722895590061,1722895591302,'person','03cf3e05-9ae5-40be-a755-45bd14c93ff5',1644437507034,'b7ccd93e-b436-417d-bd82-3817b67974c0',34,'male',-0.505176,-0.505176,-0.505176,'Alejandro Muñoz',0,'SM-A325M-2c8b940ad14d2e25',0.986519,NULL,'threat',NULL,0.445568,0.0249828,0.242969,0.231944,0.461414,0.0742484,0.23125,0.230556,1722895590061,0.0291585,0.487987,0.126093,-0.228896,-0.0267937,0,'viotec'),('294e89b3-4bd0-4ca0-90e0-8bf71f026c5f','SM-A325M-2c8b940ad14d2e25','SM-A325M-2c8b940ad14d2e25',1716408753536,1716408752868,1716408760771,'person','52f634e2-58b2-4495-ad92-88c8f7c204d4',1714584911360,'52f634e2-58b2-4495-ad92-88c8f7c204d4',NULL,'male',NULL,NULL,NULL,'Anderson  Cuervo',0,NULL,1.12629,2258,'noconcern',NULL,0.510823,0.100703,0.358594,0.519444,0.596589,0.0264113,0.403411,0.581944,1716408754942,0.435451,0.792921,-0.283057,-0.00301825,0.02486,0,'viotec'),('29c0fd25-8284-478b-8d11-b8be4b19825c','SM-A325M-2c8b940ad14d2e25','SM-A325M-2c8b940ad14d2e25',1718112002858,1718112002213,1718112002721,'person','da28301c-0256-4577-9d49-9e8ae8f7996b',1718111969555,'da28301c-0256-4577-9d49-9e8ae8f7996b',28,'male',0.0841466,0.0841466,0.0841466,'John Cuervo',0,'SM-A325M-2c8b940ad14d2e25',1.00868,NULL,'threat',NULL,0.486303,0.103531,0.170313,0.288889,0.459057,0.00158211,0.197656,0.195833,NULL,0.294564,0.636335,-0.042054,-0.066431,-0.501286,0,'viotec'),('2b6e0b8b-b815-4eb8-a601-3241dfb85ebe','SM-A325M-2c8b940ad14d2e25','SM-A325M-2c8b940ad14d2e25',1716485660958,1716485659033,1716485660861,'person',NULL,NULL,NULL,NULL,NULL,NULL,NULL,NULL,NULL,0,NULL,NULL,761,'unidentified',NULL,0.304277,0,0.496094,0.331636,0.384072,0,0.496094,0.359687,1716485659152,NULL,0.161561,-0.246195,0.0193153,-0.88767,0,'viotec'),('2c3b86ff-2d06-4417-8cf8-2f0857b3ba9c','SM-A325M-2c8b940ad14d2e25','SM-A325M-2c8b940ad14d2e25',1717693228105,1717693224413,1717693227047,'person',NULL,NULL,NULL,NULL,NULL,NULL,NULL,NULL,NULL,0,NULL,NULL,NULL,'unidentified',NULL,0.462942,0.473412,0.275,0.375,0.511177,0.637232,0.24375,0.3625,NULL,NULL,0.079298,0.338752,0.235402,0.891187,0,'viotec'),('2e3a7d89-10de-422d-9f66-5894e7bb42cf','SM-A325M-2c8b940ad14d2e25','SM-A325M-2c8b940ad14d2e25',1715100509945,1715100509580,1715100525510,'person','c336c185-d096-4b1b-8df9-2908812735bf',1652197247101,'c336c185-d096-4b1b-8df9-2908812735bf',47,'male',0.060166,-0.696722,-0.0752457,'Arroyave',0,'Redmi Note 8-2c49ea4f56b14c23',1.23941,9558,'noconcern',NULL,0.468168,0.211768,0.380469,0.436111,0.345807,0,0.328906,0.315095,NULL,0.00352296,0,0.464977,0.0495217,-1,0,'viotec'),('2ea7157f-5c9f-4cf2-a861-e414b1bed721','SM-A325M-2c8b940ad14d2e25','SM-A325M-2c8b940ad14d2e25',1716408648685,1716408644860,1716408650527,'person','03cf3e05-9ae5-40be-a755-45bd14c93ff5',1644437507034,'b7ccd93e-b436-417d-bd82-3817b67974c0',NULL,NULL,0.687893,-0.00622934,0.340832,NULL,0,NULL,1.10619,NULL,'noconcern',NULL,0.292204,0.256449,0.45,0.563889,0.156517,0.803477,0.164844,0.196523,NULL,0.035596,0.424484,-0.0724403,-0.0269078,0.694254,0,'viotec'),('2ed22eb9-7f2f-40ed-b63a-cb5b3b3b6572','SM-A325M-2c8b940ad14d2e25','SM-A325M-2c8b940ad14d2e25',1715805585851,1715805582782,1715805661684,'person','dcd12068-6897-44ee-a84b-bcbbe9231e57',1652197247101,'c336c185-d096-4b1b-8df9-2908812735bf',47,NULL,NULL,NULL,NULL,'Arroyave',0,'Redmi Note 8-2c49ea4f56b14c23',1.16422,32278,'noconcern',NULL,0.279629,0.130525,0.484375,0.605556,0.45821,0.110621,0.433594,0.55,NULL,0.00138268,0.795293,0.066861,0.0712454,-0.0750831,0,'viotec'),('30504010-9b30-4113-9a0b-26a38a1ce498','SM-A325M-2c8b940ad14d2e25','SM-A325M-2c8b940ad14d2e25',1722895478441,1722895478176,1722895478401,'person','ca4ee376-5f74-4a8e-806e-b056cf7b54dd',1659105546904,'ca4ee376-5f74-4a8e-806e-b056cf7b54dd',35,'female',-0.580407,-0.580407,-0.580407,NULL,0,NULL,1.07947,NULL,'noconcern',NULL,0.699935,0.208405,0.0976562,0.127778,0.704084,0.224007,0.101562,0.1375,NULL,0.190783,0.368977,0.0637274,-0.140913,-0.668326,0,'viotec'),('30a0b61d-50ef-4cd1-b202-4547a82ca50f','SM-A325M-2c8b940ad14d2e25','SM-A325M-2c8b940ad14d2e25',1715100743332,1715100740276,1715100745896,'person','52f634e2-58b2-4495-ad92-88c8f7c204d4',1714584911360,'52f634e2-58b2-4495-ad92-88c8f7c204d4',NULL,'male',NULL,NULL,NULL,'Anderson  Cuervo',0,NULL,1.07013,1873,'noconcern',NULL,0.407661,0.507221,0.307813,0.455556,0.479123,0.284265,0.25625,0.345833,1715100740276,0.243885,0.683304,0.0642634,-0.113324,-0.238762,0,'viotec'),('317475b5-dcf0-4d89-bca2-cc35b4946433','SM-A325M-2c8b940ad14d2e25','SM-A325M-2c8b940ad14d2e25',1718114018192,1718114015457,1718114018047,'person',NULL,NULL,NULL,NULL,NULL,NULL,NULL,NULL,NULL,0,NULL,NULL,NULL,'unidentified',NULL,0.468102,0.790918,0.2125,0.209082,0.422255,0.742974,0.267188,0.257026,1718114015553,NULL,0,-0.124855,0.0970223,1,0,'viotec'),('3255af71-7f75-4a04-bddb-b41a60389777','SM-A325M-2c8b940ad14d2e25','SM-A325M-2c8b940ad14d2e25',1716485652809,1716485649910,1716485652740,'person',NULL,NULL,NULL,NULL,NULL,NULL,NULL,NULL,NULL,0,NULL,NULL,NULL,'unidentified',NULL,0.24573,0,0.467969,0.387049,0.24573,0,0.467969,0.387049,NULL,NULL,0.0260927,0.032546,0,-0.983811,0,'viotec'),('33aac019-a7c6-44c8-9ff4-2e865d504c8a','SM-A325M-2c8b940ad14d2e25','SM-A325M-2c8b940ad14d2e25',1722895404743,1722895404223,1722895406370,'person','ae8f543c-0ca3-4ab6-898a-2fffc81917b9',1651755088629,'ae8f543c-0ca3-4ab6-898a-2fffc81917b9',43,'male',-0.303716,-0.303716,-0.303716,'JH Rodríguez ',0,NULL,1.27438,NULL,'noconcern',NULL,0.484782,0,0.205469,0.235242,0.448636,0.110607,0.207812,0.286111,1722895404223,0.00573155,0.12736,0.467791,-0.149774,0.838558,0,'viotec'),('33e73aa2-b484-4610-8923-d20652313059','moto g72-2d8212ec4994f06a','moto g72-2d8212ec4994f06a',1716554355999,1716554353645,1716554391086,'person','52f634e2-58b2-4495-ad92-88c8f7c204d4',1714584911360,'52f634e2-58b2-4495-ad92-88c8f7c204d4',NULL,'male',NULL,NULL,NULL,'Anderson  Cuervo',0,NULL,1.18182,29760,'threat',NULL,0.55935,0.738928,0.346094,0.261072,0.471555,0,0.285937,0.259286,1716554376525,0.00236235,0,0.255984,-0.128613,-1,0,'viotec'),('33f295a9-54ef-4c91-9150-ca67545c13ee','SM-A325M-2c8b940ad14d2e25','SM-A325M-2c8b940ad14d2e25',1722895459107,1722895458507,1722895462334,'person','dcd12068-6897-44ee-a84b-bcbbe9231e57',1652197247101,'c336c185-d096-4b1b-8df9-2908812735bf',47,'male',0.929557,0.802209,0.887108,'Arroyave',0,'Redmi Note 8-2c49ea4f56b14c23',1.10343,2296,'noconcern',NULL,0.434778,0.69355,0.386719,0.30645,0.374207,0.297759,0.385156,0.443056,1722895459068,0.00612096,0.675978,0.0223216,0.0362413,-0.464183,0,'viotec'),('36c1ce31-f0b6-43ef-9ce8-ce0f09db356a','moto g72-2d8212ec4994f06a','moto g72-2d8212ec4994f06a',1714584876236,1714584872167,1714584876569,'person',NULL,NULL,NULL,NULL,NULL,NULL,NULL,NULL,NULL,0,NULL,NULL,3301,'stranger',NULL,0.330345,0.264705,0.347656,0.513889,0.633873,0.149298,0.366127,0.559722,1714584872432,0.995603,0.710872,-0.37169,0.00962125,0.153142,0,'viotec'),('375db4a3-b904-4a08-8129-737eec868e4f','SM-A325M-2c8b940ad14d2e25','SM-A325M-2c8b940ad14d2e25',1716485665310,1716485662237,NULL,'person','dcd12068-6897-44ee-a84b-bcbbe9231e57',1652197247101,'c336c185-d096-4b1b-8df9-2908812735bf',47,'male',0.850628,-0.988918,0.00540004,'Arroyave',0,'Redmi Note 8-2c49ea4f56b14c23',1.21528,17463,'noconcern',NULL,0.397333,0,0.521094,0.433572,0.266651,0.114332,0.502344,0.594444,1716485695301,0.022851,0.784071,0.25093,-0.0150885,0.111737,0,'viotec'),('3d0bb2bc-73e0-47a8-a190-b5a0da04c323','moto g72-2d8212ec4994f06a','moto g72-2d8212ec4994f06a',1716555918605,1716555914864,1716555938163,'person','dcd12068-6897-44ee-a84b-bcbbe9231e57',1652197247101,'c336c185-d096-4b1b-8df9-2908812735bf',47,NULL,NULL,NULL,NULL,'Arroyave',0,'Redmi Note 8-2c49ea4f56b14c23',1.17816,16642,'noconcern',NULL,0.302895,0,0.371094,0.310719,0.482561,0,0.330469,0.320751,1716555922934,0.00280927,0.656544,0.0696824,0.0583457,-0.471311,0,'viotec'),('3ec1cc31-9d5b-4543-8072-ef487aeb284f','SM-A325M-2c8b940ad14d2e25','SM-A325M-2c8b940ad14d2e25',1718111955680,1718111954503,1718111963407,'person','dcd12068-6897-44ee-a84b-bcbbe9231e57',1652197247101,'c336c185-d096-4b1b-8df9-2908812735bf',47,'male',0.0576187,-0.42648,-0.0638095,'Arroyave',0,'Redmi Note 8-2c49ea4f56b14c23',1.15147,1484,'noconcern',NULL,0.718922,0.533027,0.281078,0.466973,0.141543,0,0.467969,0.460254,1718111955541,0.00123501,0.717178,0.22442,-0.0335525,-0.328088,0,'viotec'),('408cd313-768b-4b1f-9f43-973c97f036ab','SM-A325M-2c8b940ad14d2e25','SM-A325M-2c8b940ad14d2e25',1718111994911,1718111994252,1718112002213,'person','da28301c-0256-4577-9d49-9e8ae8f7996b',1718111969555,'da28301c-0256-4577-9d49-9e8ae8f7996b',30,'male',0.474459,0.132627,0.268674,'John Cuervo',0,'SM-A325M-2c8b940ad14d2e25',1.29824,1769,'threat',NULL,0.133253,0,0.224219,0.20067,0.490776,0.350572,0.167188,0.259722,1718111997871,0.0115354,0.510924,-0.380619,-0.00337706,0.610914,0,'viotec'),('408fa31d-12d9-4cbb-b9b4-e955aeec0a3a','SM-A325M-2c8b940ad14d2e25','SM-A325M-2c8b940ad14d2e25',1715805415643,1715805415367,1715805415367,'action','c336c185-d096-4b1b-8df9-2908812735bf',1652197247101,'c336c185-d096-4b1b-8df9-2908812735bf',47,'male',-0.66125,-0.66125,-0.66125,'Arroyave',0,'Redmi Note 8-2c49ea4f56b14c23',1.17572,NULL,'noconcern',NULL,0.390174,0.278998,0.350781,0.454167,0.390174,0.278998,0.350781,0.454167,NULL,0.00372619,0.683808,0.405171,0.0382601,-0.0954115,NULL,'viotec'),('45a19edb-b5b8-48b3-bd55-b518a8d456f4','SM-A325M-2c8b940ad14d2e25','SM-A325M-2c8b940ad14d2e25',1718113866918,1718113864342,1718113870803,'person','dcd12068-6897-44ee-a84b-bcbbe9231e57',1652197247101,'c336c185-d096-4b1b-8df9-2908812735bf',48,'male',-0.367968,-0.875482,-0.525616,'Arroyave',0,'Redmi Note 8-2c49ea4f56b14c23',1.12234,340,'noconcern',NULL,0.368161,0.707627,0.31875,0.292373,0.42155,0.55042,0.272656,0.383333,1718113866293,0.0804865,0.242744,0.409584,-0.101848,0.811501,0,'viotec'),('4758b2ee-17d9-452d-92c1-28a13a0956c0','moto g72-2d8212ec4994f06a','moto g72-2d8212ec4994f06a',1716554854436,1716554850360,NULL,'person',NULL,NULL,NULL,NULL,NULL,NULL,NULL,NULL,NULL,0,NULL,NULL,0,'unidentified',NULL,0.468271,0.203047,0.407031,0.538889,0.468271,0.203047,0.407031,0.538889,NULL,NULL,0.870835,-0.155958,0.0185577,0.0468974,0,'viotec'),('4b453a9a-c2b6-41b9-b9b5-1e0cf04c580d','SM-A325M-2c8b940ad14d2e25','SM-A325M-2c8b940ad14d2e25',1718124832569,1718124830122,1718124842963,'person','dcd12068-6897-44ee-a84b-bcbbe9231e57',1652197247101,'c336c185-d096-4b1b-8df9-2908812735bf',47,'male',0.484394,0.16003,0.301797,'Arroyave',0,'Redmi Note 8-2c49ea4f56b14c23',1.12515,3668,'noconcern',NULL,0.336014,0,0.353906,0.349818,0.387438,0.269064,0.182812,0.234722,1718124832402,0.00155536,0.734032,0.380964,0.0160291,-0.181956,0,'viotec'),('4ca5b5a8-a095-40bc-b0b5-e5d8bfc9c556','SM-A325M-2c8b940ad14d2e25','SM-A325M-2c8b940ad14d2e25',1715100749022,1715100746099,1715100752292,'person','dcd12068-6897-44ee-a84b-bcbbe9231e57',1652197247101,'c336c185-d096-4b1b-8df9-2908812735bf',47,NULL,NULL,NULL,NULL,'Arroyave',0,'Redmi Note 8-2c49ea4f56b14c23',1.1391,NULL,'noconcern',NULL,0.369232,0.184272,0.366406,0.434722,0.70501,0.415282,0.276563,0.3625,1715100746099,0.00339067,0.455399,0.410884,-0.0683845,-0.566213,0,'viotec'),('4f05fbb3-9a75-4b53-9ea6-32b1dc25d3ff','SM-A325M-2c8b940ad14d2e25','SM-A325M-2c8b940ad14d2e25',1718114225627,1718114222485,1718114249304,'person','dcd12068-6897-44ee-a84b-bcbbe9231e57',1652197247101,'c336c185-d096-4b1b-8df9-2908812735bf',47,'male',-0.290469,-0.684456,-0.560387,'Arroyave',0,'Redmi Note 8-2c49ea4f56b14c23',1.12268,NULL,'noconcern',NULL,0.384831,0.591551,0.290625,0.398611,0.373192,0.583153,0.289062,0.416847,1718114227429,0.0673261,0.329127,0.357284,-0.0951286,0.720958,0,'viotec'),('4FB44D41-1FEC-49F9-A5AE-F23E9D228AC0','iPhone12_1-DA5C25C97F1048469D70EEDE026D66F3','iPhone12_1-DA5C25C97F1048469D70EEDE026D66F3',1714772923702,1714772921202,1714772927725,'person',NULL,NULL,NULL,NULL,NULL,NULL,NULL,NULL,NULL,0,NULL,NULL,NULL,'stranger',NULL,0.628324,0.398264,0.292969,0.441667,0.764045,-0.00547284,0.257031,0.306944,1714772926751,0.214038,0.699878,-0.16779,0.18119,-0.765581,0,'viotec'),('50088578-e61e-4b18-aa53-de03264455c8','SM-A325M-2c8b940ad14d2e25','SM-A325M-2c8b940ad14d2e25',1722895478848,1722895478401,1722895479005,'person','ca4ee376-5f74-4a8e-806e-b056cf7b54dd',1659105546904,'ca4ee376-5f74-4a8e-806e-b056cf7b54dd',37,'female',0.142537,0.142537,0.142537,NULL,0,NULL,1.03201,NULL,'noconcern',NULL,0.757365,0.355634,0.110938,0.143056,0.600585,0.38221,0.102344,0.118056,NULL,0.0396425,0,-0.225528,-0.25049,-1,0,'viotec'),('50847c6f-27ea-45b8-958f-1739f308d524','SM-A325M-2c8b940ad14d2e25','SM-A325M-2c8b940ad14d2e25',1718124843251,1718124842963,1718124845138,'person','51ccaedc-fa70-4f88-a8a9-7b4db99bbdf2',1715100556185,'51ccaedc-fa70-4f88-a8a9-7b4db99bbdf2',35,'male',0.994813,0.994813,0.994813,'Javier Ruiz',0,'SM-A325M-2c8b940ad14d2e25',1.12515,1087,'noconcern',NULL,0.387438,0.269064,0.182812,0.234722,0.155579,0.464894,0.214844,0.258333,NULL,0.144879,0.780243,-0.177217,0.0397652,-0.233125,0,'viotec'),('5253b25c-243b-424e-8700-55738fc37501','SM-A325M-2c8b940ad14d2e25','SM-A325M-2c8b940ad14d2e25',1717692427316,1717692424211,1717692436402,'person',NULL,NULL,NULL,29,'male',0.631659,-0.117787,0.347334,NULL,0,NULL,NULL,NULL,'unidentified',NULL,0.532178,0,0.0875,0.0833004,0.599988,0,0.164844,0.204718,1717692424488,0.777959,0.402324,-0.489651,-0.276487,0.217695,0,'viotec'),('52a0c3d2-3c0d-44e3-ba3d-9f144b3454b5','SM-A325M-2c8b940ad14d2e25','SM-A325M-2c8b940ad14d2e25',1722895399241,1722895398891,1722895399201,'person','ae8f543c-0ca3-4ab6-898a-2fffc81917b9',1651755088629,'ae8f543c-0ca3-4ab6-898a-2fffc81917b9',45,'male',-0.00030188,-0.00030188,-0.00030188,'JH Rodríguez ',0,NULL,1.01511,NULL,'noconcern',NULL,0.493243,0.639674,0.135937,0.2,0.492168,0.521949,0.139062,0.2,NULL,0.285427,0.287421,0.13329,0.108691,0.792514,0,'viotec'),('53337add-b09e-4fd4-8047-c7797bf4add8','moto g72-2d8212ec4994f06a','moto g72-2d8212ec4994f06a',1716555850992,1716555849515,1716555850246,'person','52f634e2-58b2-4495-ad92-88c8f7c204d4',1714584911360,'52f634e2-58b2-4495-ad92-88c8f7c204d4',NULL,'male',NULL,NULL,NULL,'Anderson  Cuervo',0,NULL,0.99694,243,'threat',NULL,0.38658,0,0.302344,0.296207,0.377363,0,0.279687,0.300386,1716555849515,0.136101,0.657881,0.0277331,-0.017521,-0.495332,0,'viotec'),('5434112a-16eb-449c-a7c1-98c77beb277d','moto g72-2d8212ec4994f06a','moto g72-2d8212ec4994f06a',1716554442310,1716554440902,NULL,'person','52f634e2-58b2-4495-ad92-88c8f7c204d4',1714584911360,'52f634e2-58b2-4495-ad92-88c8f7c204d4',NULL,'male',NULL,NULL,NULL,'Anderson  Cuervo',0,NULL,1.0762,0,'threat',NULL,0.589158,0.472678,0.230469,0.370833,0.534781,0.357207,0.301562,0.447222,1716554440902,0.00860881,0.657088,0.482094,-0.0978477,-0.0602214,0,'viotec'),('548b9b91-a717-4ed1-9b7d-0a5d4e4f0e3c','SM-A325M-2c8b940ad14d2e25','SM-A325M-2c8b940ad14d2e25',1716408497524,1716408495604,1716408497451,'person',NULL,NULL,NULL,NULL,NULL,NULL,NULL,NULL,NULL,0,NULL,NULL,142,'unidentified',NULL,0.219535,0.920854,0.0570313,0.075,0.182745,0.790243,0.0539062,0.0819445,1716408495604,NULL,0.452849,-0.527446,-0.0597173,0.367269,0,'viotec'),('55fa687d-8483-4f38-9c81-3f0d5a9543ee','SM-A325M-2c8b940ad14d2e25','SM-A325M-2c8b940ad14d2e25',1715100877995,1715100874914,1715100878089,'person','51ccaedc-fa70-4f88-a8a9-7b4db99bbdf2',1715100556185,'51ccaedc-fa70-4f88-a8a9-7b4db99bbdf2',NULL,NULL,NULL,NULL,NULL,'Javier Ruiz',0,'SM-A325M-2c8b940ad14d2e25',1.04818,793,'noconcern',NULL,0.562621,0.200179,0.141406,0.166667,0.499637,0.26456,0.135938,0.177778,NULL,0.0300595,0.844626,-0.184662,-0.00100477,0.173214,0,'viotec'),('57176c8b-cf7d-4b39-a01c-6a4285a00960','moto g72-2d8212ec4994f06a','moto g72-2d8212ec4994f06a',1716555959491,1716555957363,1716555963562,'person','52f634e2-58b2-4495-ad92-88c8f7c204d4',1714584911360,'52f634e2-58b2-4495-ad92-88c8f7c204d4',NULL,'male',NULL,NULL,NULL,'Anderson  Cuervo',0,NULL,1.11191,6199,'threat',NULL,0.45719,0.0656491,0.235156,0.402778,0.645884,0.275255,0.308594,0.440278,1716555958010,0.00651819,0.743915,0.305816,0.0412123,-0.0639823,0,'viotec'),('57278aef-8ce2-43d8-a08d-6e06676edd95','SM-A325M-2c8b940ad14d2e25','SM-A325M-2c8b940ad14d2e25',1716408842950,1716408839876,NULL,'person',NULL,NULL,NULL,NULL,NULL,NULL,NULL,NULL,NULL,0,NULL,NULL,2876,'stranger',NULL,0.606007,0.243066,0.165625,0.215278,0.404038,0.308294,0.207031,0.290278,1716408843232,0.708476,0.862,0.105011,0.0240582,0.1159,0,'viotec'),('591108d1-0e43-4f6d-9460-7676f1e7d845','SM-A325M-2c8b940ad14d2e25','SM-A325M-2c8b940ad14d2e25',1718112376466,1718112373325,1718112985236,'person','dcd12068-6897-44ee-a84b-bcbbe9231e57',1652197247101,'c336c185-d096-4b1b-8df9-2908812735bf',47,'male',-0.157393,-0.346201,-0.283265,'Arroyave',1,'Redmi Note 8-2c49ea4f56b14c23',1.14809,5958,'noconcern',NULL,0.320915,0.0582492,0.526563,0.631944,0.257253,0.155392,0.449219,0.556944,1718112373325,0.0100644,0.60152,0.476771,0.0182323,-0.0624254,0,'viotec'),('5a520546-0790-44a4-83dd-02c71dc35c84','SM-A325M-2c8b940ad14d2e25','SM-A325M-2c8b940ad14d2e25',1716408818081,1716408816185,1716408839876,'person','c336c185-d096-4b1b-8df9-2908812735bf',1652197247101,'c336c185-d096-4b1b-8df9-2908812735bf',47,NULL,NULL,NULL,NULL,'Arroyave',0,'Redmi Note 8-2c49ea4f56b14c23',1.08442,3384,'noconcern',NULL,0.888086,0.452885,0.0625,0.0819445,0.690443,0.429169,0.158594,0.186111,1716408822853,0.266328,0.66783,-0.361677,-0.0331662,0.242891,0,'viotec'),('5c20c1b8-79ed-498b-946e-af2d3305ad03','SM-A325M-2c8b940ad14d2e25','SM-A325M-2c8b940ad14d2e25',1717692408633,1717692405633,1717692413529,'person','dcd12068-6897-44ee-a84b-bcbbe9231e57',1652197247101,'c336c185-d096-4b1b-8df9-2908812735bf',47,'male',-0.0914443,-0.0965803,-0.0931563,'Arroyave',0,'Redmi Note 8-2c49ea4f56b14c23',1.16625,7896,'noconcern',NULL,0.364139,0.0312219,0.496094,0.586111,0.726968,0.65159,0.273032,0.34841,1717692405633,0.00567553,0.849665,0.123192,-0.0370012,0.0116414,0,'viotec'),('5f2ba915-45db-407a-8d8f-9fd104f71c19','SM-A325M-2c8b940ad14d2e25','SM-A325M-2c8b940ad14d2e25',1718113902093,1718113899755,1718113901929,'person',NULL,NULL,NULL,NULL,NULL,NULL,NULL,NULL,NULL,0,NULL,NULL,NULL,'unidentified',NULL,0.375213,0.72669,0.298437,0.27331,0.375801,0.721871,0.314062,0.278129,1718113899755,NULL,0,0.0695027,0.0284213,1,0,'viotec'),('5FF6F851-F115-4572-BE92-16417A884781','iPhone12_1-DA5C25C97F1048469D70EEDE026D66F3','iPhone12_1-DA5C25C97F1048469D70EEDE026D66F3',1714741959354,1714741957825,1714741964563,'person','52f634e2-58b2-4495-ad92-88c8f7c204d4',1714584911000,'52f634e2-58b2-4495-ad92-88c8f7c204d4',NULL,'male',NULL,NULL,NULL,'Anderson  Cuervo',0,NULL,1.09797,3658,'noconcern',NULL,0.843754,0.0271379,0.147656,0.293056,0.802547,0.153898,0.211719,0.455556,1714741958233,0.237652,0.603576,-0.488656,0.123223,-0.617389,0,'viotec'),('62ff12bf-0222-4d33-974c-3710734d1004','moto g72-2d8212ec4994f06a','moto g72-2d8212ec4994f06a',1714656084141,1714656082818,1714656084355,'person','52f634e2-58b2-4495-ad92-88c8f7c204d4',1714584911360,'52f634e2-58b2-4495-ad92-88c8f7c204d4',NULL,'male',NULL,NULL,NULL,'Anderson  Cuervo',0,NULL,0.938165,768,'threat',NULL,0.377358,0.511463,0.267969,0.45,0.285515,0.703424,0.285156,0.296576,NULL,0.318879,0.489171,0.407716,-0.0490428,0.525385,0,'viotec'),('650f5764-d8ff-49c8-84f1-e067511c23cd','moto g72-2d8212ec4994f06a','moto g72-2d8212ec4994f06a',1716555977350,1716555973205,1716555991781,'person',NULL,NULL,NULL,NULL,NULL,NULL,NULL,NULL,NULL,0,NULL,NULL,11779,'stranger',NULL,0.230091,0.607722,0.273438,0.388889,0.328683,0.510196,0.285156,0.456944,1716555974608,0.00415454,0.615512,-0.469404,0.14974,-0.115003,0,'viotec'),('65ee6463-07ea-40cd-9abd-abe97d89a373','SM-A325M-2c8b940ad14d2e25','SM-A325M-2c8b940ad14d2e25',1722895394057,1722895393312,1722895396025,'person','dcd12068-6897-44ee-a84b-bcbbe9231e57',1652197247101,'c336c185-d096-4b1b-8df9-2908812735bf',47,'male',0.0954486,-0.0683763,-0.013768,'Arroyave',0,'Redmi Note 8-2c49ea4f56b14c23',1.18406,678,'noconcern',NULL,0.565206,0.319821,0.329688,0.4125,0.597809,0.163064,0.09375,0.134722,1722895393312,0.00170719,0.845586,0.0621618,0.0381875,-0.142118,0,'viotec'),('663deff5-292b-4579-8b5f-eb0ef86f87ad','SM-A325M-2c8b940ad14d2e25','SM-A325M-2c8b940ad14d2e25',1718124847463,1718124845566,1718124854381,'person','03cf3e05-9ae5-40be-a755-45bd14c93ff5',1644437507034,'b7ccd93e-b436-417d-bd82-3817b67974c0',36,'male',-0.205472,-0.362705,-0.297343,NULL,0,NULL,1.09268,5509,'noconcern',NULL,0.492205,0.265946,0.0609375,0.0888889,0.3988,0.38099,0.188281,0.240278,1718124847319,0.0528506,0.698661,-0.378018,0.0189189,-0.284515,0,'viotec'),('66ee6966-0182-413d-b776-11225e3fc0f9','SM-A325M-2c8b940ad14d2e25','SM-A325M-2c8b940ad14d2e25',1718111914706,1718111913858,1718111914568,'person','dcd12068-6897-44ee-a84b-bcbbe9231e57',1652197247101,'c336c185-d096-4b1b-8df9-2908812735bf',47,'male',-0.00185805,-0.00185805,-0.00185805,'Arroyave',0,'Redmi Note 8-2c49ea4f56b14c23',1.09518,177,'noconcern',NULL,0.537115,0.638465,0.285156,0.361535,0.568915,0.730398,0.296094,0.269602,1718111913987,0.00166606,0.730347,-0.0242954,-0.0266991,0.388699,0,'viotec'),('67f81f5e-0987-4959-814b-dca25e4ed78d','SM-A325M-2c8b940ad14d2e25','SM-A325M-2c8b940ad14d2e25',1715805511726,1715805507786,1715805525887,'person','c336c185-d096-4b1b-8df9-2908812735bf',1652197247101,'c336c185-d096-4b1b-8df9-2908812735bf',47,NULL,0.115079,-0.313592,-0.056587,'Arroyave',0,'Redmi Note 8-2c49ea4f56b14c23',1.17141,2268,'noconcern',NULL,0.374302,0.116936,0.389062,0.502778,0.0342633,0.197592,0.328906,0.506944,1715805513184,0.00389098,0.337899,0.881705,0.0228172,0.0842024,0,'viotec'),('68b56477-88f7-43fd-ac98-e17fa1fc429e','SM-A325M-2c8b940ad14d2e25','SM-A325M-2c8b940ad14d2e25',1715100851729,1715100850789,1715100858350,'person','51ccaedc-fa70-4f88-a8a9-7b4db99bbdf2',1715100556185,'51ccaedc-fa70-4f88-a8a9-7b4db99bbdf2',NULL,NULL,NULL,NULL,NULL,'Javier Ruiz',0,'SM-A325M-2c8b940ad14d2e25',1.19492,5670,'noconcern',NULL,0.474465,0.299612,0.120312,0.151389,0.445909,0.347849,0.124219,0.159722,1715100851674,0.0142703,0,0.161037,0.036066,1,0,'viotec'),('693503e4-a1cf-4215-9cf5-306ba51ef1f4','moto g72-2d8212ec4994f06a','moto g72-2d8212ec4994f06a',1714584920038,1714584918467,1714584919257,'person','52f634e2-58b2-4495-ad92-88c8f7c204d4',1714584911360,'52f634e2-58b2-4495-ad92-88c8f7c204d4',NULL,NULL,NULL,NULL,NULL,NULL,0,NULL,1.09377,790,'noconcern',NULL,0.551051,0.372249,0.432031,0.618056,0.521981,0.0542694,0.363281,0.566667,1714584918467,0.982381,0.637303,0.202816,-0.108802,-0.417045,0,'viotec'),('6953046f-1c0c-4ae8-802c-55e5b8a94b04','SM-A325M-2c8b940ad14d2e25','SM-A325M-2c8b940ad14d2e25',1718113508060,1718113504995,1718113522838,'person','dcd12068-6897-44ee-a84b-bcbbe9231e57',1652197247101,'c336c185-d096-4b1b-8df9-2908812735bf',47,'male',-0.0444013,-0.359639,-0.16086,'Arroyave',0,'Redmi Note 8-2c49ea4f56b14c23',1.19205,10408,'noconcern',NULL,0.376025,0,0.49375,0.509067,0.507698,0.0999702,0.457031,0.570833,1718113507918,0.00117356,0.647078,0.420576,0.0630403,-0.143441,0,'viotec'),('6cc53ad6-ae95-4c2f-aedb-b79a9848dace','moto g72-2d8212ec4994f06a','moto g72-2d8212ec4994f06a',1716554790108,1716554788788,1716554791312,'person','52f634e2-58b2-4495-ad92-88c8f7c204d4',1714584911360,'52f634e2-58b2-4495-ad92-88c8f7c204d4',NULL,'male',NULL,NULL,NULL,'Anderson  Cuervo',0,NULL,1.10683,NULL,'threat',NULL,0.546396,0,0.283594,0.420197,0.468867,0.215787,0.246875,0.368056,1716554788788,0.0278211,0.312496,0.270186,0.149399,-0.702173,0,'viotec'),('6cf9e034-57fe-41fa-ab0d-ab70b50a1ffd','SM-A325M-2c8b940ad14d2e25','SM-A325M-2c8b940ad14d2e25',1718111924879,1718111921740,1718111925980,'person',NULL,NULL,NULL,31,'female',0.892043,0.493083,0.803405,NULL,0,NULL,NULL,NULL,'unidentified',NULL,0.100911,0,0.664062,0.845402,0.480063,0.146114,0.0429688,0.0638889,1718111923460,0.0300815,0.102224,-0.275396,0.115537,-0.918206,0,'viotec'),('6fc41a46-a805-44a3-ae32-aee67c935283','SM-A325M-2c8b940ad14d2e25','SM-A325M-2c8b940ad14d2e25',1718124896632,1718124894846,1718124898949,'person','03cf3e05-9ae5-40be-a755-45bd14c93ff5',1644437507034,'b7ccd93e-b436-417d-bd82-3817b67974c0',37,'male',0.0270585,0.0270585,0.0270585,'Alejandro Muñoz',0,'SM-A325M-2c8b940ad14d2e25',1.06445,631,'threat',NULL,0.460312,0.700173,0.105469,0.172222,0.280357,0.647597,0.173438,0.229167,1718124895829,0.180707,0.646252,-0.0291259,0.0350003,-0.505217,0,'viotec'),('716f6e29-5a42-47d0-9b0a-5063284bcb36','SM-A325M-2c8b940ad14d2e25','SM-A325M-2c8b940ad14d2e25',1722895463838,1722895463564,1722895465287,'person','dcd12068-6897-44ee-a84b-bcbbe9231e57',1652197247101,'c336c185-d096-4b1b-8df9-2908812735bf',47,'male',0.0856366,0.0856366,0.0856366,'Arroyave',0,'Redmi Note 8-2c49ea4f56b14c23',1.0647,1723,'noconcern',NULL,0.337875,0.39636,0.442969,0.568056,0.345934,0.639787,0.411719,0.360213,1722895463564,0.0171463,0.334255,0.372553,-0.00592657,-0.689399,0,'viotec'),('7202938b-89ad-409d-80d9-c5c0c8c77891','SM-A325M-2c8b940ad14d2e25','SM-A325M-2c8b940ad14d2e25',1715805414803,1715805410037,1715805476809,'person','c336c185-d096-4b1b-8df9-2908812735bf',1652197247101,'c336c185-d096-4b1b-8df9-2908812735bf',47,'male',-0.66125,-0.66125,-0.66125,'Arroyave',0,'Redmi Note 8-2c49ea4f56b14c23',1.17572,33386,'noconcern',NULL,0.404758,0.0466163,0.450781,0.559722,0.34662,0.182349,0.385938,0.488889,NULL,0.00372619,0.682666,0.356144,0.0231051,-0.293929,0,'viotec'),('729b06f9-45ba-47a5-9225-389e1982594b','SM-A325M-2c8b940ad14d2e25','SM-A325M-2c8b940ad14d2e25',1722895453725,1722895453419,1722895454388,'person','dcd12068-6897-44ee-a84b-bcbbe9231e57',1652197247101,'c336c185-d096-4b1b-8df9-2908812735bf',47,'male',0.399601,0.399601,0.399601,'Arroyave',0,'Redmi Note 8-2c49ea4f56b14c23',1.03968,484,'noconcern',NULL,0.351494,0.0135213,0.378125,0.340278,0.45368,0.501012,0.364062,0.488889,1722895453419,0.015248,0.701688,0.345319,0.00338403,-0.301097,0,'viotec'),('787cff4f-38ee-4afc-b9f9-1a73f9c25c2f','SM-A325M-2c8b940ad14d2e25','SM-A325M-2c8b940ad14d2e25',1722895417598,1722895416938,1722895423960,'person','ae8f543c-0ca3-4ab6-898a-2fffc81917b9',1651755088629,'ae8f543c-0ca3-4ab6-898a-2fffc81917b9',42,'male',0.857359,0.758571,0.807876,'JH Rodríguez ',0,NULL,1.23635,NULL,'noconcern',NULL,0.468883,0,0.185937,0.232816,0.467617,0,0.238281,0.324814,1722895417561,0.00289543,0.530551,-0.629695,0.049805,-0.0121274,0,'viotec'),('793746c8-9492-40af-b50c-776b11765936','moto g72-2d8212ec4994f06a','moto g72-2d8212ec4994f06a',1714584935228,1714584933472,1714584937733,'person','52f634e2-58b2-4495-ad92-88c8f7c204d4',1714584911360,'52f634e2-58b2-4495-ad92-88c8f7c204d4',NULL,'male',NULL,NULL,NULL,'Anderson  Cuervo',0,NULL,1.10337,4261,'threat',NULL,0.596691,0.480657,0.352344,0.469444,0.384858,0,0.336719,0.338946,1714584934078,0.638146,0.00118648,0.10301,0.0755049,0.995511,0,'viotec'),('7b4fd7cf-ed0e-444c-bb27-0a226da78fb1','SM-A325M-2c8b940ad14d2e25','SM-A325M-2c8b940ad14d2e25',1717692439735,1717692436630,NULL,'person','dcd12068-6897-44ee-a84b-bcbbe9231e57',1652197247101,'c336c185-d096-4b1b-8df9-2908812735bf',47,'male',0.0838478,0.0838478,0.0838478,'Arroyave',0,'Redmi Note 8-2c49ea4f56b14c23',1.11475,935,'noconcern',NULL,0.631087,0.557134,0.368913,0.442866,0.233125,0.160041,0.463281,0.577778,1717692440305,0.00537324,0.650769,0.444838,0.0182687,0.0764053,0,'viotec'),('7b86f523-417d-45d9-b345-f7bcd939bfbc','SM-A325M-2c8b940ad14d2e25','SM-A325M-2c8b940ad14d2e25',1715805665441,1715805665144,1715806078486,'person','dcd12068-6897-44ee-a84b-bcbbe9231e57',1652197247101,'c336c185-d096-4b1b-8df9-2908812735bf',47,NULL,NULL,NULL,NULL,'Arroyave',1,'Redmi Note 8-2c49ea4f56b14c23',1.18411,1932,'noconcern',NULL,0.462355,0.134796,0.427344,0.538889,0.390223,0.208434,0.420313,0.518056,1715805665144,0.00509219,0.69376,-0.351003,0.0453559,0.0726983,0,'viotec'),('7d91eed7-dd51-42a4-921c-3100967719c6','SM-A325M-2c8b940ad14d2e25','SM-A325M-2c8b940ad14d2e25',1716409180401,1716409176525,1716409181813,'person','dcd12068-6897-44ee-a84b-bcbbe9231e57',1652197247101,'c336c185-d096-4b1b-8df9-2908812735bf',47,NULL,NULL,NULL,NULL,'Arroyave',0,'Redmi Note 8-2c49ea4f56b14c23',0.946892,4343,'noconcern',NULL,0,0.206148,0.145578,0.265278,0,0.189767,0.207579,0.295833,1716409180418,0.800419,0.662574,-0.240201,0.114681,-0.0829874,0,'viotec'),('7f495dda-de94-4dc9-9d00-93edf1af9f24','SM-A325M-2c8b940ad14d2e25','SM-A325M-2c8b940ad14d2e25',1715805372008,1715805368464,1715805405331,'person','dcd12068-6897-44ee-a84b-bcbbe9231e57',1652197247101,'c336c185-d096-4b1b-8df9-2908812735bf',47,NULL,NULL,NULL,NULL,'Arroyave',0,'Redmi Note 8-2c49ea4f56b14c23',1.17868,12289,'noconcern',NULL,0.420687,0,0.528906,0.629704,0.397962,0.0144288,0.447656,0.561111,1715805368464,0.00151464,0.744458,0.287995,0.0301323,0.0672195,0,'viotec'),('7f558e22-c49f-404a-8246-b6a33e5d30c7','SM-A325M-2c8b940ad14d2e25','SM-A325M-2c8b940ad14d2e25',1722895620886,1722895620303,1722895620792,'person','ca4ee376-5f74-4a8e-806e-b056cf7b54dd',1659105546904,'ca4ee376-5f74-4a8e-806e-b056cf7b54dd',44,'female',0.0225263,0.0225263,0.0225263,NULL,0,NULL,1.11143,NULL,'noconcern',NULL,0.541369,0.376475,0.103906,0.143056,0.506602,0.468165,0.096875,0.122222,NULL,0.196434,0.440554,0.305856,0.0477451,0.632572,0,'viotec'),('800dabf1-7c7e-4c97-957b-90c813f83209','SM-A325M-2c8b940ad14d2e25','SM-A325M-2c8b940ad14d2e25',1715100901443,1715100899561,1715101343416,'person','dcd12068-6897-44ee-a84b-bcbbe9231e57',1652197247101,'c336c185-d096-4b1b-8df9-2908812735bf',47,NULL,NULL,NULL,NULL,'Arroyave',1,'Redmi Note 8-2c49ea4f56b14c23',1.17887,NULL,'noconcern',NULL,0.567535,0.00462109,0.316406,0.344444,0.463718,0.0264334,0.414063,0.475,1715100901387,0.0779036,0.565364,0.51043,0.00511572,-0.187616,0,'viotec'),('8064120a-9f42-498b-8571-c0ea1cdec0bb','SM-A325M-2c8b940ad14d2e25','SM-A325M-2c8b940ad14d2e25',1718113480695,1718113478314,1718113492229,'person','dcd12068-6897-44ee-a84b-bcbbe9231e57',1652197247101,'c336c185-d096-4b1b-8df9-2908812735bf',48,'male',-0.00973073,-0.819487,-0.226103,'Arroyave',0,'Redmi Note 8-2c49ea4f56b14c23',1.1735,7421,'noconcern',NULL,0.342081,0,0.420313,0.395285,0.289514,0,0.491406,0.352745,1718113480106,0.00224908,0.376614,0.0854172,0.0636568,-0.73118,0,'viotec'),('81576b73-9394-401a-bdde-ad58abf9e39b','SM-A325M-2c8b940ad14d2e25','SM-A325M-2c8b940ad14d2e25',1718111953427,1718111950288,1718111954187,'person',NULL,NULL,NULL,19,'female',0.664043,-0.138268,0.0801709,NULL,0,NULL,NULL,1169,'unidentified',NULL,0.730238,0.0409097,0.269762,0.3875,0.587208,0.259675,0.224219,0.291667,1718111951283,0.00491131,0.640725,-0.361972,-0.0302285,0.379779,0,'viotec'),('822a389c-f5d0-438b-8ba0-35d368a4c98b','SM-A325M-2c8b940ad14d2e25','SM-A325M-2c8b940ad14d2e25',1715100871900,1715100871062,1715100873846,'person','52f634e2-58b2-4495-ad92-88c8f7c204d4',1714584911360,'52f634e2-58b2-4495-ad92-88c8f7c204d4',NULL,'male',NULL,NULL,NULL,'Anderson  Cuervo',0,NULL,1.00209,2227,'noconcern',NULL,0.360113,0,0.123437,0.128145,0.25199,0,0.123437,0.103702,1715100871187,0.811606,0.404942,-0.181453,-0.0831368,0.678705,0,'viotec'),('82d9d06b-1f5f-4b8a-8f05-fae1066c2a8c','moto g72-2d8212ec4994f06a','moto g72-2d8212ec4994f06a',1716555874900,1716555873147,1716555874006,'person','52f634e2-58b2-4495-ad92-88c8f7c204d4',1714584911360,'52f634e2-58b2-4495-ad92-88c8f7c204d4',NULL,'male',NULL,NULL,NULL,'Anderson  Cuervo',0,NULL,1.05593,644,'threat',NULL,0.840421,0.207451,0.159579,0.309722,0.52894,0.780615,0.222656,0.219385,1716555873352,0.012311,0.674837,0.272392,-0.11132,-0.0617869,0,'viotec'),('83efdffe-30ad-4de9-9e38-7ce741b7b99e','SM-A325M-2c8b940ad14d2e25','SM-A325M-2c8b940ad14d2e25',1716409180260,1716409176525,1716409180973,'person',NULL,NULL,NULL,NULL,NULL,NULL,NULL,NULL,NULL,0,NULL,NULL,961,'unidentified',NULL,0.180138,0.806818,0.0726563,0.0986111,0.383253,0.697669,0.0546875,0.075,NULL,NULL,0.707309,-0.355253,0.0232862,-0.182484,0,'viotec'),('846a4bf1-6157-47d7-aafd-0fffb935a0ac','SM-A325M-2c8b940ad14d2e25','SM-A325M-2c8b940ad14d2e25',1716408536654,1716408534053,1716408541116,'person','e7dcb405-0adf-46b5-a009-f32af1cd0ae6',1659105569537,'e7dcb405-0adf-46b5-a009-f32af1cd0ae6',NULL,NULL,NULL,NULL,NULL,NULL,0,NULL,1.09607,NULL,'noconcern',NULL,0.386544,0.859521,0.174219,0.140479,0.309149,0.36604,0.182813,0.247222,1716408534162,0.0306042,0,-0.125992,-0.0176469,-1,0,'viotec'),('87f8ee1c-29f4-4305-9086-763a1f201205','SM-A325M-2c8b940ad14d2e25','SM-A325M-2c8b940ad14d2e25',1716409087724,1716409085351,1716409101184,'person','c336c185-d096-4b1b-8df9-2908812735bf',1652197247101,'c336c185-d096-4b1b-8df9-2908812735bf',47,'male',0.0398432,-0.502859,-0.179046,'Arroyave',0,'Redmi Note 8-2c49ea4f56b14c23',1.10831,13194,'noconcern',NULL,0.220664,0,0.603125,0.523922,0.101603,0.0827374,0.502344,0.597222,1716409087657,0.0248689,0.836251,-0.0385399,0.0510431,0.104234,0,'viotec'),('887f6bc5-7266-49be-a9cb-be9eec95a61e','SM-A325M-2c8b940ad14d2e25','SM-A325M-2c8b940ad14d2e25',1718114026061,1718114023170,1718114145783,'person','dcd12068-6897-44ee-a84b-bcbbe9231e57',1652197247101,'c336c185-d096-4b1b-8df9-2908812735bf',47,'male',0.047539,-0.927124,-0.618565,'Arroyave',0,'Redmi Note 8-2c49ea4f56b14c23',1.17891,NULL,'noconcern',NULL,0.428171,0.74217,0.247656,0.25783,0.363803,0.68701,0.344531,0.31299,1718114025378,0.0741092,0,0.145493,-0.0119088,1,0,'viotec'),('88C3239F-883F-410D-8EB4-F1100F7BCDA2','iPhone12_1-DA5C25C97F1048469D70EEDE026D66F3','iPhone12_1-DA5C25C97F1048469D70EEDE026D66F3',1714656332048,1714656331222,1714656333724,'person','52f634e2-58b2-4495-ad92-88c8f7c204d4',1714584911000,'52f634e2-58b2-4495-ad92-88c8f7c204d4',NULL,'male',NULL,NULL,NULL,'Anderson  Cuervo',0,NULL,1.10123,682,'noconcern',NULL,0.779516,0.497727,0.229687,0.484722,0.644589,0.664981,0.304688,0.356944,1714656331536,0.183929,0.700552,0.0470105,-0.111328,1,0,'viotec'),('88d73eda-b1d1-4e05-a84a-e14ef4ac5861','SM-A325M-2c8b940ad14d2e25','SM-A325M-2c8b940ad14d2e25',1715100870728,1715100869063,1715100870670,'person',NULL,NULL,NULL,NULL,NULL,NULL,NULL,NULL,NULL,0,NULL,NULL,NULL,'unidentified',NULL,0.555433,0.220743,0.117969,0.161111,0.531506,0.552642,0.116406,0.161111,1715100869063,NULL,0,0.448947,0.154774,1,0,'viotec'),('894f5352-432e-4d1b-bc81-bf25e8d86d21','SM-A325M-2c8b940ad14d2e25','SM-A325M-2c8b940ad14d2e25',1722895585272,1722895584173,NULL,'person','03cf3e05-9ae5-40be-a755-45bd14c93ff5',1644437507034,'29477555-7340-4362-b9b5-45df1a9e533e',36,'male',-0.540113,-0.574177,-0.557145,'Alejandro Muñoz',0,'SM-A325M-2c8b940ad14d2e25',0.998802,NULL,'threat',NULL,0.552236,0.240544,0.15,0.205556,0.527318,0.29707,0.163281,0.229167,1722895584173,0.104628,0.331448,0.107044,-0.315862,0.533754,0,'viotec'),('89c738e6-53f7-4d5f-b932-a4e8c0d9b95a','moto g72-2d8212ec4994f06a','moto g72-2d8212ec4994f06a',1716554777079,1716554775267,1716554785356,'person','52f634e2-58b2-4495-ad92-88c8f7c204d4',1714584911360,'52f634e2-58b2-4495-ad92-88c8f7c204d4',NULL,'male',NULL,NULL,NULL,'Anderson  Cuervo',0,NULL,1.09623,10089,'threat',NULL,0.529644,0.122923,0.449219,0.584722,0.516416,0.558166,0.234375,0.343056,1716554775999,0.00195916,0.60357,0.124222,0.163269,-0.350787,0,'viotec'),('8a3b3b3b-3517-4c52-89e0-41da4fccfe0f','SM-A325M-2c8b940ad14d2e25','SM-A325M-2c8b940ad14d2e25',1718113886159,1718113883016,1718113890802,'person',NULL,NULL,NULL,50,'male',-0.625325,-0.625325,-0.625325,NULL,0,NULL,NULL,NULL,'unidentified',NULL,0.360454,0.638367,0.289062,0.361633,0.359659,0.598328,0.314062,0.379167,1718113883512,0.99448,0,0.426861,0.00170514,1,0,'viotec'),('8a40b4a4-f648-467d-aa62-bbf74261a8b6','moto g72-2d8212ec4994f06a','moto g72-2d8212ec4994f06a',1716555913003,1716555911629,1716555911922,'person','52f634e2-58b2-4495-ad92-88c8f7c204d4',1714584911360,'52f634e2-58b2-4495-ad92-88c8f7c204d4',NULL,'male',NULL,NULL,NULL,'Anderson  Cuervo',0,NULL,1.00104,293,'threat',NULL,0.0573278,0.400609,0.228906,0.333333,0.101137,0.472658,0.245312,0.348611,1716555911629,0.701106,0.815384,0.0948445,0.0493826,0.128743,0,'viotec'),('8a717a12-fdd4-4264-a141-ecc30e7aba15','SM-A325M-2c8b940ad14d2e25','SM-A325M-2c8b940ad14d2e25',1718398456330,1718398453710,1718398464656,'person','dcd12068-6897-44ee-a84b-bcbbe9231e57',1652197247101,'c336c185-d096-4b1b-8df9-2908812735bf',47,'male',0.10171,-0.0173318,0.0697348,'Arroyave',0,'Redmi Note 8-2c49ea4f56b14c23',1.09632,NULL,'noconcern',NULL,0.287891,0,0.3625,0.341841,0.374208,0,0.4375,0.35847,1718398453710,0.39233,0.704201,0.0334913,-0.0402871,-0.414071,0,'viotec'),('8be0c20a-8474-450c-8562-ea34c723769a','SM-A325M-2c8b940ad14d2e25','SM-A325M-2c8b940ad14d2e25',1722895584690,1722895584173,NULL,'person','ae8f543c-0ca3-4ab6-898a-2fffc81917b9',1651755088629,'ae8f543c-0ca3-4ab6-898a-2fffc81917b9',44,'male',0.0308195,-0.899071,-0.332188,'JH Rodríguez ',0,NULL,1.23075,5841,'noconcern',NULL,0.541874,0.702919,0.0953125,0.125,0.541661,0.66098,0.0960937,0.131944,1722895584173,0.833151,0.831766,-0.152607,0.0254992,0.158793,0,'viotec'),('8c005f8a-29bf-4c9e-b684-376aa77892c5','SM-A325M-2c8b940ad14d2e25','SM-A325M-2c8b940ad14d2e25',1718398473869,1718398472316,1718398479066,'person','dcd12068-6897-44ee-a84b-bcbbe9231e57',1652197247101,'c336c185-d096-4b1b-8df9-2908812735bf',47,'male',-0.0365146,-0.396277,-0.276356,'Arroyave',0,'Redmi Note 8-2c49ea4f56b14c23',1.14392,6750,'noconcern',NULL,0.398777,0,0.314844,0.31296,0.577142,0.0105557,0.391406,0.256944,1718398472316,0.163781,0.707234,-0.212855,-0.000471045,-0.356153,0,'viotec'),('8d25cf73-42cc-4b67-b189-24b91f726fc0','SM-A325M-2c8b940ad14d2e25','SM-A325M-2c8b940ad14d2e25',1716408799699,1716408798125,1716408804488,'person','dcd12068-6897-44ee-a84b-bcbbe9231e57',1652197247101,'c336c185-d096-4b1b-8df9-2908812735bf',47,NULL,NULL,NULL,NULL,'Arroyave',0,'Redmi Note 8-2c49ea4f56b14c23',1.08267,NULL,'noconcern',NULL,0.511107,0.427968,0.101562,0.134722,0.428062,0.464601,0.150781,0.186111,1716408798125,0.696394,0.638653,-0.398531,-0.0185609,-0.115694,0,'viotec'),('8d4bf333-9b6b-4248-b407-df569654d5f2','SM-A325M-2c8b940ad14d2e25','SM-A325M-2c8b940ad14d2e25',1715100861881,1715100858822,1715100863274,'person',NULL,NULL,NULL,NULL,NULL,NULL,NULL,NULL,NULL,0,NULL,NULL,NULL,'unidentified',NULL,0.425501,0.28233,0.166406,0.238889,0.173589,0.694577,0.190625,0.263889,1715100859360,NULL,0,0.53464,0.173776,-1,0,'viotec'),('8ec849c4-2a88-4eea-a55b-da99f61392e0','SM-A325M-2c8b940ad14d2e25','SM-A325M-2c8b940ad14d2e25',1722895588462,1722895585424,NULL,'person',NULL,NULL,NULL,NULL,NULL,NULL,NULL,NULL,NULL,0,NULL,NULL,NULL,'unidentified',NULL,0.360108,0,0.350781,0.370251,0.360108,0,0.350781,0.370251,NULL,NULL,0.520647,0.045686,-0.0445751,-0.599451,0,'viotec'),('9064664F-E99A-4DED-818B-F2926BAB5D1A','iPhone12_1-DA5C25C97F1048469D70EEDE026D66F3','iPhone12_1-DA5C25C97F1048469D70EEDE026D66F3',1714656305046,1714656304253,1714656306424,'person','52f634e2-58b2-4495-ad92-88c8f7c204d4',1714584911000,'52f634e2-58b2-4495-ad92-88c8f7c204d4',NULL,'male',NULL,NULL,NULL,'Anderson  Cuervo',0,NULL,1.03712,1447,'noconcern',NULL,0.848973,0.491941,0.151562,0.375,0.747022,0.413294,0.232812,0.290278,1714656304465,0.886345,0.727021,-0.626622,-0.410689,-1,0,'viotec'),('9099902a-3678-4270-865d-e62ced6f5589','SM-A325M-2c8b940ad14d2e25','SM-A325M-2c8b940ad14d2e25',1716409110675,1716409110609,1716409110609,'action','c336c185-d096-4b1b-8df9-2908812735bf',1652197247101,'c336c185-d096-4b1b-8df9-2908812735bf',47,'male',-0.228799,-0.228799,-0.228799,'Arroyave',0,'Redmi Note 8-2c49ea4f56b14c23',1.10076,NULL,'noconcern',NULL,0.291952,0.247005,0.403906,0.448611,0.291952,0.247005,0.403906,0.448611,NULL,0.0223157,0.260585,-0.643063,-0.0249662,-0.283356,NULL,'viotec'),('914086b7-c8ad-4a1c-88e6-dbe7ff9e737c','SM-A325M-2c8b940ad14d2e25','SM-A325M-2c8b940ad14d2e25',1716409108470,1716409105103,1716409116004,'person','c336c185-d096-4b1b-8df9-2908812735bf',1652197247101,'c336c185-d096-4b1b-8df9-2908812735bf',47,'male',-0.228799,-0.47996,-0.312519,'Arroyave',0,'Redmi Note 8-2c49ea4f56b14c23',1.10076,3633,'noconcern',NULL,0.15591,0.00649931,0.367969,0.441667,0.279566,0.207825,0.392187,0.520833,1716409108402,0.0212748,0.56817,-0.505279,0.0107482,-0.0985126,0,'viotec'),('921594DE-FD50-475F-9D9D-8BAFF650C01C','iPhone12_1-DA5C25C97F1048469D70EEDE026D66F3','iPhone12_1-DA5C25C97F1048469D70EEDE026D66F3',1714741961515,1714741960763,1714741964292,'person','dcd12068-6897-44ee-a84b-bcbbe9231e57',1652197247000,'c336c185-d096-4b1b-8df9-2908812735bf',47,NULL,NULL,NULL,NULL,'Arroyave',0,'Redmi Note 8-2c49ea4f56b14c23',1.13591,336,'noconcern',NULL,0.603236,-0.00292039,0.202344,0.1625,0.565556,-0.00336338,0.207031,0.183333,1714741962366,0.0241495,0.687807,0.146344,-0.0782889,-1,0,'viotec'),('92269ddd-6d35-4c82-82b0-dabf088c70c4','moto g72-2d8212ec4994f06a','moto g72-2d8212ec4994f06a',1716554350668,1716554349248,1716554353583,'person','52f634e2-58b2-4495-ad92-88c8f7c204d4',1714584911360,'52f634e2-58b2-4495-ad92-88c8f7c204d4',NULL,'male',NULL,NULL,NULL,'Anderson  Cuervo',0,NULL,1.12511,1857,'noconcern',NULL,0.48181,0.596075,0.395312,0.403925,0.564277,0.49286,0.398438,0.507141,1716554349594,0.00952843,0.907735,-0.109839,0.0035051,-0.0870595,0,'viotec'),('93496519-1a8a-46c0-a661-6915e970ce3e','moto g72-2d8212ec4994f06a','moto g72-2d8212ec4994f06a',1716555912602,1716555911114,1716555911379,'person','52f634e2-58b2-4495-ad92-88c8f7c204d4',1714584911360,'52f634e2-58b2-4495-ad92-88c8f7c204d4',NULL,'male',NULL,NULL,NULL,'Anderson  Cuervo',0,NULL,0.983729,NULL,'threat',NULL,0.140183,0.594001,0.253125,0.373611,0.0796617,0.469858,0.257031,0.377778,1716555911114,0.743493,0.555846,-0.431477,0.0312141,0.483787,0,'viotec'),('94b493e7-fbc7-40de-9254-a46bdd575630','SM-A325M-2c8b940ad14d2e25','SM-A325M-2c8b940ad14d2e25',1718398482382,1718398479220,1718398482607,'person',NULL,NULL,NULL,NULL,NULL,NULL,NULL,NULL,NULL,0,NULL,NULL,NULL,'unidentified',NULL,0.663154,0.671048,0.235156,0.328952,0.404063,0.741004,0.31875,0.258996,1718398479220,NULL,0.040493,-0.512464,0.294907,0.899197,0,'viotec'),('99fdde12-3bdd-449a-84fb-9d9bf4524c7f','SM-A325M-2c8b940ad14d2e25','SM-A325M-2c8b940ad14d2e25',1722895407101,1722895406760,1722895411641,'person','0105f52f-6b84-468a-b30c-ec0550c488fc',1643830214267,'0105f52f-6b84-468a-b30c-ec0550c488fc',40,'male',0.157943,-0.27183,-0.117403,'Geovanny',0,NULL,1.12258,4881,'noconcern',NULL,0.498685,0.45819,0.220312,0.305556,0.461764,0.000127335,0.21875,0.251389,1722895407062,0.12897,0.75104,-0.117119,0.0416973,-0.31772,0,'viotec'),('9d7713f9-d7da-49ef-b6e9-20e41214fc60','SM-A325M-2c8b940ad14d2e25','SM-A325M-2c8b940ad14d2e25',1717693231074,1717693227965,NULL,'person',NULL,NULL,NULL,NULL,NULL,NULL,NULL,NULL,NULL,0,NULL,NULL,NULL,'unidentified',NULL,0.532729,0.048963,0.3625,0.4875,0.532729,0.048963,0.3625,0.4875,NULL,NULL,0.647634,0.478218,0.0624086,-0.143902,0,'viotec'),('9e4883c7-0c54-4ec9-81f5-909463c53f1f','SM-A325M-2c8b940ad14d2e25','SM-A325M-2c8b940ad14d2e25',1722895587969,1722895587605,1722895588334,'person','03cf3e05-9ae5-40be-a755-45bd14c93ff5',1644437507034,'03cf3e05-9ae5-40be-a755-45bd14c93ff5',39,'male',-0.589209,-0.589209,-0.589209,'Alejandro Muñoz',0,'SM-A325M-2c8b940ad14d2e25',0.948126,NULL,'threat',NULL,0.483912,0.114026,0.217187,0.218056,0.479206,0.101736,0.20625,0.191667,NULL,0.0521695,0.433472,-0.137368,-0.259182,-0.262103,0,'viotec'),('a1841d07-ad41-4329-aca6-bee988f1fcb6','SM-A325M-2c8b940ad14d2e25','SM-A325M-2c8b940ad14d2e25',1715805528504,1715805526478,1715805536945,'person','c336c185-d096-4b1b-8df9-2908812735bf',1652197247101,'c336c185-d096-4b1b-8df9-2908812735bf',47,NULL,0.148097,-0.157349,0.0209767,'Arroyave',0,'Redmi Note 8-2c49ea4f56b14c23',1.15528,NULL,'noconcern',NULL,0.0442824,0.0661037,0.347656,0.544444,0.220323,0,0.46875,0.453384,NULL,0.0187183,0.662128,-0.266976,0.00947579,-0.394315,0,'viotec'),('a3879bf6-0d3a-4bb8-bb8f-4378b4f8e5ca','moto g72-2d8212ec4994f06a','moto g72-2d8212ec4994f06a',1714584836665,1714584832588,1714584837757,'person',NULL,NULL,NULL,NULL,NULL,NULL,NULL,NULL,NULL,0,NULL,NULL,3015,'stranger',NULL,0.409122,0.186931,0.385156,0.520833,0.343212,0.681458,0.314063,0.318542,1714584833252,0.991734,0,0.0697042,-0.0638004,1,0,'viotec'),('a42e34a7-d082-4d71-aa49-ae72a2361b2c','SM-A325M-2c8b940ad14d2e25','SM-A325M-2c8b940ad14d2e25',1718113894352,1718113891209,1718113898563,'person',NULL,NULL,NULL,NULL,NULL,NULL,NULL,NULL,NULL,0,NULL,NULL,NULL,'unidentified',NULL,0.360932,0.597128,0.317969,0.383333,0.390492,0.718162,0.290625,0.281838,1718113891209,NULL,0,0.436556,-0.146908,1,0,'viotec'),('a4b3cfd8-d6ad-40c5-b8e1-31f7610b2e29','SM-A325M-2c8b940ad14d2e25','SM-A325M-2c8b940ad14d2e25',1716485653183,1716485652740,1716485653510,'person','dcd12068-6897-44ee-a84b-bcbbe9231e57',1652197247101,'c336c185-d096-4b1b-8df9-2908812735bf',47,'male',-0.286658,-0.286658,-0.286658,'Arroyave',0,'Redmi Note 8-2c49ea4f56b14c23',1.10139,NULL,'noconcern',NULL,0.55816,0.441482,0.367188,0.459722,0.531211,0.325489,0.304688,0.451389,NULL,0.00298784,0.366428,0.7202,-0.124903,-0.0662198,0,'viotec'),('a5349cb1-a5ed-450f-8e2b-b4430b2abd03','SM-A325M-2c8b940ad14d2e25','SM-A325M-2c8b940ad14d2e25',1718111904264,1718111903817,1718111908908,'person','dcd12068-6897-44ee-a84b-bcbbe9231e57',1652197247101,'c336c185-d096-4b1b-8df9-2908812735bf',47,'male',-0.0348325,-0.276913,-0.18478,'Arroyave',0,'Redmi Note 8-2c49ea4f56b14c23',1.13761,5091,'noconcern',NULL,0.503253,0.251018,0.394531,0.466667,0.420933,0.675923,0.410156,0.324077,1718111903817,0.00639145,0.685276,0.219743,0.0596989,-0.324454,0,'viotec'),('a635dcc0-65ab-4ea4-9216-62233eb64acc','SM-A325M-2c8b940ad14d2e25','SM-A325M-2c8b940ad14d2e25',1718114148056,1718114147255,1718114222291,'person','dcd12068-6897-44ee-a84b-bcbbe9231e57',1652197247101,'c336c185-d096-4b1b-8df9-2908812735bf',47,'male',0.250881,-0.924079,-0.549749,'Arroyave',0,'Redmi Note 8-2c49ea4f56b14c23',1.14771,NULL,'noconcern',NULL,0.411556,0.666721,0.333594,0.333279,0.38665,0.630226,0.282813,0.369774,1718114147372,0.131554,0.145712,0.541375,-0.107439,0.825334,0,'viotec'),('a6614aa8-ca73-4679-b76b-1e77c2a404bf','SM-A325M-2c8b940ad14d2e25','SM-A325M-2c8b940ad14d2e25',1716409314664,1716409301922,NULL,'person','c336c185-d096-4b1b-8df9-2908812735bf',1652197247101,'c336c185-d096-4b1b-8df9-2908812735bf',47,'male',-0.287364,-0.287364,-0.287364,'Arroyave',0,'Redmi Note 8-2c49ea4f56b14c23',1.08658,0,'noconcern',NULL,0.293942,0.209753,0.450781,0.581944,0.29814,0.221992,0.432813,0.533333,NULL,0.0238425,0.528502,0.553604,0.0169815,-0.0788553,0,'viotec'),('a75fed7e-3e9c-47cc-be36-662c6e7378c7','SM-A325M-2c8b940ad14d2e25','SM-A325M-2c8b940ad14d2e25',1718113952645,1718113949479,1718113976217,'person','dcd12068-6897-44ee-a84b-bcbbe9231e57',1652197247101,'c336c185-d096-4b1b-8df9-2908812735bf',47,'male',0.0393841,0.0393841,0.0393841,'Arroyave',0,'Redmi Note 8-2c49ea4f56b14c23',1.10697,NULL,'noconcern',NULL,0.359759,0.693051,0.332031,0.306949,0.35913,0.668925,0.353906,0.331075,1718113966419,0.0192454,0,0.389751,-0.26686,0.99974,0,'viotec'),('a7f865a0-de03-42b8-9519-63ced11c3805','SM-A325M-2c8b940ad14d2e25','SM-A325M-2c8b940ad14d2e25',1722895620347,1722895619982,1722895620303,'person','ca4ee376-5f74-4a8e-806e-b056cf7b54dd',1659105546904,'ca4ee376-5f74-4a8e-806e-b056cf7b54dd',47,'female',-0.583067,-0.583067,-0.583067,NULL,0,NULL,0.937453,NULL,'noconcern',NULL,0.57104,0.172052,0.0921875,0.127778,0.593224,0.25308,0.0984375,0.140278,NULL,0.0856513,0.619921,-0.0826979,0.0914339,0.515851,0,'viotec'),('a88d2d11-0f14-4377-82ab-839a2d49be4f','SM-A325M-2c8b940ad14d2e25','SM-A325M-2c8b940ad14d2e25',1714741902903,1714741901188,1714741984593,'person','c336c185-d096-4b1b-8df9-2908812735bf',1652197247101,'c336c185-d096-4b1b-8df9-2908812735bf',47,'male',0.118808,-0.383168,-0.0740971,'Arroyave',0,'Redmi Note 8-2c49ea4f56b14c23',1.20039,47660,'noconcern',NULL,0.280251,0.162166,0.398437,0.445833,0.58248,0.112745,0.310156,0.427778,1714741928407,0.0037449,0,0.841233,0.203089,-0.919859,0,'viotec'),('a8c29f2c-5514-49d4-adf8-7e396174094e','moto g72-2d8212ec4994f06a','moto g72-2d8212ec4994f06a',1716555892850,1716555890941,NULL,'person','dcd12068-6897-44ee-a84b-bcbbe9231e57',1652197247101,'c336c185-d096-4b1b-8df9-2908812735bf',47,NULL,NULL,NULL,NULL,'Arroyave',0,'Redmi Note 8-2c49ea4f56b14c23',1.15391,2448,'noconcern',NULL,0.342174,0,0.314844,0.316341,0.473066,0.158766,0.383594,0.5125,1716555891115,0.00134282,0.895238,-0.0854869,-0.00894698,-0.128127,0,'viotec'),('a952edc1-9eb7-4e7f-b924-87314fbc72e4','SM-A325M-2c8b940ad14d2e25','SM-A325M-2c8b940ad14d2e25',1718113556143,1718113554548,1718113605289,'person','dcd12068-6897-44ee-a84b-bcbbe9231e57',1652197247101,'c336c185-d096-4b1b-8df9-2908812735bf',47,'male',-0.165551,-0.755063,-0.50522,'Arroyave',0,'Redmi Note 8-2c49ea4f56b14c23',1.14358,NULL,'noconcern',NULL,0.33966,0.655155,0.363281,0.344845,0.365917,0.702513,0.334375,0.297487,1718113554548,0.157258,0,0.147915,0.0594054,1,0,'viotec'),('ac4a73d3-74ff-4f63-9ff5-02621a3d1ecd','SM-A325M-2c8b940ad14d2e25','SM-A325M-2c8b940ad14d2e25',1716408926715,1716408926223,1716408931073,'person','0eaf17ef-6fad-47bb-948c-1fc5cc29386f',1716408866580,'0eaf17ef-6fad-47bb-948c-1fc5cc29386f',NULL,NULL,NULL,NULL,NULL,'Nicolas R',0,'SM-A325M-2c8b940ad14d2e25',1.23499,4850,'noconcern',NULL,0.513119,0.298777,0.177344,0.254167,0.622818,0.329951,0.175781,0.233333,1716408926223,0.734078,0.891705,-0.0872689,-0.0062781,-0.126076,0,'viotec'),('acb8d0c3-b831-48bd-b064-eb43806bd7cb','SM-A325M-2c8b940ad14d2e25','SM-A325M-2c8b940ad14d2e25',1722895487963,1722895484923,1722895488754,'person',NULL,NULL,NULL,48,'male',0.59601,-0.0594405,0.20667,NULL,0,NULL,NULL,2681,'unidentified',NULL,0.540102,0.00166086,0.14375,0.15,0.455102,0.0446005,0.219531,0.302778,1722895487268,0.045484,0.737084,-0.279309,0.00305894,0.332873,0,'viotec'),('ace5663b-3772-43cb-b34c-0f9e1172748d','SM-A325M-2c8b940ad14d2e25','SM-A325M-2c8b940ad14d2e25',1716408508984,1716408505892,1716408509966,'person',NULL,NULL,NULL,NULL,NULL,NULL,NULL,NULL,NULL,0,NULL,NULL,394,'unidentified',NULL,0,0.900265,0.0625958,0.0997347,0.19693,0.845908,0.0648437,0.0902778,1716408508377,NULL,0.576015,-0.459098,-0.0182589,0.0177963,0,'viotec'),('add404c8-b8f0-431e-98a8-5a46053224bf','SM-A325M-2c8b940ad14d2e25','SM-A325M-2c8b940ad14d2e25',1715100864657,1715100863274,1715100868073,'person','dcd12068-6897-44ee-a84b-bcbbe9231e57',1652197247101,'c336c185-d096-4b1b-8df9-2908812735bf',47,NULL,NULL,NULL,NULL,'Arroyave',0,'Redmi Note 8-2c49ea4f56b14c23',1.24577,2879,'noconcern',NULL,0.402164,0,0.439844,0.397223,0.47362,0.353436,0.425781,0.511111,1715100863424,0.00537545,0,-0.633811,-0.000458924,-1,0,'viotec'),('ae6c5a56-7f01-40c3-bcf1-9036c411770b','moto g72-2d8212ec4994f06a','moto g72-2d8212ec4994f06a',1716555871022,1716555869405,1716555871139,'person','52f634e2-58b2-4495-ad92-88c8f7c204d4',1714584911360,'52f634e2-58b2-4495-ad92-88c8f7c204d4',NULL,'male',NULL,NULL,NULL,'Anderson  Cuervo',0,NULL,1.02374,867,'threat',NULL,0.463133,0.470577,0.222656,0.347222,0.787775,0.295389,0.19375,0.341667,1716555869405,0.00839471,0.867047,0.205087,0.0122409,-0.0903946,0,'viotec'),('af8c536b-fc90-422e-910e-bd6c478ab3a9','SM-A325M-2c8b940ad14d2e25','SM-A325M-2c8b940ad14d2e25',1718399287749,1718399285144,1718399635221,'person','dcd12068-6897-44ee-a84b-bcbbe9231e57',1652197247101,'c336c185-d096-4b1b-8df9-2908812735bf',47,'male',-0.126036,-0.327953,-0.260647,'Arroyave',1,'Redmi Note 8-2c49ea4f56b14c23',1.12471,2963,'noconcern',NULL,0.396698,0.0745017,0.471875,0.556944,0.468025,0.120903,0.4,0.513889,1718399285144,0.00370605,0.631545,0.459401,0.0353412,-0.0790845,0,'viotec'),('b019e6c8-9123-4013-99eb-2b052c258624','SM-A325M-2c8b940ad14d2e25','SM-A325M-2c8b940ad14d2e25',1716408797730,1716408794887,1716408797658,'person',NULL,NULL,NULL,NULL,NULL,NULL,NULL,NULL,NULL,0,NULL,NULL,481,'unidentified',NULL,0.264268,0.766464,0.0515625,0.0680555,0.3134,0.699734,0.053125,0.0694444,1716408794887,NULL,0.664108,-0.358816,-0.00409299,-0.315653,0,'viotec'),('b0e1ae3a-2636-431a-a4c0-df30c1349dc9','moto g72-2d8212ec4994f06a','moto g72-2d8212ec4994f06a',1716555916481,1716555915138,1716555915646,'person','52f634e2-58b2-4495-ad92-88c8f7c204d4',1714584911360,'52f634e2-58b2-4495-ad92-88c8f7c204d4',NULL,'male',NULL,NULL,NULL,'Anderson  Cuervo',0,NULL,1.05613,NULL,'threat',NULL,0.0571279,0.535556,0.240625,0.340278,0.0661868,0.464019,0.238281,0.365278,NULL,0.869799,0.426605,0.0362492,-0.115807,0.625913,0,'viotec'),('b1ad65a8-9728-4c29-9cd8-2effdb6a9b8c','moto g72-2d8212ec4994f06a','moto g72-2d8212ec4994f06a',1714656083203,1714656081533,1714656082678,'person','52f634e2-58b2-4495-ad92-88c8f7c204d4',1714584911360,'52f634e2-58b2-4495-ad92-88c8f7c204d4',NULL,'male',NULL,NULL,NULL,'Anderson  Cuervo',0,NULL,1.01225,NULL,'threat',NULL,0.775609,0.606858,0.223437,0.380556,0.553121,0.334407,0.267187,0.415278,1714656081674,0.315967,0.247044,0.530156,0.0564822,0.778248,0,'viotec'),('b38adbae-d52f-4905-9fa1-b0e077ee1385','moto g72-2d8212ec4994f06a','moto g72-2d8212ec4994f06a',1716554796030,1716554792739,1716554794950,'person',NULL,NULL,NULL,NULL,NULL,NULL,NULL,NULL,NULL,0,NULL,NULL,414,'unidentified',NULL,0.711992,0,0.257031,0.336993,0.666158,0,0.303125,0.334373,1716554793942,NULL,0.268238,-0.0605638,-0.118436,-0.818013,0,'viotec'),('b4a282a5-c3a7-4845-8689-0ca7764d3118','SM-A325M-2c8b940ad14d2e25','SM-A325M-2c8b940ad14d2e25',1718113524032,1718113523335,1718113524867,'person','dcd12068-6897-44ee-a84b-bcbbe9231e57',1652197247101,'c336c185-d096-4b1b-8df9-2908812735bf',47,'male',-0.853842,-0.853842,-0.853842,'Arroyave',0,'Redmi Note 8-2c49ea4f56b14c23',1.09553,1532,'noconcern',NULL,0.292941,0.654179,0.302344,0.345821,0.391373,0.51444,0.296875,0.359722,1718113523892,0.0171693,0.744385,0.184794,-0.0543824,0.237459,0,'viotec'),('b544d94e-f4a6-4dd5-b069-b24cfd3029fd','moto g72-2d8212ec4994f06a','moto g72-2d8212ec4994f06a',1716554802076,1716554800604,1716554806228,'person','52f634e2-58b2-4495-ad92-88c8f7c204d4',1714584911360,'52f634e2-58b2-4495-ad92-88c8f7c204d4',NULL,'male',NULL,NULL,NULL,'Anderson  Cuervo',0,NULL,1.1227,4820,'threat',NULL,0.518288,0.005574,0.25625,0.380556,0.575547,0.112752,0.404688,0.529167,1716554800667,0.00962378,0.0389789,0.196262,0.0935828,-0.957847,0,'viotec'),('b6071987-449b-43ed-83c4-0c4aa0e29080','moto g72-2d8212ec4994f06a','moto g72-2d8212ec4994f06a',1714584880771,1714584876701,1714585413779,'person',NULL,NULL,NULL,NULL,NULL,NULL,NULL,NULL,NULL,1,NULL,NULL,NULL,'unidentified',NULL,0.759507,0.168549,0.240493,0.554167,0.684221,0.0627126,0.315779,0.580556,NULL,NULL,0.339174,-0.717201,-0.0357278,0.0503812,0,'viotec'),('b7b3964f-f071-4ba6-a9fa-d775c1141026','SM-A325M-2c8b940ad14d2e25','SM-A325M-2c8b940ad14d2e25',1715100526938,1715100526620,1715100538389,'person','c336c185-d096-4b1b-8df9-2908812735bf',1652197247101,'c336c185-d096-4b1b-8df9-2908812735bf',47,'male',0.321908,-0.398515,-0.205253,'Arroyave',0,'Redmi Note 8-2c49ea4f56b14c23',1.11664,8406,'noconcern',NULL,0.461661,0.210409,0.361719,0.4375,0.418694,0.0358336,0.441406,0.515278,1715100526882,0.00225081,0.794549,0.23837,-0.0145446,-0.16744,0,'viotec'),('b8bd518c-8cd6-4313-a9c2-890a87a5881b','SM-A325M-2c8b940ad14d2e25','SM-A325M-2c8b940ad14d2e25',1718112006617,1718112003476,1718112010957,'person',NULL,NULL,NULL,30,'female',0.927793,0.410228,0.662231,NULL,0,NULL,NULL,NULL,'unidentified',NULL,0.364476,0.558603,0.135937,0.2,0.320828,0.518592,0.139062,0.127778,1718112003476,0.00243186,0,-0.179957,-0.635467,-1,0,'viotec'),('baa82726-80e3-43fc-8e01-9522eaac9f95','moto g72-2d8212ec4994f06a','moto g72-2d8212ec4994f06a',1716554808207,1716554806302,1716554812062,'person','52f634e2-58b2-4495-ad92-88c8f7c204d4',1714584911360,'52f634e2-58b2-4495-ad92-88c8f7c204d4',NULL,'male',NULL,NULL,NULL,'Anderson  Cuervo',0,NULL,1.08549,4608,'threat',NULL,0.546787,0.0330433,0.372656,0.601389,0.353207,0,0.283594,0.344814,1716554806791,0.00753393,0.442867,0.350009,-0.04271,-0.631211,0,'viotec'),('bb958d4b-9667-46a6-a655-b0c6c0fa8425','SM-A325M-2c8b940ad14d2e25','SM-A325M-2c8b940ad14d2e25',1718113607767,1718113605436,1718113773540,'person','dcd12068-6897-44ee-a84b-bcbbe9231e57',1652197247101,'c336c185-d096-4b1b-8df9-2908812735bf',47,'male',-0.0113168,-0.976237,-0.55686,'Arroyave',0,'Redmi Note 8-2c49ea4f56b14c23',1.15911,NULL,'noconcern',NULL,0.394773,0.699157,0.325781,0.300843,0.359813,0.670924,0.303125,0.329076,1718113654449,0.0110582,0,0.245451,-0.0550486,1,0,'viotec'),('be1e90c0-614d-404a-b609-2a4a39a20cc5','SM-A325M-2c8b940ad14d2e25','SM-A325M-2c8b940ad14d2e25',1716485608857,1716485607646,NULL,'person','c336c185-d096-4b1b-8df9-2908812735bf',1652197247101,'c336c185-d096-4b1b-8df9-2908812735bf',47,NULL,NULL,NULL,NULL,'Arroyave',0,'Redmi Note 8-2c49ea4f56b14c23',1.16731,4285,'noconcern',NULL,0.227211,0,0.515625,0.455877,0.37853,0.126089,0.513281,0.565278,1716485613526,0.0112446,0.710914,-0.316952,0.00836966,-0.1632,0,'viotec'),('bf326422-47e5-4e92-bec9-ac2a940c4293','moto g72-2d8212ec4994f06a','moto g72-2d8212ec4994f06a',1716554346458,1716554345171,NULL,'person','dcd12068-6897-44ee-a84b-bcbbe9231e57',1652197247101,'c336c185-d096-4b1b-8df9-2908812735bf',47,NULL,NULL,NULL,NULL,'Arroyave',0,'Redmi Note 8-2c49ea4f56b14c23',1.0671,0,'noconcern',NULL,0.635109,0.0607209,0.163281,0.222222,0.605261,0.0935239,0.173437,0.238889,1716554345171,0.939581,0.815316,-0.0657769,-0.0424228,-0.181437,0,'viotec'),('bf6822d3-632c-45e7-abdd-d48e142c02a5','SM-A325M-2c8b940ad14d2e25','SM-A325M-2c8b940ad14d2e25',1716408471599,1716408468503,1716408472712,'person',NULL,NULL,NULL,NULL,NULL,NULL,NULL,NULL,NULL,0,NULL,NULL,3030,'unidentified',NULL,0.485809,0,0.514191,0.509357,0.433125,0.0494684,0.566875,0.733333,1716408468653,NULL,0.750122,0.0915868,0.0651354,-0.238911,0,'viotec'),('bfbea9d5-ca8d-4f7b-a25d-eb2c6ca686aa','moto g72-2d8212ec4994f06a','moto g72-2d8212ec4994f06a',1714584921187,1714584919328,1714584930979,'person','52f634e2-58b2-4495-ad92-88c8f7c204d4',1714584911360,'52f634e2-58b2-4495-ad92-88c8f7c204d4',NULL,NULL,NULL,NULL,NULL,NULL,0,NULL,1.13001,10591,'noconcern',NULL,0.593405,0.0702198,0.3375,0.513889,0.508772,0.00654766,0.436719,0.591667,1714584926355,0.297276,0.785493,-0.250713,0.0290824,0.0213283,0,'viotec'),('c1f266f1-02de-4af7-8051-78eabfe9307e','SM-A325M-2c8b940ad14d2e25','SM-A325M-2c8b940ad14d2e25',1716482641492,1716482640544,NULL,'person','dcd12068-6897-44ee-a84b-bcbbe9231e57',1652197247101,'c336c185-d096-4b1b-8df9-2908812735bf',47,NULL,NULL,NULL,NULL,'Arroyave',0,'Redmi Note 8-2c49ea4f56b14c23',1.22421,691,'noconcern',NULL,0.411383,0.126376,0.517187,0.5875,0.335138,0.169594,0.479688,0.590278,NULL,0.00924868,0.452692,0.582337,-0.0541872,0.116145,0,'viotec'),('c2f01ede-987f-40c5-bcb4-9230243f6202','SM-A325M-2c8b940ad14d2e25','SM-A325M-2c8b940ad14d2e25',1716408580655,1716408577582,1716408582280,'person','dcd12068-6897-44ee-a84b-bcbbe9231e57',1652197247101,'c336c185-d096-4b1b-8df9-2908812735bf',47,NULL,NULL,NULL,NULL,'Arroyave',0,'Redmi Note 8-2c49ea4f56b14c23',1.11804,NULL,'noconcern',NULL,0.339923,0.801724,0.250781,0.198276,0.357695,0.72408,0.285937,0.27592,1716408577678,0.203993,0.203843,-0.418442,-0.02084,0.855992,0,'viotec'),('c4ee30d5-bf4e-4d4b-b519-68124f1774e0','SM-A325M-2c8b940ad14d2e25','SM-A325M-2c8b940ad14d2e25',1716408560592,1716408557524,1716408562307,'person',NULL,NULL,NULL,NULL,NULL,NULL,NULL,NULL,NULL,0,NULL,NULL,4783,'stranger',NULL,0.336488,0.740471,0.192187,0.256944,0.434658,0.796229,0.207031,0.203771,1716408559231,0.998155,0,-0.992784,0.429494,1,0,'viotec'),('c6e6cb83-af92-4cbb-9914-4dc425d481b6','SM-A325M-2c8b940ad14d2e25','SM-A325M-2c8b940ad14d2e25',1716408920561,1716408917557,1716408920490,'person',NULL,NULL,NULL,NULL,NULL,NULL,NULL,NULL,NULL,0,NULL,NULL,NULL,'unidentified',NULL,0.508242,0.423671,0.469531,0.576329,0.465174,0,0.525,0.379325,1716408917557,NULL,0.218073,0.00918059,0.0747862,-0.872067,0,'viotec'),('c74e5754-4988-4998-8c01-273e8f341521','SM-A325M-2c8b940ad14d2e25','SM-A325M-2c8b940ad14d2e25',1718113776595,1718113775514,1718113826303,'person','dcd12068-6897-44ee-a84b-bcbbe9231e57',1652197247101,'c336c185-d096-4b1b-8df9-2908812735bf',47,'male',0.100421,-0.828017,-0.531013,'Arroyave',0,'Redmi Note 8-2c49ea4f56b14c23',1.15159,NULL,'noconcern',NULL,0.349924,0.679752,0.330469,0.320248,0.409602,0.706517,0.323437,0.293483,1718113776459,0.0256579,0,0.217692,0.0366445,1,0,'viotec'),('c7d830f7-4835-49ef-b77f-1730141fa115','moto g72-2d8212ec4994f06a','moto g72-2d8212ec4994f06a',1714657916121,1714657913804,1714657916732,'person','e7dcb405-0adf-46b5-a009-f32af1cd0ae6',1659105569537,'e7dcb405-0adf-46b5-a009-f32af1cd0ae6',NULL,NULL,NULL,NULL,NULL,NULL,0,NULL,1.12841,2928,'noconcern',NULL,0.084673,0.289686,0.182813,0.248611,0.0101331,0.382818,0.196094,0.3,1714657914779,0.167262,0.50135,-0.130749,0.024269,-0.632346,0,'viotec'),('c82ec6db-ad74-44ad-bbdc-e7861f4a1fbe','SM-A325M-2c8b940ad14d2e25','SM-A325M-2c8b940ad14d2e25',1716408544185,1716408541115,NULL,'person',NULL,NULL,NULL,NULL,NULL,NULL,NULL,NULL,NULL,0,NULL,NULL,NULL,'unidentified',NULL,0.0820267,0,0.580469,0.487433,0.0820267,0,0.580469,0.487433,NULL,NULL,0.674107,-0.217446,0.0401184,0.401026,0,'viotec'),('ca36eccf-1dfe-4f62-b241-e3a09da245e8','SM-A325M-2c8b940ad14d2e25','SM-A325M-2c8b940ad14d2e25',1722895584554,1722895583832,1722895585041,'person','03cf3e05-9ae5-40be-a755-45bd14c93ff5',1644437507034,'b7ccd93e-b436-417d-bd82-3817b67974c0',33,'male',-0.166055,-0.255961,-0.211008,'Alejandro Muñoz',0,'SM-A325M-2c8b940ad14d2e25',0.987959,NULL,'threat',NULL,0.531761,0.107631,0.151563,0.163889,0.330094,0.0222931,0.451563,0.254167,1722895583832,0.298849,0.406173,-0.0831924,0.0533395,-0.698995,0,'viotec'),('cb922761-6acb-4986-8508-1f220a99f28d','SM-A325M-2c8b940ad14d2e25','SM-A325M-2c8b940ad14d2e25',1722895415387,1722895412326,1722895416189,'person',NULL,NULL,NULL,48,'male',0.0498092,-0.287426,-0.0604871,NULL,0,NULL,NULL,3090,'unidentified',NULL,0.460202,0.0927138,0.130469,0.170833,0.511757,0.0243736,0.164062,0.234722,1722895413894,0.0166863,0.807523,0.0875998,0.0641792,0.072298,0,'viotec'),('cba938a9-4f5d-4185-a265-910c21cb7703','moto g72-2d8212ec4994f06a','moto g72-2d8212ec4994f06a',1716555890551,1716555889160,1716555890658,'person','dcd12068-6897-44ee-a84b-bcbbe9231e57',1652197247101,'c336c185-d096-4b1b-8df9-2908812735bf',47,NULL,NULL,NULL,NULL,'Arroyave',0,'Redmi Note 8-2c49ea4f56b14c23',1.14251,998,'noconcern',NULL,0.561369,0.430576,0.246875,0.348611,0.351207,0,0.413281,0.474304,NULL,0.00461359,0.804155,0.00613085,0.0366552,-0.237396,0,'viotec'),('d19575d1-a514-47e7-8c88-dc2f7856956b','SM-A325M-2c8b940ad14d2e25','SM-A325M-2c8b940ad14d2e25',1716408745655,1716408745223,1716408752780,'person','52f634e2-58b2-4495-ad92-88c8f7c204d4',1714584911360,'52f634e2-58b2-4495-ad92-88c8f7c204d4',NULL,'male',NULL,NULL,NULL,'Anderson  Cuervo',0,NULL,1.2064,1889,'noconcern',NULL,0.411683,0.520751,0.341406,0.479249,0.474935,0.0970453,0.501562,0.573611,1716408746779,0.0167785,0.700755,0.0341935,0.0786173,-0.340913,0,'viotec'),('d2b9e28c-428a-4546-a717-f09dd4bed9c1','moto g72-2d8212ec4994f06a','moto g72-2d8212ec4994f06a',1716554789728,1716554788434,1716554788635,'person','52f634e2-58b2-4495-ad92-88c8f7c204d4',1714584911360,'52f634e2-58b2-4495-ad92-88c8f7c204d4',NULL,'male',NULL,NULL,NULL,'Anderson  Cuervo',0,NULL,0.992491,201,'threat',NULL,0.477192,0.548512,0.234375,0.326389,0.477192,0.548512,0.234375,0.326389,NULL,0.786807,0.718604,-0.143086,0.0821758,0.233247,0,'viotec'),('d3cfcca9-d2e2-4aa3-ab16-09f659889837','SM-A325M-2c8b940ad14d2e25','SM-A325M-2c8b940ad14d2e25',1718114261912,1718114249678,1718114867706,'person','dcd12068-6897-44ee-a84b-bcbbe9231e57',1652197247101,'c336c185-d096-4b1b-8df9-2908812735bf',48,'male',0.0418777,-0.977298,-0.588879,'Arroyave',1,'Redmi Note 8-2c49ea4f56b14c23',1.15683,6525,'noconcern',NULL,0.367226,0.561991,0.299219,0.425,0.411684,0.43674,0.29375,0.355556,1718114364542,0.0021947,0.79278,-0.220126,-0.023282,0.139595,0,'viotec'),('d454ea41-7963-4749-88ad-fde57bc27a14','moto g72-2d8212ec4994f06a','moto g72-2d8212ec4994f06a',1716555941715,1716555940002,1716555955826,'person','dcd12068-6897-44ee-a84b-bcbbe9231e57',1652197247101,'c336c185-d096-4b1b-8df9-2908812735bf',47,NULL,NULL,NULL,NULL,'Arroyave',0,'Redmi Note 8-2c49ea4f56b14c23',1.18228,12857,'noconcern',NULL,0.411377,0,0.383594,0.355749,0.487531,0,0.315625,0.261978,1716555946971,0.00140167,0,0.0542991,0.00668928,-1,0,'viotec'),('d582d2e2-f749-41a9-8928-75b4d6bbd04d','moto g72-2d8212ec4994f06a','moto g72-2d8212ec4994f06a',1714656080515,1714656078961,1714656080999,'person','52f634e2-58b2-4495-ad92-88c8f7c204d4',1714584911360,'52f634e2-58b2-4495-ad92-88c8f7c204d4',NULL,'male',NULL,NULL,NULL,'Anderson  Cuervo',0,NULL,1.07624,1358,'threat',NULL,0.46554,0.221343,0.305469,0.4375,0.606377,0.706299,0.221875,0.293701,NULL,0.0234779,0,0.267795,-0.0759647,1,0,'viotec'),('d8c47c87-05bd-4fd3-b15d-198b9ff5a36e','SM-A325M-2c8b940ad14d2e25','SM-A325M-2c8b940ad14d2e25',1716485657382,1716485655542,1716485657309,'person',NULL,NULL,NULL,NULL,NULL,NULL,NULL,NULL,NULL,0,NULL,NULL,NULL,'unidentified',NULL,0.332947,0.0140513,0.396875,0.319444,0.331465,0.0145017,0.425781,0.302778,1716485655989,NULL,0.106302,-0.00854351,0.0298372,-0.935303,0,'viotec'),('da5a4cc0-e62e-48aa-b079-46cfb11a6884','moto g72-2d8212ec4994f06a','moto g72-2d8212ec4994f06a',1721159386019,1721159381629,1721159384755,'person',NULL,NULL,NULL,NULL,NULL,NULL,NULL,NULL,NULL,0,NULL,NULL,625,'stranger',NULL,0.391136,0.715799,0.140625,0.165278,0.312732,0.065314,0.124219,0.179167,1721159382371,0.30222,0.386986,-0.0310277,0.0279716,0.746798,0,'viotec'),('dab4362b-8db8-488a-830c-f12ae69363a9','SM-A325M-2c8b940ad14d2e25','SM-A325M-2c8b940ad14d2e25',1718113551303,1718113548159,1718113552411,'person',NULL,NULL,NULL,NULL,NULL,NULL,NULL,NULL,NULL,0,NULL,NULL,NULL,'unidentified',NULL,0.417762,0.625206,0.278906,0.368056,0.31565,0.631899,0.354688,0.368101,NULL,NULL,0,0.214981,0.0401443,1,0,'viotec'),('db174a39-1f4a-4451-b699-9755101fb526','moto g72-2d8212ec4994f06a','moto g72-2d8212ec4994f06a',1716555877149,1716555875834,1716555884331,'person','dcd12068-6897-44ee-a84b-bcbbe9231e57',1652197247101,'c336c185-d096-4b1b-8df9-2908812735bf',47,NULL,NULL,NULL,NULL,'Arroyave',0,'Redmi Note 8-2c49ea4f56b14c23',1.12872,4855,'noconcern',NULL,0.71242,0.363137,0.221094,0.295833,0.583343,0.400446,0.228906,0.333333,1716555875834,0.0101716,0.784242,-0.075403,0.0501121,-0.23142,0,'viotec'),('db3c3e06-695f-4a3d-90a7-560a4db9a3c0','SM-A325M-2c8b940ad14d2e25','SM-A325M-2c8b940ad14d2e25',1718398450907,1718398448336,1718398453544,'person','51ccaedc-fa70-4f88-a8a9-7b4db99bbdf2',1715100556185,'51ccaedc-fa70-4f88-a8a9-7b4db99bbdf2',36,'male',-0.0191812,-0.154477,-0.0868293,'Javier Ruiz',0,'SM-A325M-2c8b940ad14d2e25',1.15246,NULL,'noconcern',NULL,0.409446,0.532474,0.264063,0.391667,0.376711,0.364977,0.264062,0.358333,1718398450342,0.0129512,0.489354,-0.0180056,0.228137,-0.106893,0,'viotec'),('db9e93b7-b155-4283-b34f-8d2bc2276d4e','moto g72-2d8212ec4994f06a','moto g72-2d8212ec4994f06a',1714584932787,1714584931044,1714584932403,'person','52f634e2-58b2-4495-ad92-88c8f7c204d4',1714584911360,'52f634e2-58b2-4495-ad92-88c8f7c204d4',NULL,'male',NULL,NULL,NULL,'Anderson  Cuervo',0,NULL,1.09979,1359,'threat',NULL,0.478447,0.00334748,0.417969,0.580556,0.472548,0.506467,0.372656,0.493533,1714584931044,0.556334,0.764323,-0.173448,-0.0237274,0.312876,0,'viotec'),('e1d47cff-1ef7-40ce-94c4-5ff6b0c519d0','SM-A325M-2c8b940ad14d2e25','SM-A325M-2c8b940ad14d2e25',1716409141299,1716409133518,1716409141560,'person','c336c185-d096-4b1b-8df9-2908812735bf',1652197247101,'c336c185-d096-4b1b-8df9-2908812735bf',47,'male',-0.440934,-0.440934,-0.440934,'Arroyave',0,'Redmi Note 8-2c49ea4f56b14c23',1.06387,8042,'noconcern',NULL,0.805428,0.741467,0.141406,0.195833,0.801472,0.891866,0.165625,0.108134,NULL,0.585714,0.702969,-0.0642044,0.0630814,0.373546,0,'viotec'),('e23670b8-f81b-4d8b-a254-b04ad4ea04cc','SM-A325M-2c8b940ad14d2e25','SM-A325M-2c8b940ad14d2e25',1722895439435,1722895439112,1722895450951,'person','03cf3e05-9ae5-40be-a755-45bd14c93ff5',1644437507034,'03cf3e05-9ae5-40be-a755-45bd14c93ff5',39,'male',0.51108,-0.26542,-0.0500234,'Alejandro Muñoz',0,'SM-A325M-2c8b940ad14d2e25',1.09079,8287,'threat',NULL,0.402414,0.186403,0.372656,0.484722,0.776384,0.446707,0.223616,0.4125,1722895440310,0.0158817,0.724649,-0.131922,-0.0156883,-0.404291,0,'viotec'),('e60164e6-0c34-483d-8ab7-23227830d93d','SM-A325M-2c8b940ad14d2e25','SM-A325M-2c8b940ad14d2e25',1716408804874,1716408804487,1716408816186,'person','dcd12068-6897-44ee-a84b-bcbbe9231e57',1652197247101,'c336c185-d096-4b1b-8df9-2908812735bf',47,NULL,NULL,NULL,NULL,'Arroyave',0,'Redmi Note 8-2c49ea4f56b14c23',1.07944,1299,'noconcern',NULL,0.315028,0.363309,0.1375,0.180556,0.83769,0.421639,0.05625,0.075,1716408804487,0.340033,0.514871,-0.511907,0.031382,-0.080822,0,'viotec'),('e6e474e2-f081-4355-a319-2872f7c3b51d','SM-A325M-2c8b940ad14d2e25','SM-A325M-2c8b940ad14d2e25',1718111893687,1718111892366,1718111902389,'person','dcd12068-6897-44ee-a84b-bcbbe9231e57',1652197247101,'c336c185-d096-4b1b-8df9-2908812735bf',47,'male',0.0291606,-0.710483,-0.271105,'Arroyave',0,'Redmi Note 8-2c49ea4f56b14c23',1.16967,7795,'noconcern',NULL,0.366943,0.228297,0.399219,0.495833,0.373519,0.291406,0.399219,0.491667,1718111893158,0.00237052,0.736703,-0.270887,-0.0291463,0.120408,0,'viotec'),('e8a7dd40-4257-4121-8099-9e475dd66f03','moto g72-2d8212ec4994f06a','moto g72-2d8212ec4994f06a',1716555851926,1716555850580,1716555860466,'person','52f634e2-58b2-4495-ad92-88c8f7c204d4',1714584911360,'52f634e2-58b2-4495-ad92-88c8f7c204d4',NULL,'male',NULL,NULL,NULL,'Anderson  Cuervo',0,NULL,1.11957,7908,'threat',NULL,0.425134,0,0.305469,0.301959,0.580283,0.456926,0.30625,0.459722,1716555851996,0.00578843,0.522874,-0.0321964,0.209514,-0.479206,0,'viotec'),('e8c9e391-f54f-4894-95fb-b3e8968cfff3','SM-A325M-2c8b940ad14d2e25','SM-A325M-2c8b940ad14d2e25',1722895468331,1722895465286,1722895477879,'person',NULL,NULL,NULL,35,'male',0.80654,0.112426,0.462138,NULL,0,NULL,NULL,763,'unidentified',NULL,0,0,0.80896,0.98817,0.364462,0.0204877,0.389063,0.438889,1722895466313,0.00941851,0,0.821216,0.657145,-1,0,'viotec'),('e8f4042c-31fb-4a24-8391-f5cbb816fd13','SM-A325M-2c8b940ad14d2e25','SM-A325M-2c8b940ad14d2e25',1714741820860,1714741812203,1714741835474,'person','dcd12068-6897-44ee-a84b-bcbbe9231e57',1652197247101,'c336c185-d096-4b1b-8df9-2908812735bf',47,NULL,NULL,NULL,NULL,'Arroyave',0,'Redmi Note 8-2c49ea4f56b14c23',1.16685,11635,'noconcern',NULL,0.257897,0,0.403125,0.404955,0.275029,0.0192407,0.273437,0.369444,1714741830379,0.00376905,0.362881,0.674901,0.079217,-0.252622,0,'viotec'),('e92a8669-5924-47dc-8bc7-fec6125b8f87','moto g72-2d8212ec4994f06a','moto g72-2d8212ec4994f06a',1716555994305,1716555992371,1716555995656,'person','dcd12068-6897-44ee-a84b-bcbbe9231e57',1652197247101,'c336c185-d096-4b1b-8df9-2908812735bf',47,NULL,NULL,NULL,NULL,'Arroyave',0,'Redmi Note 8-2c49ea4f56b14c23',1.09708,1460,'noconcern',NULL,0.602112,0.00166957,0.269531,0.298611,0.647487,0,0.310937,0.342615,1716555992537,0.120038,0,-0.0442165,0.0666765,-1,0,'viotec'),('e9c912d6-a1c9-4230-a9d3-46fac5d2b6a9','moto g72-2d8212ec4994f06a','moto g72-2d8212ec4994f06a',1716555870340,1716555868935,1716555869405,'person','52f634e2-58b2-4495-ad92-88c8f7c204d4',1714584911360,'52f634e2-58b2-4495-ad92-88c8f7c204d4',NULL,'male',NULL,NULL,NULL,'Anderson  Cuervo',0,NULL,0.973617,NULL,'threat',NULL,0.492548,0.00843869,0.241406,0.308333,0.431866,0.165127,0.228125,0.340278,1716555868935,0.366286,0.686605,0.37581,-0.09176,-0.111187,0,'viotec'),('eb96f691-f544-4115-9f46-1e7b93258ee5','SM-A325M-2c8b940ad14d2e25','SM-A325M-2c8b940ad14d2e25',1715100753282,1715100752292,1715100754500,'person','dcd12068-6897-44ee-a84b-bcbbe9231e57',1652197247101,'c336c185-d096-4b1b-8df9-2908812735bf',47,NULL,NULL,NULL,NULL,'Arroyave',0,'Redmi Note 8-2c49ea4f56b14c23',1.08665,NULL,'noconcern',NULL,0.631155,0.0168517,0.342969,0.4125,0.543499,0,0.192188,0.194212,NULL,0.0022627,0,0.724058,0.032898,-1,0,'viotec'),('edbf82c9-0131-4e16-b5b7-ca64280ee177','SM-A325M-2c8b940ad14d2e25','SM-A325M-2c8b940ad14d2e25',1716408463606,1716408459565,1716408465411,'person','dcd12068-6897-44ee-a84b-bcbbe9231e57',1652197247101,'c336c185-d096-4b1b-8df9-2908812735bf',47,NULL,NULL,NULL,NULL,'Arroyave',0,'Redmi Note 8-2c49ea4f56b14c23',1.07244,NULL,'noconcern',NULL,0.340882,0.270136,0.385156,0.515278,0.419216,0,0.49375,0.492707,1716408461488,0.0172275,0.516781,0.463802,0.0266709,-0.257973,0,'viotec'),('f33aba8b-eb17-4510-9cd7-28624676851c','SM-A325M-2c8b940ad14d2e25','SM-A325M-2c8b940ad14d2e25',1716409186880,1716409183810,1716409187497,'person',NULL,NULL,NULL,NULL,NULL,NULL,NULL,NULL,NULL,0,NULL,NULL,NULL,'unidentified',NULL,0.139454,0.562691,0.0625,0.0861111,0.000513379,0.671478,0.0523437,0.0944445,1716409184599,NULL,0.660708,-0.385389,0.0248808,0.0581355,0,'viotec'),('f33e31b0-03bd-47c9-af2e-b230bf2d4d6c','SM-A325M-2c8b940ad14d2e25','SM-A325M-2c8b940ad14d2e25',1715805483372,1715805480304,1715805504350,'person','dcd12068-6897-44ee-a84b-bcbbe9231e57',1652197247101,'c336c185-d096-4b1b-8df9-2908812735bf',47,NULL,NULL,NULL,NULL,'Arroyave',0,'Redmi Note 8-2c49ea4f56b14c23',1.135,6011,'noconcern',NULL,0.463187,0.120447,0.375781,0.493056,0.399191,0.103032,0.380469,0.486111,NULL,0.0156243,0.640256,0.430819,0.0237508,-0.182705,0,'viotec'),('f3aade1e-ea02-4cbe-b984-3f75f3975e76','SM-A325M-2c8b940ad14d2e25','SM-A325M-2c8b940ad14d2e25',1716408513797,1716408510725,NULL,'person',NULL,NULL,NULL,NULL,NULL,NULL,NULL,NULL,NULL,0,NULL,NULL,NULL,'unidentified',NULL,0.313904,0,0.528125,0.443745,0.313904,0,0.528125,0.443745,NULL,NULL,0.517571,-0.149256,-0.0608245,-0.566533,0,'viotec'),('f5a38e5c-2e4f-4cee-bdb6-01d997dc0cbd','moto g72-2d8212ec4994f06a','moto g72-2d8212ec4994f06a',1721159376434,1721159373728,1721159378620,'person','da28301c-0256-4577-9d49-9e8ae8f7996b',1718111969555,'da28301c-0256-4577-9d49-9e8ae8f7996b',NULL,NULL,NULL,NULL,NULL,'John Cuervo',0,'SM-A325M-2c8b940ad14d2e25',1.20794,3494,'threat',NULL,0.716161,0.427374,0.227344,0.305556,0.632146,0.593893,0.347656,0.406107,1721159374347,0.216776,0.729932,-0.0876459,-0.0740775,0.282559,0,'viotec'),('f664e124-6ea2-4548-9334-8a3479b88f59','SM-A325M-2c8b940ad14d2e25','SM-A325M-2c8b940ad14d2e25',1718114014127,1718114011362,1718114013987,'person',NULL,NULL,NULL,57,'male',0.0270117,0.0270117,0.0270117,NULL,0,NULL,NULL,NULL,'unidentified',NULL,0.439141,0.737045,0.274219,0.262955,0.438327,0.725017,0.260156,0.274983,1718114011472,0.999833,0,0.517847,-0.084486,1,0,'viotec'),('f7f8e2b9-a2ed-4b71-a99c-818e00752757','SM-A325M-2c8b940ad14d2e25','SM-A325M-2c8b940ad14d2e25',1716408884218,1716408882691,NULL,'person','0eaf17ef-6fad-47bb-948c-1fc5cc29386f',1716408866580,'0eaf17ef-6fad-47bb-948c-1fc5cc29386f',NULL,NULL,NULL,NULL,NULL,'Nicolas R',0,'SM-A325M-2c8b940ad14d2e25',1.25774,3295,'noconcern',NULL,0.196669,0.225566,0.116406,0.158333,0.382712,0.275012,0.189844,0.270833,1716408882691,0.947895,0.841868,-0.168948,-0.0146665,-0.0905135,0,'viotec'),('f92b3124-9fcd-4be2-a6a2-36bf4b2e22c3','moto g72-2d8212ec4994f06a','moto g72-2d8212ec4994f06a',1716555940215,1716555938671,1716555939700,'person','dcd12068-6897-44ee-a84b-bcbbe9231e57',1652197247101,'c336c185-d096-4b1b-8df9-2908812735bf',47,NULL,NULL,NULL,NULL,'Arroyave',0,'Redmi Note 8-2c49ea4f56b14c23',1.13231,343,'noconcern',NULL,0.465282,0,0.392969,0.465473,0.42911,0,0.397656,0.373545,1716555938671,0.00648309,0.711409,-0.0175577,0.0618653,-0.36748,0,'viotec'),('f9934700-5d12-4ed6-87b9-634c052113bd','SM-A325M-2c8b940ad14d2e25','SM-A325M-2c8b940ad14d2e25',1716408687364,1716408684292,1716408697834,'person','dcd12068-6897-44ee-a84b-bcbbe9231e57',1652197247101,'c336c185-d096-4b1b-8df9-2908812735bf',47,NULL,NULL,NULL,NULL,'Arroyave',0,'Redmi Note 8-2c49ea4f56b14c23',1.0566,1504,'noconcern',NULL,0.261658,0,0.663281,0.573486,0.141549,0,0.590625,0.544132,1716408684988,0.937156,0.454928,-0.368756,0.0331561,-0.549053,0,'viotec'),('fb6c9ac4-6b8e-416d-881a-6543bac7cb50','SM-A325M-2c8b940ad14d2e25','SM-A325M-2c8b940ad14d2e25',1716408482993,1716408479920,NULL,'person','dcd12068-6897-44ee-a84b-bcbbe9231e57',1652197247101,'c336c185-d096-4b1b-8df9-2908812735bf',47,NULL,NULL,NULL,NULL,'Arroyave',0,'Redmi Note 8-2c49ea4f56b14c23',1.16154,0,'noconcern',NULL,0.432041,0,0.567959,0.627109,0.148539,0.109278,0.673437,0.783333,1716408480625,0.012695,0,-0.397162,0.0677315,-1,0,'viotec'),('fc46ceec-6a8e-4b4e-88d6-48fe526551b7','moto g72-2d8212ec4994f06a','moto g72-2d8212ec4994f06a',1714584885976,1714584881907,1714584890304,'person',NULL,NULL,NULL,NULL,NULL,NULL,NULL,NULL,NULL,0,NULL,NULL,7930,'stranger',NULL,0.402476,0.718622,0.346875,0.281378,0.510543,0.537329,0.377344,0.462671,1714584882543,0.992681,0.724238,0.0283655,-0.0432319,0.377873,0,'viotec'),('fea7a8d2-36df-47f0-ab8e-09e20efc09bc','SM-A325M-2c8b940ad14d2e25','SM-A325M-2c8b940ad14d2e25',1716409052693,1716409051600,NULL,'person','c336c185-d096-4b1b-8df9-2908812735bf',1652197247101,'c336c185-d096-4b1b-8df9-2908812735bf',47,'male',0.274795,-0.00899624,0.180198,'Arroyave',0,'Redmi Note 8-2c49ea4f56b14c23',1.1969,3618,'noconcern',NULL,0.386791,0.136343,0.495313,0.606944,0.27761,0.16657,0.479687,0.598611,NULL,0.00194434,0.733118,0.346563,0.00893614,0.0696124,0,'viotec'),('ff944c70-f8b4-42dc-97c6-7259245778b9','moto g72-2d8212ec4994f06a','moto g72-2d8212ec4994f06a',1714584894989,1714584890913,1714584905549,'person',NULL,NULL,NULL,NULL,NULL,NULL,NULL,NULL,NULL,0,NULL,NULL,14636,'stranger',NULL,0.457772,0.563371,0.378125,0.436629,0.507481,0.287277,0.365625,0.55,1714584892668,0.821608,0.743585,-0.104604,-0.0913815,-0.0909867,0,'viotec');

--
